{"id":6951,"date":"2022-10-22T17:38:36","date_gmt":"2022-10-22T20:38:36","guid":{"rendered":"https:\/\/divulga.unila.edu.br\/uplay\/?page_id=6951"},"modified":"2026-04-06T11:21:08","modified_gmt":"2026-04-06T14:21:08","slug":"equipe","status":"publish","type":"page","link":"https:\/\/divulga.unila.edu.br\/uplay\/equipe\/","title":{"rendered":"Equipe"},"content":{"rendered":"\t\t<div data-elementor-type=\"wp-page\" data-elementor-id=\"6951\" class=\"elementor elementor-6951\">\n\t\t\t\t\t\t<section class=\"has_eae_slider elementor-section elementor-top-section elementor-element elementor-element-eeb60e4 elementor-section-boxed elementor-section-height-default elementor-section-height-default wpr-particle-no wpr-jarallax-no wpr-parallax-no wpr-sticky-section-no wpr-equal-height-no\" data-eae-slider=\"91428\" data-id=\"eeb60e4\" data-element_type=\"section\" data-e-type=\"section\">\n\t\t\t\t\t\t<div class=\"elementor-container elementor-column-gap-default\">\n\t\t\t\t\t<div class=\"has_eae_slider elementor-column elementor-col-100 elementor-top-column elementor-element elementor-element-918f6f9\" data-eae-slider=\"83375\" data-id=\"918f6f9\" data-element_type=\"column\" data-e-type=\"column\">\n\t\t\t<div class=\"elementor-widget-wrap elementor-element-populated\">\n\t\t\t\t\t\t<div class=\"elementor-element elementor-element-42db83d elementor-widget elementor-widget-heading\" data-id=\"42db83d\" data-element_type=\"widget\" data-e-type=\"widget\" data-widget_type=\"heading.default\">\n\t\t\t\t<div class=\"elementor-widget-container\">\n\t\t\t\t\t<h2 class=\"elementor-heading-title elementor-size-default\">Equipe<\/h2>\t\t\t\t<\/div>\n\t\t\t\t<\/div>\n\t\t\t\t\t<\/div>\n\t\t<\/div>\n\t\t\t\t\t<\/div>\n\t\t<\/section>\n\t\t\t\t<section class=\"has_eae_slider elementor-section elementor-top-section elementor-element elementor-element-a0f75ca elementor-section-boxed elementor-section-height-default elementor-section-height-default wpr-particle-no wpr-jarallax-no wpr-parallax-no wpr-sticky-section-no wpr-equal-height-no\" data-eae-slider=\"2336\" data-id=\"a0f75ca\" data-element_type=\"section\" data-e-type=\"section\">\n\t\t\t\t\t\t<div class=\"elementor-container elementor-column-gap-default\">\n\t\t\t\t\t<div class=\"has_eae_slider elementor-column elementor-col-100 elementor-top-column elementor-element elementor-element-8e4914c\" data-eae-slider=\"64601\" data-id=\"8e4914c\" data-element_type=\"column\" data-e-type=\"column\">\n\t\t\t<div class=\"elementor-widget-wrap elementor-element-populated\">\n\t\t\t\t\t\t<div class=\"elementor-element elementor-element-42e9ada elementor-widget elementor-widget-text-editor\" data-id=\"42e9ada\" data-element_type=\"widget\" data-e-type=\"widget\" data-widget_type=\"text-editor.default\">\n\t\t\t\t<div class=\"elementor-widget-container\">\n\t\t\t\t\t\t\t\t\t<p>Queremos apresentar nossa pequena equipe que mant\u00e9m este site e s\u00e3o parte deste projeto de extens\u00e3o<\/p>\t\t\t\t\t\t\t\t<\/div>\n\t\t\t\t<\/div>\n\t\t\t\t\t<\/div>\n\t\t<\/div>\n\t\t\t\t\t<\/div>\n\t\t<\/section>\n\t\t\t\t<section class=\"has_eae_slider elementor-section elementor-top-section elementor-element elementor-element-78dc1ad elementor-section-boxed elementor-section-height-default elementor-section-height-default wpr-particle-no wpr-jarallax-no wpr-parallax-no wpr-sticky-section-no wpr-equal-height-no\" data-eae-slider=\"34973\" data-id=\"78dc1ad\" data-element_type=\"section\" data-e-type=\"section\">\n\t\t\t\t\t\t<div class=\"elementor-container elementor-column-gap-default\">\n\t\t\t\t\t<div class=\"has_eae_slider elementor-column elementor-col-100 elementor-top-column elementor-element elementor-element-7518749\" data-eae-slider=\"9539\" data-id=\"7518749\" data-element_type=\"column\" data-e-type=\"column\">\n\t\t\t<div class=\"elementor-widget-wrap elementor-element-populated\">\n\t\t\t\t\t\t<div class=\"elementor-element elementor-element-7371021 stratum-advanced-accordion-icons-position-right elementor-widget elementor-widget-stratum-advanced-accordion\" data-id=\"7371021\" data-element_type=\"widget\" data-e-type=\"widget\" data-widget_type=\"stratum-advanced-accordion.default\">\n\t\t\t\t<div class=\"elementor-widget-container\">\n\t\t\t\t\t<div class=\"stratum-advanced-accordion\" data-accordion-options=\"{&quot;accordion_type&quot;:&quot;accordion&quot;,&quot;accordion_collapsible&quot;:true,&quot;accordion_interactivity&quot;:&quot;click&quot;,&quot;equal_height&quot;:false}\">\n\t<div class=\"stratum-advanced-accordion__wrapper\">\n\t\t\t\t\t<div class=\"stratum-advanced-accordion__item elementor-repeater-item-4d3d6f4\">\n\t\t\t\t<div class=\"stratum-advanced-accordion__item-header\">\n\t\t\t\t\t<div class=\"stratum-advanced-accordion__title\">\n\t\t\t\t\t\tVirg\u00ednia Flores\t\t\t\t\t<\/div>\n\t\t\t\t\t<div class=\"stratum-advanced-accordion__expand-icon\">\n\t\t\t\t\t\t\t\t\t\t\t\t\t<span class=\"normal\"><i aria-hidden=\"true\" class=\"fas fa-chevron-right\"><\/i><\/span>\n\t\t\t\t\t\t\t\t\t\t\t\t\t<span class=\"active\"><i aria-hidden=\"true\" class=\"fas fa-chevron-down\"><\/i><\/span>\n\t\t\t\t\t\t\t\t\t\t\t<\/div>\n\t\t\t\t<\/div>\n\n\t\t\t\t<div class=\"stratum-advanced-accordion__item-content\">\n\t\t\t\t\t<div class=\"stratum-advanced-accordion__item-wrapper\">\n\t\t\t\t\t\t<div class=\"stratum-advanced-accordion__item-content-overlay\"><\/div>\n\t\t\t\t\t\t<div class=\"stratum-advanced-accordion__text\">\n\t\t\t\t\t\t\t<p>Professora e pesquisadora no Curso de Cinema e Audiovisual da Universidade Federal da Integra\u00e7\u00e3o Latino Americana - UNILA. Graduada em Desenho Industrial pela Pontif\u00edcia Universidade Cat\u00f3lica do Rio de Janeiro (1999), mestrado em M\u00fasica pela Universidade Federal do Rio de Janeiro (2006), com trabalho sobre a utiliza\u00e7\u00e3o do som no cinema, e Doutorado em Multimeios pela Unicamp (2013) sobre o som fora do quadro imag\u00e9tico a partir do cinema moderno. Orientadora do projeto U-play. Forneceu os materiais textuais e audiovisuais publicados no site, contribuiu na elabora\u00e7\u00e3o da estrutura de metadados do acervo, al\u00e9m de ser respons\u00e1vel pela toda organiza\u00e7\u00e3o do processo de trabalho.<\/p><p><a href=\"http:\/\/lattes.cnpq.br\/6834864103170036\" target=\"_blank\" rel=\"noopener\">VER LATTES<\/a><\/p>\t\t\t\t\t\t<\/div>\n\t\t\t\t\t<\/div>\n\t\t\t\t<\/div>\n\t\t\t<\/div>\n\t\t\t\t\t<div class=\"stratum-advanced-accordion__item elementor-repeater-item-a382553\">\n\t\t\t\t<div class=\"stratum-advanced-accordion__item-header\">\n\t\t\t\t\t<div class=\"stratum-advanced-accordion__title\">\n\t\t\t\t\t\tJo\u00e3o Pugin\t\t\t\t\t<\/div>\n\t\t\t\t\t<div class=\"stratum-advanced-accordion__expand-icon\">\n\t\t\t\t\t\t\t\t\t\t\t\t\t<span class=\"normal\"><i aria-hidden=\"true\" class=\"fas fa-chevron-right\"><\/i><\/span>\n\t\t\t\t\t\t\t\t\t\t\t\t\t<span class=\"active\"><i aria-hidden=\"true\" class=\"fas fa-chevron-down\"><\/i><\/span>\n\t\t\t\t\t\t\t\t\t\t\t<\/div>\n\t\t\t\t<\/div>\n\n\t\t\t\t<div class=\"stratum-advanced-accordion__item-content\">\n\t\t\t\t\t<div class=\"stratum-advanced-accordion__item-wrapper\">\n\t\t\t\t\t\t<div class=\"stratum-advanced-accordion__item-content-overlay\"><\/div>\n\t\t\t\t\t\t<div class=\"stratum-advanced-accordion__text\">\n\t\t\t\t\t\t\t<p>Discente da turma de 2012. Graduado em Cinema e Audiovisual pela UNILA, autor da ideia do projeto U-play.<\/p>\t\t\t\t\t\t<\/div>\n\t\t\t\t\t<\/div>\n\t\t\t\t<\/div>\n\t\t\t<\/div>\n\t\t\t\t\t<div class=\"stratum-advanced-accordion__item elementor-repeater-item-6724aca\">\n\t\t\t\t<div class=\"stratum-advanced-accordion__item-header\">\n\t\t\t\t\t<div class=\"stratum-advanced-accordion__title\">\n\t\t\t\t\t\tEquipe Atual\t\t\t\t\t<\/div>\n\t\t\t\t\t<div class=\"stratum-advanced-accordion__expand-icon\">\n\t\t\t\t\t\t\t\t\t\t\t\t\t<span class=\"normal\"><i aria-hidden=\"true\" class=\"fas fa-chevron-right\"><\/i><\/span>\n\t\t\t\t\t\t\t\t\t\t\t\t\t<span class=\"active\"><i aria-hidden=\"true\" class=\"fas fa-chevron-down\"><\/i><\/span>\n\t\t\t\t\t\t\t\t\t\t\t<\/div>\n\t\t\t\t<\/div>\n\n\t\t\t\t<div class=\"stratum-advanced-accordion__item-content\">\n\t\t\t\t\t<div class=\"stratum-advanced-accordion__item-wrapper\">\n\t\t\t\t\t\t<div class=\"stratum-advanced-accordion__item-content-overlay\"><\/div>\n\t\t\t\t\t\t<div class=\"stratum-advanced-accordion__text\">\n\t\t\t\t\t\t\t<p>Ana Carolina Cestari - Discente da turma de 2024, bolsista do protejo U-play. Realiza o upload das obras ao catalogo, mant\u00e9m a integridade dos materiais de preserva\u00e7\u00e3o do acervo e organiza as mostras.<\/p><p>Felipe Morelli - Discente da turma de 2024 volunt\u00e1rio do projeto U-play, respons\u00e1vel pela coleta dos materiais do acervo.<\/p><p>Nicole Kesley - Discente da turma de 2025 volunt\u00e1rio do projeto U-play, respons\u00e1vel por ajudar a organizar as mostras.<\/p><p>Yohan Rossi - Discente da turma de 2025 volunt\u00e1rio do projeto U-play, respons\u00e1vel pelas redes sociais e desenhar as zines<\/p>\t\t\t\t\t\t<\/div>\n\t\t\t\t\t<\/div>\n\t\t\t\t<\/div>\n\t\t\t<\/div>\n\t\t\t\t\t<div class=\"stratum-advanced-accordion__item elementor-repeater-item-50cc2f0\">\n\t\t\t\t<div class=\"stratum-advanced-accordion__item-header\">\n\t\t\t\t\t<div class=\"stratum-advanced-accordion__title\">\n\t\t\t\t\t\tEquipe Anterior\t\t\t\t\t<\/div>\n\t\t\t\t\t<div class=\"stratum-advanced-accordion__expand-icon\">\n\t\t\t\t\t\t\t\t\t\t\t\t\t<span class=\"normal\"><i aria-hidden=\"true\" class=\"fas fa-chevron-right\"><\/i><\/span>\n\t\t\t\t\t\t\t\t\t\t\t\t\t<span class=\"active\"><i aria-hidden=\"true\" class=\"fas fa-chevron-down\"><\/i><\/span>\n\t\t\t\t\t\t\t\t\t\t\t<\/div>\n\t\t\t\t<\/div>\n\n\t\t\t\t<div class=\"stratum-advanced-accordion__item-content\">\n\t\t\t\t\t<div class=\"stratum-advanced-accordion__item-wrapper\">\n\t\t\t\t\t\t<div class=\"stratum-advanced-accordion__item-content-overlay\"><\/div>\n\t\t\t\t\t\t<div class=\"stratum-advanced-accordion__text\">\n\t\t\t\t\t\t\t<p>Iurii Kokin - Discente da turma de 2019. Bolsista do projeto U-play. Criador do site U-play. Desenvolveu UX\/UI Design, as artes e a estrutura do site. Formado em 2022<\/p><p>Bruna Tasato - Discente da turma de 2021. Ex-Bolsista do projeto U-play.Foi quem subiu os filmes na plataforma durante o ano de 2024.<\/p><p>Luana Rossi - Discente da turma de 2022, bolsista do projeto U-play. Foi quem subiu os filmes na plataforma durante o ano de 2025 e organizou mostras. Formada em 2026<\/p><p>Danilo Cancio - Discente da turma de 2022, volunt\u00e1rio do projeto U-play. Formado em 2026<\/p><p>Luisa Lubie - Discente da turma de 2022, volunt\u00e1ria do projeto U-play e do laborat\u00f3rio de preserva\u00e7\u00e3o de imagem e som Labcapis. Formada em 2026<\/p><p>\u00a0<\/p><p>\u00a0<\/p>\t\t\t\t\t\t<\/div>\n\t\t\t\t\t<\/div>\n\t\t\t\t<\/div>\n\t\t\t<\/div>\n\t\t\t<\/div>\n<\/div>\n\t\t\t\t<\/div>\n\t\t\t\t<\/div>\n\t\t\t\t\t<\/div>\n\t\t<\/div>\n\t\t\t\t\t<\/div>\n\t\t<\/section>\n\t\t\t\t<\/div>\n\t\t","protected":false},"excerpt":{"rendered":"<p>Equipe Queremos apresentar nossa pequena equipe que mant\u00e9m este site e s\u00e3o parte deste projeto de extens\u00e3o<\/p>\n","protected":false},"author":11,"featured_media":0,"parent":0,"menu_order":0,"comment_status":"closed","ping_status":"closed","template":"","meta":{"_uag_custom_page_level_css":"","_themeisle_gutenberg_block_has_review":false,"footnotes":""},"class_list":["post-6951","page","type-page","status-publish","hentry"],"blocksy_meta":{"styles_descriptor":{"styles":{"desktop":"","tablet":"","mobile":""},"google_fonts":[],"version":6}},"uagb_featured_image_src":{"full":false,"thumbnail":false,"medium":false,"medium_large":false,"large":false,"1536x1536":false,"2048x2048":false,"htmega_size_585x295":false,"htmega_size_1170x536":false,"htmega_size_396x360":false,"tainacan-small":false,"tainacan-medium":false,"tainacan-medium-full":false,"tainacan-large-full":false},"uagb_author_info":{"display_name":"ia.kokin.2019","author_link":"https:\/\/divulga.unila.edu.br\/uplay\/author\/iurii\/"},"uagb_comment_info":0,"uagb_excerpt":"Equipe Queremos apresentar nossa pequena equipe que mant\u00e9m este site e s\u00e3o parte deste projeto de extens\u00e3o","_links":{"self":[{"href":"https:\/\/divulga.unila.edu.br\/uplay\/wp-json\/wp\/v2\/pages\/6951","targetHints":{"allow":["GET"]}}],"collection":[{"href":"https:\/\/divulga.unila.edu.br\/uplay\/wp-json\/wp\/v2\/pages"}],"about":[{"href":"https:\/\/divulga.unila.edu.br\/uplay\/wp-json\/wp\/v2\/types\/page"}],"author":[{"embeddable":true,"href":"https:\/\/divulga.unila.edu.br\/uplay\/wp-json\/wp\/v2\/users\/11"}],"replies":[{"embeddable":true,"href":"https:\/\/divulga.unila.edu.br\/uplay\/wp-json\/wp\/v2\/comments?post=6951"}],"version-history":[{"count":107,"href":"https:\/\/divulga.unila.edu.br\/uplay\/wp-json\/wp\/v2\/pages\/6951\/revisions"}],"predecessor-version":[{"id":26440,"href":"https:\/\/divulga.unila.edu.br\/uplay\/wp-json\/wp\/v2\/pages\/6951\/revisions\/26440"}],"wp:attachment":[{"href":"https:\/\/divulga.unila.edu.br\/uplay\/wp-json\/wp\/v2\/media?parent=6951"}],"curies":[{"name":"wp","href":"https:\/\/api.w.org\/{rel}","templated":true}]}}