{"id":1585,"date":"2022-08-25T13:39:38","date_gmt":"2022-08-25T16:39:38","guid":{"rendered":"https:\/\/divulga.unila.edu.br\/uplay\/?page_id=1585"},"modified":"2024-02-16T11:29:14","modified_gmt":"2024-02-16T14:29:14","slug":"eventos","status":"publish","type":"page","link":"https:\/\/divulga.unila.edu.br\/uplay\/eventos\/","title":{"rendered":"Eventos"},"content":{"rendered":"\n<h2 class=\"wp-block-heading has-text-align-center titulo-evento has-palette-color-2-color has-text-color\" style=\"text-transform:uppercase\">EVENTOS<\/h2>\n\n\n\n<div class=\"wp-block-columns alignwide are-vertically-aligned-center is-layout-flex wp-container-core-columns-is-layout-28f84493 wp-block-columns-is-layout-flex\">\n<div class=\"wp-block-column is-vertically-aligned-center is-layout-flow wp-block-column-is-layout-flow\" style=\"flex-basis:33.34%\"><\/div>\n\n\n\n<div class=\"wp-block-column is-layout-flow wp-block-column-is-layout-flow\" style=\"flex-basis:80%\">\n<p class=\"has-text-align-center has-palette-color-3-color has-text-color\">O Curso de Cinema e Audiovisual realiza eventos importantes para a comunidade audiovisual. O principal deles \u00e9 a SECCA, Semana de Exibi\u00e7\u00e3o do Curso De Cinema e Audiovisual, al\u00e9m de outros eventos.<\/p>\n<\/div>\n\n\n\n<div class=\"wp-block-column is-layout-flow wp-block-column-is-layout-flow\" style=\"flex-basis:33.33%\"><\/div>\n<\/div>\n\n\n\n<div class=\"wp-block-group alignfull has-palette-color-5-background-color has-text-color has-background is-layout-flow wp-block-group-is-layout-flow\" style=\"color:#ffffff;padding-top:100px;padding-right:100px;padding-bottom:100px;padding-left:100px\">\n<div class=\"wp-block-query alignwide eventos_pg is-layout-flow wp-block-query-is-layout-flow\"><ul class=\"wp-block-post-template is-layout-flow wp-block-post-template-is-layout-flow\"><li class=\"wp-block-post post-3876 post type-post status-publish format-standard has-post-thumbnail hentry category-sem-categoria\">\n\n<hr class=\"wp-block-separator has-text-color has-palette-color-1-color has-alpha-channel-opacity has-palette-color-1-background-color has-background alignwide is-style-wide\" \/>\n\n\n\n<div class=\"wp-block-columns alignwide are-vertically-aligned-center is-layout-flex wp-container-core-columns-is-layout-28f84493 wp-block-columns-is-layout-flex\">\n<div class=\"wp-block-column is-vertically-aligned-center is-layout-flow wp-block-column-is-layout-flow\" style=\"flex-basis:100%\"><h2 style=\"font-size:clamp(38.682px, 2.418rem + ((1vw - 3.2px) * 2.603), 72px);line-height:1.1; padding-top:0;padding-bottom:0;padding-left:0;padding-right:0;\" class=\"wp-block-post-title\"><a href=\"https:\/\/divulga.unila.edu.br\/uplay\/2022\/09\/29\/iii-coloquio-internacional-de-cinema-e-historia\/\" target=\"_self\" >III Col\u00f3quio Internacional de Cinema e Hist\u00f3ria<\/a><\/h2><\/div>\n<\/div>\n\n<\/li><li class=\"wp-block-post post-1606 post type-post status-publish format-standard has-post-thumbnail hentry category-sem-categoria\">\n\n<hr class=\"wp-block-separator has-text-color has-palette-color-1-color has-alpha-channel-opacity has-palette-color-1-background-color has-background alignwide is-style-wide\" \/>\n\n\n\n<div class=\"wp-block-columns alignwide are-vertically-aligned-center is-layout-flex wp-container-core-columns-is-layout-28f84493 wp-block-columns-is-layout-flex\">\n<div class=\"wp-block-column is-vertically-aligned-center is-layout-flow wp-block-column-is-layout-flow\" style=\"flex-basis:100%\"><h2 style=\"font-size:clamp(38.682px, 2.418rem + ((1vw - 3.2px) * 2.603), 72px);line-height:1.1; padding-top:0;padding-bottom:0;padding-left:0;padding-right:0;\" class=\"wp-block-post-title\"><a href=\"https:\/\/divulga.unila.edu.br\/uplay\/2022\/08\/25\/forcine-xiii\/\" target=\"_self\" >FORCINE XIII<\/a><\/h2><\/div>\n<\/div>\n\n<\/li><li class=\"wp-block-post post-1598 post type-post status-publish format-standard has-post-thumbnail hentry category-sem-categoria\">\n\n<hr class=\"wp-block-separator has-text-color has-palette-color-1-color has-alpha-channel-opacity has-palette-color-1-background-color has-background alignwide is-style-wide\" \/>\n\n\n\n<div class=\"wp-block-columns alignwide are-vertically-aligned-center is-layout-flex wp-container-core-columns-is-layout-28f84493 wp-block-columns-is-layout-flex\">\n<div class=\"wp-block-column is-vertically-aligned-center is-layout-flow wp-block-column-is-layout-flow\" style=\"flex-basis:100%\"><h2 style=\"font-size:clamp(38.682px, 2.418rem + ((1vw - 3.2px) * 2.603), 72px);line-height:1.1; padding-top:0;padding-bottom:0;padding-left:0;padding-right:0;\" class=\"wp-block-post-title\"><a href=\"https:\/\/divulga.unila.edu.br\/uplay\/2022\/08\/25\/secca-iii\/\" target=\"_self\" >SECCA II<\/a><\/h2><\/div>\n<\/div>\n\n<\/li><li class=\"wp-block-post post-2 post type-post status-publish format-standard has-post-thumbnail hentry category-sem-categoria\">\n\n<hr class=\"wp-block-separator has-text-color has-palette-color-1-color has-alpha-channel-opacity has-palette-color-1-background-color has-background alignwide is-style-wide\" \/>\n\n\n\n<div class=\"wp-block-columns alignwide are-vertically-aligned-center is-layout-flex wp-container-core-columns-is-layout-28f84493 wp-block-columns-is-layout-flex\">\n<div class=\"wp-block-column is-vertically-aligned-center is-layout-flow wp-block-column-is-layout-flow\" style=\"flex-basis:100%\"><h2 style=\"font-size:clamp(38.682px, 2.418rem + ((1vw - 3.2px) * 2.603), 72px);line-height:1.1; padding-top:0;padding-bottom:0;padding-left:0;padding-right:0;\" class=\"wp-block-post-title\"><a href=\"https:\/\/divulga.unila.edu.br\/uplay\/2022\/07\/21\/ola-mundo\/\" target=\"_self\" >SECCA<\/a><\/h2><\/div>\n<\/div>\n\n<\/li><\/ul><\/div>\n\n\n\n<hr class=\"wp-block-separator has-text-color has-palette-color-1-color has-alpha-channel-opacity has-palette-color-1-background-color has-background is-style-wide\" \/>\n\n\n\n<h2 class=\"wp-block-heading\" style=\"margin-top:0;margin-right:0;margin-bottom:0;margin-left:0;padding-top:0;padding-right:0;padding-bottom:0;padding-left:0;font-size:clamp(38.682px, 2.418rem + ((1vw - 3.2px) * 2.603), 72px);line-height:1.1\">SOCINE XXVI<\/h2>\n\n\n\n<hr class=\"wp-block-separator has-text-color has-palette-color-1-color has-alpha-channel-opacity has-palette-color-1-background-color has-background is-style-wide\" \/>\n<\/div>\n\n\n\n<p><\/p>\n","protected":false},"excerpt":{"rendered":"<p>EVENTOS O Curso de Cinema e Audiovisual realiza eventos importantes para a comunidade audiovisual. O principal deles \u00e9 a SECCA, Semana de Exibi\u00e7\u00e3o do Curso De Cinema e Audiovisual, al\u00e9m de outros eventos. SOCINE XXVI<\/p>\n","protected":false},"author":11,"featured_media":0,"parent":0,"menu_order":0,"comment_status":"closed","ping_status":"closed","template":"","meta":{"_uag_custom_page_level_css":"","_themeisle_gutenberg_block_has_review":false,"footnotes":""},"class_list":["post-1585","page","type-page","status-publish","hentry"],"blocksy_meta":{"styles_descriptor":{"styles":{"desktop":"","tablet":"","mobile":""},"google_fonts":[],"version":6}},"uagb_featured_image_src":{"full":false,"thumbnail":false,"medium":false,"medium_large":false,"large":false,"1536x1536":false,"2048x2048":false,"htmega_size_585x295":false,"htmega_size_1170x536":false,"htmega_size_396x360":false,"tainacan-small":false,"tainacan-medium":false,"tainacan-medium-full":false,"tainacan-large-full":false},"uagb_author_info":{"display_name":"ia.kokin.2019","author_link":"https:\/\/divulga.unila.edu.br\/uplay\/author\/iurii\/"},"uagb_comment_info":0,"uagb_excerpt":"EVENTOS O Curso de Cinema e Audiovisual realiza eventos importantes para a comunidade audiovisual. O principal deles \u00e9 a SECCA, Semana de Exibi\u00e7\u00e3o do Curso De Cinema e Audiovisual, al\u00e9m de outros eventos. SOCINE XXVI","_links":{"self":[{"href":"https:\/\/divulga.unila.edu.br\/uplay\/wp-json\/wp\/v2\/pages\/1585","targetHints":{"allow":["GET"]}}],"collection":[{"href":"https:\/\/divulga.unila.edu.br\/uplay\/wp-json\/wp\/v2\/pages"}],"about":[{"href":"https:\/\/divulga.unila.edu.br\/uplay\/wp-json\/wp\/v2\/types\/page"}],"author":[{"embeddable":true,"href":"https:\/\/divulga.unila.edu.br\/uplay\/wp-json\/wp\/v2\/users\/11"}],"replies":[{"embeddable":true,"href":"https:\/\/divulga.unila.edu.br\/uplay\/wp-json\/wp\/v2\/comments?post=1585"}],"version-history":[{"count":83,"href":"https:\/\/divulga.unila.edu.br\/uplay\/wp-json\/wp\/v2\/pages\/1585\/revisions"}],"predecessor-version":[{"id":11890,"href":"https:\/\/divulga.unila.edu.br\/uplay\/wp-json\/wp\/v2\/pages\/1585\/revisions\/11890"}],"wp:attachment":[{"href":"https:\/\/divulga.unila.edu.br\/uplay\/wp-json\/wp\/v2\/media?parent=1585"}],"curies":[{"name":"wp","href":"https:\/\/api.w.org\/{rel}","templated":true}]}}