{"id":309,"date":"2016-07-22T18:05:20","date_gmt":"2016-07-22T18:05:20","guid":{"rendered":"http:\/\/10.80.6.168\/wordpress.mapeamento\/?page_id=309"},"modified":"2026-02-11T13:23:20","modified_gmt":"2026-02-11T16:23:20","slug":"contato","status":"publish","type":"page","link":"https:\/\/divulga.unila.edu.br\/umapas\/?page_id=309","title":{"rendered":"Contato"},"content":{"rendered":"<p><img loading=\"lazy\" decoding=\"async\" class=\"size-full wp-image-16505 alignleft\" src=\"https:\/\/divulga.unila.edu.br\/umapas\/wp-content\/uploads\/2023\/10\/2023_logo_unila01.png\" alt=\"\" width=\"267\" height=\"165\" \/><span style=\"color: #53284f;\">UMAPAS &#8211; Plataforma de Mapeamentos da UNILA<\/span><\/p>\n<p><span style=\"color: #53284f;\">Universidade Federal da Integra\u00e7\u00e3o Latino-Americana<\/span><\/p>\n<p><span style=\"color: #53284f;\">Avenida Tarqu\u00ednio Joslin dos Santos, 1000, sala C111 (PROEX) &#8211; Polo Universit\u00e1rio<\/span><\/p>\n<p><span style=\"color: #53284f;\">CEP: 85870-650 | Foz do Igua\u00e7u &#8211; Paran\u00e1<\/span><\/p>\n<p><span style=\"color: #53284f;\">Fone: +55 45 3522-9920 | E-mail: coex.proex@unila.edu.br<\/span><\/p>\n","protected":false},"excerpt":{"rendered":"<p>UMAPAS &#8211; Plataforma de Mapeamentos da UNILA Universidade Federal da Integra\u00e7\u00e3o Latino-Americana Avenida Tarqu\u00ednio Joslin dos Santos, 1000, sala C111 (PROEX) &#8211; Polo Universit\u00e1rio CEP: 85870-650 | Foz do Igua\u00e7u &#8211; Paran\u00e1 Fone: +55 45 3522-9920 | E-mail: coex.proex@unila.edu.br<\/p>\n","protected":false},"author":1,"featured_media":0,"parent":0,"menu_order":0,"comment_status":"closed","ping_status":"closed","template":"","meta":{"footnotes":""},"class_list":["post-309","page","type-page","status-publish","hentry"],"_links":{"self":[{"href":"https:\/\/divulga.unila.edu.br\/umapas\/index.php?rest_route=\/wp\/v2\/pages\/309","targetHints":{"allow":["GET"]}}],"collection":[{"href":"https:\/\/divulga.unila.edu.br\/umapas\/index.php?rest_route=\/wp\/v2\/pages"}],"about":[{"href":"https:\/\/divulga.unila.edu.br\/umapas\/index.php?rest_route=\/wp\/v2\/types\/page"}],"author":[{"embeddable":true,"href":"https:\/\/divulga.unila.edu.br\/umapas\/index.php?rest_route=\/wp\/v2\/users\/1"}],"replies":[{"embeddable":true,"href":"https:\/\/divulga.unila.edu.br\/umapas\/index.php?rest_route=%2Fwp%2Fv2%2Fcomments&post=309"}],"version-history":[{"count":10,"href":"https:\/\/divulga.unila.edu.br\/umapas\/index.php?rest_route=\/wp\/v2\/pages\/309\/revisions"}],"predecessor-version":[{"id":16568,"href":"https:\/\/divulga.unila.edu.br\/umapas\/index.php?rest_route=\/wp\/v2\/pages\/309\/revisions\/16568"}],"wp:attachment":[{"href":"https:\/\/divulga.unila.edu.br\/umapas\/index.php?rest_route=%2Fwp%2Fv2%2Fmedia&parent=309"}],"curies":[{"name":"wp","href":"https:\/\/api.w.org\/{rel}","templated":true}]}}