{"id":2035,"date":"2019-06-06T18:23:13","date_gmt":"2019-06-06T18:23:13","guid":{"rendered":"https:\/\/unila.edu.br\/umapas\/?page_id=2035"},"modified":"2026-02-11T13:35:32","modified_gmt":"2026-02-11T16:35:32","slug":"mapeamento-dos-colegios-estaduais-abrangidos-pelo-nucleo-regional-de-educacao-de-foz-do-iguacu","status":"publish","type":"page","link":"https:\/\/divulga.unila.edu.br\/umapas\/?page_id=2035","title":{"rendered":"Mapeamento das escolas e col\u00e9gios estaduais abrangidos pelo N\u00facleo Regional de Educa\u00e7\u00e3o de Foz do Igua\u00e7u"},"content":{"rendered":"<p style=\"text-align: justify;\"><div class=\"su-tabs su-tabs-style-default su-tabs-mobile-stack\" data-active=\"1\" data-scroll-offset=\"0\" data-anchor-in-url=\"no\"><div class=\"su-tabs-nav\"><span class=\"\" data-url=\"\" data-target=\"blank\" tabindex=\"0\" role=\"button\"><strong>O que \u00e9<\/strong><\/span><span class=\"\" data-url=\"\" data-target=\"blank\" tabindex=\"0\" role=\"button\"><strong>Objetivo<\/strong><\/span><span class=\"\" data-url=\"\" data-target=\"blank\" tabindex=\"0\" role=\"button\"><strong>Metodologia<\/strong><\/span><span class=\"\" data-url=\"\" data-target=\"blank\" tabindex=\"0\" role=\"button\"><strong>Mapa<\/strong><\/span><span class=\"\" data-url=\"\" data-target=\"blank\" tabindex=\"0\" role=\"button\"><strong>Contato<\/strong><\/span><\/div><div class=\"su-tabs-panes\"><div class=\"su-tabs-pane su-u-clearfix su-u-trim\" data-title=\"&lt;strong&gt;O que \u00e9&lt;\/strong&gt;\">\n<p>O \u201cMapeamento das escolas e col\u00e9gios estaduais abrangidos pelo N\u00facleo Regional de Educa\u00e7\u00e3o de Foz do Igua\u00e7u\u201d foi realizado pela Pr\u00f3-Reitoria de Extens\u00e3o (PROEX) da Universidade Federal da Integra\u00e7\u00e3o Latino-Americana (UNILA). Sua concep\u00e7\u00e3o partiu de demandas apresentadas por coordenadoras(es) de a\u00e7\u00f5es de extens\u00e3o, que apontaram para a necessidade de se facilitar o contato com as escolas e col\u00e9gios da rede p\u00fablica estadual abrangidos pelo N\u00facleo Regional de Educa\u00e7\u00e3o de Foz do Igua\u00e7u.<\/p>\n<\/div>\n<div class=\"su-tabs-pane su-u-clearfix su-u-trim\" data-title=\"&lt;strong&gt;Objetivo&lt;\/strong&gt;\">\n<p style=\"text-align: justify;\" align=\"justify\">Mapear as escolas e col\u00e9gios estaduais abrangidos pelo N\u00facleo Regional de Educa\u00e7\u00e3o de Foz do Igua\u00e7u, com o objetivo de visibiliz\u00e1-los para a comunidade interna da UNILA, tendo em vista o desenvolvimento de atividades em conjunto.<\/p>\n<p style=\"text-align: justify;\"><\/div>\n<div class=\"su-tabs-pane su-u-clearfix su-u-trim\" data-title=\"&lt;strong&gt;Metodologia&lt;\/strong&gt;\">\n<p align=\"justify\">Consiste na elabora\u00e7\u00e3o de um mapa a partir das informa\u00e7\u00f5es dispon\u00edveis no portal da Secretaria de Estado da Educa\u00e7\u00e3o do Paran\u00e1, assim como da geolocaliza\u00e7\u00e3o das escolas e col\u00e9gios estaduais abrangidos pelo N\u00facleo Regional de Educa\u00e7\u00e3o de Foz do Igua\u00e7u.<\/p>\n<p style=\"text-align: justify;\"><\/div>\n<div class=\"su-tabs-pane su-u-clearfix su-u-trim\" data-title=\"&lt;strong&gt;Mapa&lt;\/strong&gt;\"> Para visualizar a localiza\u00e7\u00e3o das escolas e col\u00e9gios estaduais mapeados, acesse:<\/p>\n<p style=\"text-align: justify;\"><strong><a class=\"row-title\" title=\"Editar \u201cCol\u00e9gios Estaduais abrangidos pelo N\u00facleo Regional de Educa\u00e7\u00e3o de Foz do Igua\u00e7u\u201d\" href=\".\/?map=colegios-estaduais-abrangidos-pelo-nucleo-regional-de-educacao-foz-do-iguacu\" target=\"_blank\" rel=\"noopener\">Escolas e col\u00e9gios estaduais abrangidos pelo N\u00facleo Regional de Educa\u00e7\u00e3o de Foz do Igua\u00e7u<\/a><\/strong><\/p>\n<p style=\"text-align: justify;\"><\/div>\n<div class=\"su-tabs-pane su-u-clearfix su-u-trim\" data-title=\"&lt;strong&gt;Contato&lt;\/strong&gt;\">\n<p style=\"text-align: justify;\"><strong>UNILA &#8211; <\/strong>UNIVERSIDADE FEDERAL DA INTEGRA\u00c7\u00c3O LATINO-AMERICANA<\/p>\n<p style=\"text-align: justify;\"><strong>PROEX<\/strong> &#8211; Pr\u00f3-Reitoria de Extens\u00e3o<\/p>\n<p><strong>COEX<\/strong> &#8211; Coordenadoria de Extens\u00e3o<\/p>\n<p><strong>CONTATO:<\/strong> +55 45 3522-9920 | <strong>E-MAIL:<\/strong> coex.proex@unila.edu.br<\/p>\n<p style=\"text-align: justify;\"><\/div><\/div><\/div>\n","protected":false},"excerpt":{"rendered":"","protected":false},"author":2,"featured_media":0,"parent":257,"menu_order":2,"comment_status":"closed","ping_status":"closed","template":"","meta":{"footnotes":""},"class_list":["post-2035","page","type-page","status-publish","hentry"],"_links":{"self":[{"href":"https:\/\/divulga.unila.edu.br\/umapas\/index.php?rest_route=\/wp\/v2\/pages\/2035","targetHints":{"allow":["GET"]}}],"collection":[{"href":"https:\/\/divulga.unila.edu.br\/umapas\/index.php?rest_route=\/wp\/v2\/pages"}],"about":[{"href":"https:\/\/divulga.unila.edu.br\/umapas\/index.php?rest_route=\/wp\/v2\/types\/page"}],"author":[{"embeddable":true,"href":"https:\/\/divulga.unila.edu.br\/umapas\/index.php?rest_route=\/wp\/v2\/users\/2"}],"replies":[{"embeddable":true,"href":"https:\/\/divulga.unila.edu.br\/umapas\/index.php?rest_route=%2Fwp%2Fv2%2Fcomments&post=2035"}],"version-history":[{"count":9,"href":"https:\/\/divulga.unila.edu.br\/umapas\/index.php?rest_route=\/wp\/v2\/pages\/2035\/revisions"}],"predecessor-version":[{"id":16576,"href":"https:\/\/divulga.unila.edu.br\/umapas\/index.php?rest_route=\/wp\/v2\/pages\/2035\/revisions\/16576"}],"up":[{"embeddable":true,"href":"https:\/\/divulga.unila.edu.br\/umapas\/index.php?rest_route=\/wp\/v2\/pages\/257"}],"wp:attachment":[{"href":"https:\/\/divulga.unila.edu.br\/umapas\/index.php?rest_route=%2Fwp%2Fv2%2Fmedia&parent=2035"}],"curies":[{"name":"wp","href":"https:\/\/api.w.org\/{rel}","templated":true}]}}

Mapeamento das escolas e colégios estaduais abrangidos pelo Núcleo Regional de Educação de Foz do Iguaçu

<p style="text-align: justify;"><div class="su-tabs su-tabs-style-default su-tabs-mobile-stack" data-active="1" data-scroll-offset="0" data-anchor-in-url="no"><div class="su-tabs-nav"><span class="" data-url="" data-target="blank" tabindex="0" role="button"><strong>O que é</strong></span><span class="" data-url="" data-target="blank" tabindex="0" role="button"><strong>Objetivo</strong></span><span class="" data-url="" data-target="blank" tabindex="0" role="button"><strong>Metodologia</strong></span><span class="" data-url="" data-target="blank" tabindex="0" role="button"><strong>Mapa</strong></span><span class="" data-url="" data-target="blank" tabindex="0" role="button"><strong>Contato</strong></span></div><div class="su-tabs-panes"><div class="su-tabs-pane su-u-clearfix su-u-trim" data-title="&lt;strong&gt;O que é&lt;/strong&gt;">
<p>O “Mapeamento das escolas e colégios estaduais abrangidos pelo Núcleo Regional de Educação de Foz do Iguaçu” foi realizado pela Pró-Reitoria de Extensão (PROEX) da Universidade Federal da Integração Latino-Americana (UNILA). Sua concepção partiu de demandas apresentadas por coordenadoras(es) de ações de extensão, que apontaram para a necessidade de se facilitar o contato com as escolas e colégios da rede pública estadual abrangidos pelo Núcleo Regional de Educação de Foz do Iguaçu.</p>
</div>
<div class="su-tabs-pane su-u-clearfix su-u-trim" data-title="&lt;strong&gt;Objetivo&lt;/strong&gt;">
<p style="text-align: justify;" align="justify">Mapear as escolas e colégios estaduais abrangidos pelo Núcleo Regional de Educação de Foz do Iguaçu, com o objetivo de visibilizá-los para a comunidade interna da UNILA, tendo em vista o desenvolvimento de atividades em conjunto.</p>
<p style="text-align: justify;"></div>
<div class="su-tabs-pane su-u-clearfix su-u-trim" data-title="&lt;strong&gt;Metodologia&lt;/strong&gt;">
<p align="justify">Consiste na elaboração de um mapa a partir das informações disponíveis no portal da Secretaria de Estado da Educação do Paraná, assim como da geolocalização das escolas e colégios estaduais abrangidos pelo Núcleo Regional de Educação de Foz do Iguaçu.</p>
<p style="text-align: justify;"></div>
<div class="su-tabs-pane su-u-clearfix su-u-trim" data-title="&lt;strong&gt;Mapa&lt;/strong&gt;"> Para visualizar a localização das escolas e colégios estaduais mapeados, acesse:</p>
<p style="text-align: justify;"><strong><a class="row-title" title="Editar “Colégios Estaduais abrangidos pelo Núcleo Regional de Educação de Foz do Iguaçu”" href="./?map=colegios-estaduais-abrangidos-pelo-nucleo-regional-de-educacao-foz-do-iguacu" target="_blank" rel="noopener">Escolas e colégios estaduais abrangidos pelo Núcleo Regional de Educação de Foz do Iguaçu</a></strong></p>
<p style="text-align: justify;"></div>
<div class="su-tabs-pane su-u-clearfix su-u-trim" data-title="&lt;strong&gt;Contato&lt;/strong&gt;">
<p style="text-align: justify;"><strong>UNILA &#8211; </strong>UNIVERSIDADE FEDERAL DA INTEGRAÇÃO LATINO-AMERICANA</p>
<p style="text-align: justify;"><strong>PROEX</strong> &#8211; Pró-Reitoria de Extensão</p>
<p><strong>COEX</strong> &#8211; Coordenadoria de Extensão</p>
<p><strong>CONTATO:</strong> +55 45 3522-9920 | <strong>E-MAIL:</strong> coex.proex@unila.edu.br</p>
<p style="text-align: justify;"></div></div></div>
