{"id":16960,"date":"2026-03-09T15:12:38","date_gmt":"2026-03-09T18:12:38","guid":{"rendered":"https:\/\/divulga.unila.edu.br\/umapas\/?page_id=16960"},"modified":"2026-03-09T16:40:10","modified_gmt":"2026-03-09T19:40:10","slug":"unila-ao-seu-alcance","status":"publish","type":"page","link":"https:\/\/divulga.unila.edu.br\/umapas\/?page_id=16960","title":{"rendered":"UNILA ao seu alcance"},"content":{"rendered":"\n<div class=\"su-tabs su-tabs-style-default su-tabs-mobile-stack\" data-active=\"1\" data-scroll-offset=\"0\" data-anchor-in-url=\"no\"><div class=\"su-tabs-nav\"><span class=\"\" data-url=\"\" data-target=\"blank\" tabindex=\"0\" role=\"button\"><strong>O que \u00e9<\/strong><\/span><span class=\"\" data-url=\"\" data-target=\"blank\" tabindex=\"0\" role=\"button\"><strong>Objetivo<\/strong><\/span><span class=\"\" data-url=\"\" data-target=\"blank\" tabindex=\"0\" role=\"button\"><strong>Metodologia<\/strong><\/span><span class=\"\" data-url=\"\" data-target=\"blank\" tabindex=\"0\" role=\"button\"><strong>Mapas<\/strong><\/span><span class=\"\" data-url=\"\" data-target=\"blank\" tabindex=\"0\" role=\"button\"><strong>Contato<\/strong><\/span><\/div><div class=\"su-tabs-panes\"><div class=\"su-tabs-pane su-u-clearfix su-u-trim\" data-title=\"&lt;strong&gt;O que \u00e9&lt;\/strong&gt;\">\n<p style=\"text-align: justify;\">Iniciado em 2016 como um projeto de divulga\u00e7\u00e3o das formas de ingresso no ensino superior p\u00fablico do Brasil, o \u201cUNILA ao seu alcance\u201d se consolidou como um dos canais que a Universidade Federal da Integra\u00e7\u00e3o Latino-Americana (UNILA) disp\u00f5e de di\u00e1logo permanente e aprofundamento de sua rela\u00e7\u00e3o com a comunidade da regi\u00e3o trinacional. Ao longo de sua exist\u00eancia, atingiu mais de 300 turmas do ensino m\u00e9dio das escolas p\u00fablicas de Foz do Igua\u00e7u e regi\u00e3o oeste do Paran\u00e1, Puerto Iguaz\u00fa e regi\u00e3o de Misiones (Argentina), Ciudad del Este e regi\u00e3o do Alto Paran\u00e1 (Paraguai), atuando na defesa do ensino superior p\u00fablico, gratuito e de qualidade, com acesso democr\u00e1tico e socialmente inclusivo. Durante as visitas \u00e0s escolas e dessas \u00e0 UNILA, discute-se sobre os pilares da Universidade P\u00fablica (ensino, pesquisa e extens\u00e3o), a voca\u00e7\u00e3o latino-americana da UNILA, as formas de acesso ao ensino superior, bem como quest\u00f5es relacionadas \u00e0 inclus\u00e3o social e perman\u00eancia na universidade.<\/p>\n<\/div>\n<div class=\"su-tabs-pane su-u-clearfix su-u-trim\" data-title=\"&lt;strong&gt;Objetivo&lt;\/strong&gt;\">\n<p style=\"text-align: justify;\" align=\"justify\">O projeto possui como objetivos: a defesa da universidade p\u00fablica, gratuita e de qualidade; divulgar as formas de ingresso nas institui\u00e7\u00f5es de ensino superior, em especial as p\u00fablicas; visibilizar a UNILA junto \u00e0 comunidade escolar de Foz do Igua\u00e7u e regi\u00e3o; ampliar a entrada de estudantes de Foz do Igua\u00e7u e regi\u00e3o trinacional na UNILA; e abrir as portas da Universidade \u00e0 comunidade para atividades de extens\u00e3o.<\/p>\n<p style=\"text-align: justify;\"><\/div>\n<div class=\"su-tabs-pane su-u-clearfix su-u-trim\" data-title=\"&lt;strong&gt;Metodologia&lt;\/strong&gt;\">\n<p align=\"justify\">A metodologia consiste em uma visita a cada turma concluinte do ensino m\u00e9dio, com dura\u00e7\u00e3o de 1 tempo (45 a 50 min), durante o hor\u00e1rio regular das aulas, a ser acordada com o respectivo col\u00e9gio. A apresenta\u00e7\u00e3o \u00e9 realizada com aux\u00edlio de material digital e impresso a ser entregue a todos os estudantes.<\/p>\n<p style=\"text-align: justify;\"><\/div>\n<div class=\"su-tabs-pane su-u-clearfix su-u-trim\" data-title=\"&lt;strong&gt;Mapas&lt;\/strong&gt;\"> Para visualizar os locais de realiza\u00e7\u00e3o do projeto de extens\u00e3o &#8220;Unila ao Seu Alcance&#8221;, acesse:<\/p>\n<a href=\"https:\/\/divulga.unila.edu.br\/umapas\/?map=mapa-dos-locais-de-realizacao-do-projeto-de-extensao-unila-ao-seu-alcance-2019\" target=\"_blank\" rel=\"noreferrer noopener\"><strong>Mapa dos locais de realiza\u00e7\u00e3o do projeto de extens\u00e3o Unila ao Seu Alcance \u2013 2019<\/strong> <\/a><p><\/p>\n<p style=\"text-align: justify;\"><\/div>\n<div class=\"su-tabs-pane su-u-clearfix su-u-trim\" data-title=\"&lt;strong&gt;Contato&lt;\/strong&gt;\">\n<p style=\"text-align: justify;\"><strong>UNILA &#8211; <\/strong>UNIVERSIDADE FEDERAL DA INTEGRA\u00c7\u00c3O LATINO-AMERICANA<\/p>\n<p style=\"text-align: justify;\"><strong>PROEX<\/strong> &#8211; Pr\u00f3-Reitoria de Extens\u00e3o<\/p>\n<strong>COEX<\/strong> &#8211; Coordenadoria de Extens\u00e3o<\/p>\n\n<strong>CONTATO:<\/strong> +55 45 3522-9920 | <strong>E-MAIL:<\/strong> coex.proex@unila.edu.br\n<p style=\"text-align: justify;\"><\/div><\/div><\/div>\n<\/p>\n\n\n\n<p><\/p>\n","protected":false},"excerpt":{"rendered":"","protected":false},"author":2,"featured_media":0,"parent":257,"menu_order":0,"comment_status":"closed","ping_status":"closed","template":"","meta":{"footnotes":""},"class_list":["post-16960","page","type-page","status-publish","hentry"],"_links":{"self":[{"href":"https:\/\/divulga.unila.edu.br\/umapas\/index.php?rest_route=\/wp\/v2\/pages\/16960","targetHints":{"allow":["GET"]}}],"collection":[{"href":"https:\/\/divulga.unila.edu.br\/umapas\/index.php?rest_route=\/wp\/v2\/pages"}],"about":[{"href":"https:\/\/divulga.unila.edu.br\/umapas\/index.php?rest_route=\/wp\/v2\/types\/page"}],"author":[{"embeddable":true,"href":"https:\/\/divulga.unila.edu.br\/umapas\/index.php?rest_route=\/wp\/v2\/users\/2"}],"replies":[{"embeddable":true,"href":"https:\/\/divulga.unila.edu.br\/umapas\/index.php?rest_route=%2Fwp%2Fv2%2Fcomments&post=16960"}],"version-history":[{"count":23,"href":"https:\/\/divulga.unila.edu.br\/umapas\/index.php?rest_route=\/wp\/v2\/pages\/16960\/revisions"}],"predecessor-version":[{"id":17039,"href":"https:\/\/divulga.unila.edu.br\/umapas\/index.php?rest_route=\/wp\/v2\/pages\/16960\/revisions\/17039"}],"up":[{"embeddable":true,"href":"https:\/\/divulga.unila.edu.br\/umapas\/index.php?rest_route=\/wp\/v2\/pages\/257"}],"wp:attachment":[{"href":"https:\/\/divulga.unila.edu.br\/umapas\/index.php?rest_route=%2Fwp%2Fv2%2Fmedia&parent=16960"}],"curies":[{"name":"wp","href":"https:\/\/api.w.org\/{rel}","templated":true}]}}

<div class="su-tabs su-tabs-style-default su-tabs-mobile-stack" data-active="1" data-scroll-offset="0" data-anchor-in-url="no"><div class="su-tabs-nav"><span class="" data-url="" data-target="blank" tabindex="0" role="button"><strong>O que é</strong></span><span class="" data-url="" data-target="blank" tabindex="0" role="button"><strong>Objetivo</strong></span><span class="" data-url="" data-target="blank" tabindex="0" role="button"><strong>Metodologia</strong></span><span class="" data-url="" data-target="blank" tabindex="0" role="button"><strong>Mapas</strong></span><span class="" data-url="" data-target="blank" tabindex="0" role="button"><strong>Contato</strong></span></div><div class="su-tabs-panes"><div class="su-tabs-pane su-u-clearfix su-u-trim" data-title="&lt;strong&gt;O que é&lt;/strong&gt;">
<p style="text-align: justify;">Iniciado em 2016 como um projeto de divulgação das formas de ingresso no ensino superior público do Brasil, o “UNILA ao seu alcance” se consolidou como um dos canais que a Universidade Federal da Integração Latino-Americana (UNILA) dispõe de diálogo permanente e aprofundamento de sua relação com a comunidade da região trinacional. Ao longo de sua existência, atingiu mais de 300 turmas do ensino médio das escolas públicas de Foz do Iguaçu e região oeste do Paraná, Puerto Iguazú e região de Misiones (Argentina), Ciudad del Este e região do Alto Paraná (Paraguai), atuando na defesa do ensino superior público, gratuito e de qualidade, com acesso democrático e socialmente inclusivo. Durante as visitas às escolas e dessas à UNILA, discute-se sobre os pilares da Universidade Pública (ensino, pesquisa e extensão), a vocação latino-americana da UNILA, as formas de acesso ao ensino superior, bem como questões relacionadas à inclusão social e permanência na universidade.</p>
</div>
<div class="su-tabs-pane su-u-clearfix su-u-trim" data-title="&lt;strong&gt;Objetivo&lt;/strong&gt;">
<p style="text-align: justify;" align="justify">O projeto possui como objetivos: a defesa da universidade pública, gratuita e de qualidade; divulgar as formas de ingresso nas instituições de ensino superior, em especial as públicas; visibilizar a UNILA junto à comunidade escolar de Foz do Iguaçu e região; ampliar a entrada de estudantes de Foz do Iguaçu e região trinacional na UNILA; e abrir as portas da Universidade à comunidade para atividades de extensão.</p>
<p style="text-align: justify;"></div>
<div class="su-tabs-pane su-u-clearfix su-u-trim" data-title="&lt;strong&gt;Metodologia&lt;/strong&gt;">
<p align="justify">A metodologia consiste em uma visita a cada turma concluinte do ensino médio, com duração de 1 tempo (45 a 50 min), durante o horário regular das aulas, a ser acordada com o respectivo colégio. A apresentação é realizada com auxílio de material digital e impresso a ser entregue a todos os estudantes.</p>
<p style="text-align: justify;"></div>
<div class="su-tabs-pane su-u-clearfix su-u-trim" data-title="&lt;strong&gt;Mapas&lt;/strong&gt;"> Para visualizar os locais de realização do projeto de extensão &#8220;Unila ao Seu Alcance&#8221;, acesse:</p>
<a href="https://divulga.unila.edu.br/umapas/?map=mapa-dos-locais-de-realizacao-do-projeto-de-extensao-unila-ao-seu-alcance-2019" target="_blank" rel="noreferrer noopener"><strong>Mapa dos locais de realização do projeto de extensão Unila ao Seu Alcance – 2019</strong> </a><p></p>
<p style="text-align: justify;"></div>
<div class="su-tabs-pane su-u-clearfix su-u-trim" data-title="&lt;strong&gt;Contato&lt;/strong&gt;">
<p style="text-align: justify;"><strong>UNILA &#8211; </strong>UNIVERSIDADE FEDERAL DA INTEGRAÇÃO LATINO-AMERICANA</p>
<p style="text-align: justify;"><strong>PROEX</strong> &#8211; Pró-Reitoria de Extensão</p>
<strong>COEX</strong> &#8211; Coordenadoria de Extensão</p>

<strong>CONTATO:</strong> +55 45 3522-9920 | <strong>E-MAIL:</strong> coex.proex@unila.edu.br
<p style="text-align: justify;"></div></div></div>
</p>



<p></p>
