{"id":60,"date":"2022-09-27T17:25:11","date_gmt":"2022-09-27T20:25:11","guid":{"rendered":"https:\/\/divulga.unila.edu.br\/teste\/?page_id=60"},"modified":"2024-09-19T08:33:03","modified_gmt":"2024-09-19T11:33:03","slug":"sobre","status":"publish","type":"page","link":"https:\/\/divulga.unila.edu.br\/painelintegrado\/sobre\/","title":{"rendered":"Sobre"},"content":{"rendered":"\t\t<div data-elementor-type=\"wp-page\" data-elementor-id=\"60\" class=\"elementor elementor-60\">\n\t\t\t\t\t\t<section class=\"has_eae_slider elementor-section elementor-top-section elementor-element elementor-element-9d9eac2 elementor-section-height-min-height elementor-section-items-top elementor-section-boxed elementor-section-height-default wpr-particle-no wpr-jarallax-no wpr-parallax-no wpr-sticky-section-no wpr-equal-height-no elementor-invisible\" data-eae-slider=\"8160\" data-id=\"9d9eac2\" data-element_type=\"section\" data-e-type=\"section\" data-settings=\"{&quot;background_background&quot;:&quot;classic&quot;,&quot;shape_divider_top&quot;:&quot;mountains&quot;,&quot;animation&quot;:&quot;fadeIn&quot;}\">\n\t\t\t\t\t<div class=\"elementor-shape elementor-shape-top\" aria-hidden=\"true\" data-negative=\"false\">\n\t\t\t<svg xmlns=\"http:\/\/www.w3.org\/2000\/svg\" viewBox=\"0 0 1000 100\" preserveAspectRatio=\"none\">\n\t<path class=\"elementor-shape-fill\" opacity=\"0.33\" d=\"M473,67.3c-203.9,88.3-263.1-34-320.3,0C66,119.1,0,59.7,0,59.7V0h1000v59.7 c0,0-62.1,26.1-94.9,29.3c-32.8,3.3-62.8-12.3-75.8-22.1C806,49.6,745.3,8.7,694.9,4.7S492.4,59,473,67.3z\"\/>\n\t<path class=\"elementor-shape-fill\" opacity=\"0.66\" d=\"M734,67.3c-45.5,0-77.2-23.2-129.1-39.1c-28.6-8.7-150.3-10.1-254,39.1 s-91.7-34.4-149.2,0C115.7,118.3,0,39.8,0,39.8V0h1000v36.5c0,0-28.2-18.5-92.1-18.5C810.2,18.1,775.7,67.3,734,67.3z\"\/>\n\t<path class=\"elementor-shape-fill\" d=\"M766.1,28.9c-200-57.5-266,65.5-395.1,19.5C242,1.8,242,5.4,184.8,20.6C128,35.8,132.3,44.9,89.9,52.5C28.6,63.7,0,0,0,0 h1000c0,0-9.9,40.9-83.6,48.1S829.6,47,766.1,28.9z\"\/>\n<\/svg>\t\t<\/div>\n\t\t\t\t\t<div class=\"elementor-container elementor-column-gap-default\">\n\t\t\t\t\t<div class=\"has_eae_slider elementor-column elementor-col-50 elementor-top-column elementor-element elementor-element-911ea57\" data-eae-slider=\"53233\" data-id=\"911ea57\" data-element_type=\"column\" data-e-type=\"column\">\n\t\t\t<div class=\"elementor-widget-wrap elementor-element-populated\">\n\t\t\t\t\t\t<div class=\"elementor-element elementor-element-a623224 animated-fast elementor-invisible elementor-widget elementor-widget-heading\" data-id=\"a623224\" data-element_type=\"widget\" data-e-type=\"widget\" data-settings=\"{&quot;_animation&quot;:&quot;fadeInUp&quot;,&quot;_animation_delay&quot;:&quot;400&quot;}\" data-widget_type=\"heading.default\">\n\t\t\t\t<div class=\"elementor-widget-container\">\n\t\t\t\t\t<h1 class=\"elementor-heading-title elementor-size-default\">SOBRE <br>O PAINEL INTEGRADO<\/h1>\t\t\t\t<\/div>\n\t\t\t\t<\/div>\n\t\t\t\t\t<\/div>\n\t\t<\/div>\n\t\t\t\t<div class=\"has_eae_slider elementor-column elementor-col-50 elementor-top-column elementor-element elementor-element-2c25cf4\" data-eae-slider=\"68316\" data-id=\"2c25cf4\" data-element_type=\"column\" data-e-type=\"column\">\n\t\t\t<div class=\"elementor-widget-wrap elementor-element-populated\">\n\t\t\t\t\t\t<div class=\"elementor-element elementor-element-7226472 elementor-widget__width-initial elementor-absolute elementor-widget elementor-widget-video\" data-id=\"7226472\" data-element_type=\"widget\" data-e-type=\"widget\" data-settings=\"{&quot;video_type&quot;:&quot;hosted&quot;,&quot;autoplay&quot;:&quot;yes&quot;,&quot;loop&quot;:&quot;yes&quot;,&quot;_position&quot;:&quot;absolute&quot;,&quot;mute&quot;:&quot;yes&quot;}\" data-widget_type=\"video.default\">\n\t\t\t\t<div class=\"elementor-widget-container\">\n\t\t\t\t\t\t\t<div class=\"e-hosted-video elementor-wrapper elementor-open-inline\">\n\t\t\t\t\t<video class=\"elementor-video\" src=\"http:\/\/divulga.unila.edu.br\/painelintegrado\/wp-content\/uploads\/sites\/26\/2024\/09\/NOVO-Animacoes-Painel-1.mp4\" autoplay=\"\" loop=\"\" muted=\"muted\" controlsList=\"nodownload\" poster=\"http:\/\/divulga.unila.edu.br\/painelintegrado\/wp-content\/uploads\/sites\/26\/2024\/09\/Pagina-Sobre-1.png\"><\/video>\n\t\t\t\t<\/div>\n\t\t\t\t\t\t<\/div>\n\t\t\t\t<\/div>\n\t\t\t\t\t<\/div>\n\t\t<\/div>\n\t\t\t\t\t<\/div>\n\t\t<\/section>\n\t\t\t\t<section class=\"has_eae_slider elementor-section elementor-top-section elementor-element elementor-element-69d4b4a elementor-section-boxed elementor-section-height-default elementor-section-height-default wpr-particle-no wpr-jarallax-no wpr-parallax-no wpr-sticky-section-no wpr-equal-height-no elementor-invisible\" data-eae-slider=\"38551\" data-id=\"69d4b4a\" data-element_type=\"section\" data-e-type=\"section\" data-settings=\"{&quot;animation&quot;:&quot;fadeInUp&quot;}\">\n\t\t\t\t\t\t<div class=\"elementor-container elementor-column-gap-default\">\n\t\t\t\t\t<div class=\"has_eae_slider elementor-column elementor-col-100 elementor-top-column elementor-element elementor-element-1b4a653\" data-eae-slider=\"91796\" data-id=\"1b4a653\" data-element_type=\"column\" data-e-type=\"column\">\n\t\t\t<div class=\"elementor-widget-wrap elementor-element-populated\">\n\t\t\t\t\t\t<div class=\"elementor-element elementor-element-36bb97a elementor-widget elementor-widget-text-editor\" data-id=\"36bb97a\" data-element_type=\"widget\" data-e-type=\"widget\" data-widget_type=\"text-editor.default\">\n\t\t\t\t<div class=\"elementor-widget-container\">\n\t\t\t\t\t\t\t\t\t<div style=\"font-weight: 400\">A Universidade Federal da Integra\u00e7\u00e3o Latino-Americana, assim como as demais institui\u00e7\u00f5es p\u00fablicas brasileiras de Educa\u00e7\u00e3o Superior, em raz\u00e3o de sua fun\u00e7\u00e3o social, deve tornar p\u00fablicos seus atos e divulgar informa\u00e7\u00f5es<span style=\"font-weight: 400\"> com a inten\u00e7\u00e3o de permitir o <\/span>seu acompanhamento por parte de toda a sociedade. \u00c9 com este prop\u00f3sito que se apresenta o Painel Integrado de Indicadores e Informa\u00e7\u00f5es Institucionais.<\/div><div>\u00a0<\/div><div style=\"font-weight: 400\">Cabe destacar que, em seu processo de elabora\u00e7\u00e3o, foram considerados o contraste de cores, o quantitativo m\u00ednimo de informa\u00e7\u00f5es poss\u00edveis por p\u00e1gina e a realiza\u00e7\u00e3o do teste com o leitor de tela, a fim de favorecer a acessibilidade de quem navega pelo painel.<\/div><div>\u00a0<\/div><div style=\"font-weight: 400\"><span style=\"font-size: 1dem\">Para facilitar a navega\u00e7\u00e3o e a localiza\u00e7\u00e3o das informa\u00e7\u00f5es e indicadores institucionais, h\u00e1 duas diferentes entradas na se\u00e7\u00e3o \u201cPain\u00e9is Tem\u00e1ticos\u201d:<\/span><\/div><div style=\"font-weight: 400\"><ul style=\"list-style-type: circle;padding-left: 10px\"><li style=\"list-style-type: none\"><ul style=\"list-style-type: circle;padding-left: 10px\"><li>a que exibe informa\u00e7\u00f5es e indicadores institucionais acad\u00eamicos, relativos ao ensino de gradua\u00e7\u00e3o, ao ensino de p\u00f3s-gradua\u00e7\u00e3o, \u00e0 pesquisa, \u00e0 extens\u00e3o, \u00e0 internacionaliza\u00e7\u00e3o e \u00e0 assist\u00eancia estudantil da UNILA;<\/li><li>a que destaca indicadores que s\u00e3o calculados ou solicitados por inst\u00e2ncias externas \u00e0 UNILA, como o Minist\u00e9rio da Educa\u00e7\u00e3o (MEC) e o Tribunal de Contas da Uni\u00e3o (TCU).<\/li><\/ul><\/li><\/ul><\/div><div>\u00a0<\/div><div style=\"font-weight: 400\">J\u00e1 na aba \u201cPainel LEME\u201d, em processo de constru\u00e7\u00e3o, por etapas, poder\u00e3o ser consultados pain\u00e9is para a visualiza\u00e7\u00e3o de informa\u00e7\u00f5es relevantes sobre cada um dos quatro Institutos Latino-Americanos da UNILA e sobre os cursos de gradua\u00e7\u00e3o por eles ofertados.<\/div><div>\u00a0<\/div><div style=\"font-weight: 400\">Os usu\u00e1rios e as usu\u00e1rias que necessitarem de ajuda para realizar a busca de indicadores e informa\u00e7\u00f5es nos pain\u00e9is disponibilizados encontram orienta\u00e7\u00f5es, em formatos diversos, na aba \u201cMateriais de apoio\u201d.<\/div>\t\t\t\t\t\t\t\t<\/div>\n\t\t\t\t<\/div>\n\t\t\t\t\t<\/div>\n\t\t<\/div>\n\t\t\t\t\t<\/div>\n\t\t<\/section>\n\t\t\t\t<section class=\"has_eae_slider elementor-section elementor-top-section elementor-element elementor-element-ad30f62 elementor-section-boxed elementor-section-height-default elementor-section-height-default wpr-particle-no wpr-jarallax-no wpr-parallax-no wpr-sticky-section-no wpr-equal-height-no elementor-invisible\" data-eae-slider=\"66062\" data-id=\"ad30f62\" data-element_type=\"section\" data-e-type=\"section\" data-settings=\"{&quot;animation&quot;:&quot;fadeInUp&quot;}\">\n\t\t\t\t\t\t<div class=\"elementor-container elementor-column-gap-default\">\n\t\t\t\t\t<div class=\"has_eae_slider elementor-column elementor-col-100 elementor-top-column elementor-element elementor-element-81bbe5e\" data-eae-slider=\"37543\" data-id=\"81bbe5e\" data-element_type=\"column\" data-e-type=\"column\">\n\t\t\t<div class=\"elementor-widget-wrap elementor-element-populated\">\n\t\t\t\t\t\t<div class=\"elementor-element elementor-element-042cbc5 elementor-align-start envato-kit-175-list-style-light animated-fast elementor-mobile-align-center elementor-icon-list--layout-traditional elementor-list-item-link-full_width elementor-invisible elementor-widget elementor-widget-icon-list\" data-id=\"042cbc5\" data-element_type=\"widget\" data-e-type=\"widget\" data-settings=\"{&quot;_animation&quot;:&quot;fadeInUp&quot;}\" data-widget_type=\"icon-list.default\">\n\t\t\t\t<div class=\"elementor-widget-container\">\n\t\t\t\t\t\t\t<ul class=\"elementor-icon-list-items\">\n\t\t\t\t\t\t\t<li class=\"elementor-icon-list-item\">\n\t\t\t\t\t\t\t\t\t\t\t<span class=\"elementor-icon-list-icon\">\n\t\t\t\t\t\t\t\t\t\t\t\t\t<\/span>\n\t\t\t\t\t\t\t\t\t\t<span class=\"elementor-icon-list-text\">Destaques:<\/span>\n\t\t\t\t\t\t\t\t\t<\/li>\n\t\t\t\t\t\t<\/ul>\n\t\t\t\t\t\t<\/div>\n\t\t\t\t<\/div>\n\t\t\t\t\t<\/div>\n\t\t<\/div>\n\t\t\t\t\t<\/div>\n\t\t<\/section>\n\t\t\t\t<section class=\"has_eae_slider elementor-section elementor-top-section elementor-element elementor-element-cbed45e elementor-section-boxed elementor-section-height-default elementor-section-height-default wpr-particle-no wpr-jarallax-no wpr-parallax-no wpr-sticky-section-no wpr-equal-height-no elementor-invisible\" data-eae-slider=\"59046\" data-id=\"cbed45e\" data-element_type=\"section\" data-e-type=\"section\" data-settings=\"{&quot;animation&quot;:&quot;fadeInUp&quot;}\">\n\t\t\t\t\t\t<div class=\"elementor-container elementor-column-gap-default\">\n\t\t\t\t\t<div class=\"has_eae_slider elementor-column elementor-col-20 elementor-top-column elementor-element elementor-element-7312b8b animated-fast elementor-invisible\" data-eae-slider=\"96873\" data-id=\"7312b8b\" data-element_type=\"column\" data-e-type=\"column\" data-settings=\"{&quot;background_background&quot;:&quot;classic&quot;,&quot;animation&quot;:&quot;fadeInUp&quot;,&quot;animation_delay&quot;:&quot;300&quot;}\">\n\t\t\t<div class=\"elementor-widget-wrap elementor-element-populated\">\n\t\t\t\t\t<div class=\"elementor-background-overlay\"><\/div>\n\t\t\t\t\t\t<div class=\"elementor-element elementor-element-d3cab8d elementor-widget__width-initial elementor-widget elementor-widget-image\" data-id=\"d3cab8d\" data-element_type=\"widget\" data-e-type=\"widget\" data-widget_type=\"image.default\">\n\t\t\t\t<div class=\"elementor-widget-container\">\n\t\t\t\t\t\t\t\t\t\t\t\t\t\t\t\t<a href=\"https:\/\/divulga.unila.edu.br\/painelintegrado\/leme-institutos\/\">\n\t\t\t\t\t\t\t<img fetchpriority=\"high\" decoding=\"async\" width=\"525\" height=\"296\" src=\"https:\/\/divulga.unila.edu.br\/painelintegrado\/wp-content\/uploads\/sites\/26\/2024\/09\/Pagina-Paineis-Tematicos-1024x577.png\" class=\"attachment-large size-large wp-image-5574\" alt=\"Pain\u00e9is tem\u00e1ticos\" srcset=\"https:\/\/divulga.unila.edu.br\/painelintegrado\/wp-content\/uploads\/sites\/26\/2024\/09\/Pagina-Paineis-Tematicos-1024x577.png 1024w, https:\/\/divulga.unila.edu.br\/painelintegrado\/wp-content\/uploads\/sites\/26\/2024\/09\/Pagina-Paineis-Tematicos-300x169.png 300w, https:\/\/divulga.unila.edu.br\/painelintegrado\/wp-content\/uploads\/sites\/26\/2024\/09\/Pagina-Paineis-Tematicos-768x433.png 768w, https:\/\/divulga.unila.edu.br\/painelintegrado\/wp-content\/uploads\/sites\/26\/2024\/09\/Pagina-Paineis-Tematicos-1536x865.png 1536w, https:\/\/divulga.unila.edu.br\/painelintegrado\/wp-content\/uploads\/sites\/26\/2024\/09\/Pagina-Paineis-Tematicos-205x116.png 205w, https:\/\/divulga.unila.edu.br\/painelintegrado\/wp-content\/uploads\/sites\/26\/2024\/09\/Pagina-Paineis-Tematicos-480x270.png 480w, https:\/\/divulga.unila.edu.br\/painelintegrado\/wp-content\/uploads\/sites\/26\/2024\/09\/Pagina-Paineis-Tematicos.png 1640w\" sizes=\"(max-width: 525px) 100vw, 525px\" \/>\t\t\t\t\t\t\t\t<\/a>\n\t\t\t\t\t\t\t\t\t\t\t\t\t\t\t<\/div>\n\t\t\t\t<\/div>\n\t\t\t\t<div class=\"elementor-element elementor-element-ab67741 elementor-align-center elementor-widget elementor-widget-button\" data-id=\"ab67741\" data-element_type=\"widget\" data-e-type=\"widget\" data-widget_type=\"button.default\">\n\t\t\t\t<div class=\"elementor-widget-container\">\n\t\t\t\t\t\t\t\t\t<div class=\"elementor-button-wrapper\">\n\t\t\t\t\t<a class=\"elementor-button elementor-button-link elementor-size-sm\" href=\"https:\/\/divulga.unila.edu.br\/painelintegrado\/\">\n\t\t\t\t\t\t<span class=\"elementor-button-content-wrapper\">\n\t\t\t\t\t\t\t\t\t<span class=\"elementor-button-text\">Pain\u00e9is Tem\u00e1ticos<\/span>\n\t\t\t\t\t<\/span>\n\t\t\t\t\t<\/a>\n\t\t\t\t<\/div>\n\t\t\t\t\t\t\t\t<\/div>\n\t\t\t\t<\/div>\n\t\t\t\t\t<\/div>\n\t\t<\/div>\n\t\t\t\t<div class=\"has_eae_slider elementor-column elementor-col-20 elementor-top-column elementor-element elementor-element-25d98cb animated-fast elementor-invisible\" data-eae-slider=\"91190\" data-id=\"25d98cb\" data-element_type=\"column\" data-e-type=\"column\" data-settings=\"{&quot;background_background&quot;:&quot;classic&quot;,&quot;animation&quot;:&quot;fadeInUp&quot;,&quot;animation_delay&quot;:&quot;400&quot;}\">\n\t\t\t<div class=\"elementor-widget-wrap elementor-element-populated\">\n\t\t\t\t\t<div class=\"elementor-background-overlay\"><\/div>\n\t\t\t\t\t\t<div class=\"elementor-element elementor-element-d80968a elementor-widget elementor-widget-image\" data-id=\"d80968a\" data-element_type=\"widget\" data-e-type=\"widget\" data-widget_type=\"image.default\">\n\t\t\t\t<div class=\"elementor-widget-container\">\n\t\t\t\t\t\t\t\t\t\t\t\t\t\t\t<img decoding=\"async\" width=\"525\" height=\"296\" src=\"https:\/\/divulga.unila.edu.br\/painelintegrado\/wp-content\/uploads\/sites\/26\/2024\/09\/Pagina-LEME-1024x577.png\" class=\"attachment-large size-large wp-image-5625\" alt=\"Painel LEME Institutos\" srcset=\"https:\/\/divulga.unila.edu.br\/painelintegrado\/wp-content\/uploads\/sites\/26\/2024\/09\/Pagina-LEME-1024x577.png 1024w, https:\/\/divulga.unila.edu.br\/painelintegrado\/wp-content\/uploads\/sites\/26\/2024\/09\/Pagina-LEME-300x169.png 300w, https:\/\/divulga.unila.edu.br\/painelintegrado\/wp-content\/uploads\/sites\/26\/2024\/09\/Pagina-LEME-768x433.png 768w, https:\/\/divulga.unila.edu.br\/painelintegrado\/wp-content\/uploads\/sites\/26\/2024\/09\/Pagina-LEME-1536x865.png 1536w, https:\/\/divulga.unila.edu.br\/painelintegrado\/wp-content\/uploads\/sites\/26\/2024\/09\/Pagina-LEME-205x116.png 205w, https:\/\/divulga.unila.edu.br\/painelintegrado\/wp-content\/uploads\/sites\/26\/2024\/09\/Pagina-LEME-480x270.png 480w, https:\/\/divulga.unila.edu.br\/painelintegrado\/wp-content\/uploads\/sites\/26\/2024\/09\/Pagina-LEME.png 1640w\" sizes=\"(max-width: 525px) 100vw, 525px\" \/>\t\t\t\t\t\t\t\t\t\t\t\t\t\t\t<\/div>\n\t\t\t\t<\/div>\n\t\t\t\t<div class=\"elementor-element elementor-element-8269aef elementor-widget elementor-widget-button\" data-id=\"8269aef\" data-element_type=\"widget\" data-e-type=\"widget\" data-widget_type=\"button.default\">\n\t\t\t\t<div class=\"elementor-widget-container\">\n\t\t\t\t\t\t\t\t\t<div class=\"elementor-button-wrapper\">\n\t\t\t\t\t<a class=\"elementor-button elementor-button-link elementor-size-sm\" href=\"https:\/\/divulga.unila.edu.br\/painelintegrado\/leme-institutos\/\">\n\t\t\t\t\t\t<span class=\"elementor-button-content-wrapper\">\n\t\t\t\t\t\t\t\t\t<span class=\"elementor-button-text\">Painel LEME Institutos<\/span>\n\t\t\t\t\t<\/span>\n\t\t\t\t\t<\/a>\n\t\t\t\t<\/div>\n\t\t\t\t\t\t\t\t<\/div>\n\t\t\t\t<\/div>\n\t\t\t\t\t<\/div>\n\t\t<\/div>\n\t\t\t\t<div class=\"has_eae_slider elementor-column elementor-col-20 elementor-top-column elementor-element elementor-element-fa9a2d4 animated-fast elementor-invisible\" data-eae-slider=\"89273\" data-id=\"fa9a2d4\" data-element_type=\"column\" data-e-type=\"column\" data-settings=\"{&quot;background_background&quot;:&quot;classic&quot;,&quot;animation&quot;:&quot;fadeInUp&quot;,&quot;animation_delay&quot;:&quot;400&quot;}\">\n\t\t\t<div class=\"elementor-widget-wrap elementor-element-populated\">\n\t\t\t\t\t<div class=\"elementor-background-overlay\"><\/div>\n\t\t\t\t\t\t<div class=\"elementor-element elementor-element-751f361 elementor-widget elementor-widget-image\" data-id=\"751f361\" data-element_type=\"widget\" data-e-type=\"widget\" data-widget_type=\"image.default\">\n\t\t\t\t<div class=\"elementor-widget-container\">\n\t\t\t\t\t\t\t\t\t\t\t\t\t\t\t<img decoding=\"async\" width=\"525\" height=\"296\" src=\"https:\/\/divulga.unila.edu.br\/painelintegrado\/wp-content\/uploads\/sites\/26\/2024\/09\/Pagina-Materiais-de-Apoio-1024x577.png\" class=\"attachment-large size-large wp-image-5604\" alt=\"Materiais de apoio \u00e0 navega\u00e7\u00e3o\" srcset=\"https:\/\/divulga.unila.edu.br\/painelintegrado\/wp-content\/uploads\/sites\/26\/2024\/09\/Pagina-Materiais-de-Apoio-1024x577.png 1024w, https:\/\/divulga.unila.edu.br\/painelintegrado\/wp-content\/uploads\/sites\/26\/2024\/09\/Pagina-Materiais-de-Apoio-300x169.png 300w, https:\/\/divulga.unila.edu.br\/painelintegrado\/wp-content\/uploads\/sites\/26\/2024\/09\/Pagina-Materiais-de-Apoio-768x433.png 768w, https:\/\/divulga.unila.edu.br\/painelintegrado\/wp-content\/uploads\/sites\/26\/2024\/09\/Pagina-Materiais-de-Apoio-1536x865.png 1536w, https:\/\/divulga.unila.edu.br\/painelintegrado\/wp-content\/uploads\/sites\/26\/2024\/09\/Pagina-Materiais-de-Apoio-205x116.png 205w, https:\/\/divulga.unila.edu.br\/painelintegrado\/wp-content\/uploads\/sites\/26\/2024\/09\/Pagina-Materiais-de-Apoio-480x270.png 480w, https:\/\/divulga.unila.edu.br\/painelintegrado\/wp-content\/uploads\/sites\/26\/2024\/09\/Pagina-Materiais-de-Apoio.png 1640w\" sizes=\"(max-width: 525px) 100vw, 525px\" \/>\t\t\t\t\t\t\t\t\t\t\t\t\t\t\t<\/div>\n\t\t\t\t<\/div>\n\t\t\t\t<div class=\"elementor-element elementor-element-e4e854d elementor-widget elementor-widget-button\" data-id=\"e4e854d\" data-element_type=\"widget\" data-e-type=\"widget\" data-widget_type=\"button.default\">\n\t\t\t\t<div class=\"elementor-widget-container\">\n\t\t\t\t\t\t\t\t\t<div class=\"elementor-button-wrapper\">\n\t\t\t\t\t<a class=\"elementor-button elementor-button-link elementor-size-sm\" href=\"https:\/\/divulga.unila.edu.br\/painelintegrado\/orientacoes\/\">\n\t\t\t\t\t\t<span class=\"elementor-button-content-wrapper\">\n\t\t\t\t\t\t\t\t\t<span class=\"elementor-button-text\">Como consultar o Painel<\/span>\n\t\t\t\t\t<\/span>\n\t\t\t\t\t<\/a>\n\t\t\t\t<\/div>\n\t\t\t\t\t\t\t\t<\/div>\n\t\t\t\t<\/div>\n\t\t\t\t\t<\/div>\n\t\t<\/div>\n\t\t\t\t<div class=\"has_eae_slider elementor-column elementor-col-20 elementor-top-column elementor-element elementor-element-a2b7b66 animated-fast elementor-invisible\" data-eae-slider=\"30767\" data-id=\"a2b7b66\" data-element_type=\"column\" data-e-type=\"column\" data-settings=\"{&quot;background_background&quot;:&quot;classic&quot;,&quot;animation&quot;:&quot;fadeInUp&quot;,&quot;animation_delay&quot;:&quot;400&quot;}\">\n\t\t\t<div class=\"elementor-widget-wrap\">\n\t\t\t\t\t<div class=\"elementor-background-overlay\"><\/div>\n\t\t\t\t\t\t\t<\/div>\n\t\t<\/div>\n\t\t\t\t<div class=\"has_eae_slider elementor-column elementor-col-20 elementor-top-column elementor-element elementor-element-d82ccaf animated-fast elementor-invisible\" data-eae-slider=\"83129\" data-id=\"d82ccaf\" data-element_type=\"column\" data-e-type=\"column\" data-settings=\"{&quot;background_background&quot;:&quot;classic&quot;,&quot;animation&quot;:&quot;fadeInUp&quot;,&quot;animation_delay&quot;:&quot;400&quot;}\">\n\t\t\t<div class=\"elementor-widget-wrap\">\n\t\t\t\t\t<div class=\"elementor-background-overlay\"><\/div>\n\t\t\t\t\t\t\t<\/div>\n\t\t<\/div>\n\t\t\t\t\t<\/div>\n\t\t<\/section>\n\t\t\t\t<\/div>\n\t\t","protected":false},"excerpt":{"rendered":"<p>SOBRE O PAINEL INTEGRADO http:\/\/divulga.unila.edu.br\/painelintegrado\/wp-content\/uploads\/sites\/26\/2024\/09\/NOVO-Animacoes-Painel-1.mp4A Universidade Federal da Integra\u00e7\u00e3o Latino-Americana, assim como as demais institui\u00e7\u00f5es p\u00fablicas brasileiras de Educa\u00e7\u00e3o Superior, em raz\u00e3o de sua fun\u00e7\u00e3o social, deve tornar p\u00fablicos seus atos e divulgar informa\u00e7\u00f5es com a inten\u00e7\u00e3o de permitir o seu acompanhamento por parte de toda a sociedade. \u00c9 com este prop\u00f3sito que se apresenta o Painel Integrado de Indicadores e Informa\u00e7\u00f5es Institucionais.\u00a0Cabe destacar que, em seu processo de elabora\u00e7\u00e3o, foram considerados o contraste de cores, o quantitativo m\u00ednimo de informa\u00e7\u00f5es poss\u00edveis por p\u00e1gina e a realiza\u00e7\u00e3o do teste com o leitor de tela, a fim de favorecer a acessibilidade de quem navega pelo painel.\u00a0Para facilitar a navega\u00e7\u00e3o e a localiza\u00e7\u00e3o das informa\u00e7\u00f5es e indicadores institucionais, h\u00e1 duas diferentes entradas na se\u00e7\u00e3o \u201cPain\u00e9is Tem\u00e1ticos\u201d: a que exibe informa\u00e7\u00f5es e indicadores institucionais acad\u00eamicos, relativos ao ensino de gradua\u00e7\u00e3o, ao ensino de p\u00f3s-gradua\u00e7\u00e3o, \u00e0 pesquisa, \u00e0 extens\u00e3o, \u00e0 internacionaliza\u00e7\u00e3o e \u00e0 assist\u00eancia estudantil da UNILA; a que destaca indicadores que s\u00e3o calculados ou solicitados por inst\u00e2ncias externas \u00e0 UNILA, como o Minist\u00e9rio da Educa\u00e7\u00e3o (MEC) e o Tribunal de Contas da Uni\u00e3o (TCU). \u00a0J\u00e1 na aba \u201cPainel LEME\u201d, em processo de constru\u00e7\u00e3o, por etapas, poder\u00e3o ser consultados pain\u00e9is para a visualiza\u00e7\u00e3o de informa\u00e7\u00f5es relevantes sobre cada um dos quatro Institutos Latino-Americanos da UNILA e sobre os cursos de gradua\u00e7\u00e3o por eles ofertados.\u00a0Os usu\u00e1rios e as usu\u00e1rias que necessitarem de ajuda para realizar a busca de indicadores e informa\u00e7\u00f5es nos pain\u00e9is disponibilizados encontram orienta\u00e7\u00f5es, em formatos diversos, na aba \u201cMateriais de apoio\u201d. Destaques: Pain\u00e9is Tem\u00e1ticos Painel LEME Institutos Como consultar o Painel<\/p>\n","protected":false},"author":5,"featured_media":0,"parent":0,"menu_order":0,"comment_status":"closed","ping_status":"closed","template":"elementor_header_footer","meta":{"_uag_custom_page_level_css":"","_themeisle_gutenberg_block_has_review":false,"footnotes":""},"class_list":["post-60","page","type-page","status-publish","hentry"],"uagb_featured_image_src":{"full":false,"thumbnail":false,"medium":false,"medium_large":false,"large":false,"1536x1536":false,"2048x2048":false,"htmega_size_585x295":false,"htmega_size_1170x536":false,"htmega_size_396x360":false,"tainacan-small":false,"tainacan-medium":false,"tainacan-medium-full":false,"tainacan-large-full":false,"iqra-education-featured-image":false,"iqra-education-thumbnail-avatar":false},"uagb_author_info":{"display_name":"roberta.moreno","author_link":"https:\/\/divulga.unila.edu.br\/painelintegrado\/blog\/author\/roberta\/"},"uagb_comment_info":0,"uagb_excerpt":"SOBRE O PAINEL INTEGRADO http:\/\/divulga.unila.edu.br\/painelintegrado\/wp-content\/uploads\/sites\/26\/2024\/09\/NOVO-Animacoes-Painel-1.mp4A Universidade Federal da Integra\u00e7\u00e3o Latino-Americana, assim como as demais institui\u00e7\u00f5es p\u00fablicas brasileiras de Educa\u00e7\u00e3o Superior, em raz\u00e3o de sua fun\u00e7\u00e3o social, deve tornar p\u00fablicos seus atos e divulgar informa\u00e7\u00f5es com a inten\u00e7\u00e3o de permitir o seu acompanhamento por parte de toda a sociedade. \u00c9 com este prop\u00f3sito que se apresenta&hellip;","_links":{"self":[{"href":"https:\/\/divulga.unila.edu.br\/painelintegrado\/wp-json\/wp\/v2\/pages\/60","targetHints":{"allow":["GET"]}}],"collection":[{"href":"https:\/\/divulga.unila.edu.br\/painelintegrado\/wp-json\/wp\/v2\/pages"}],"about":[{"href":"https:\/\/divulga.unila.edu.br\/painelintegrado\/wp-json\/wp\/v2\/types\/page"}],"author":[{"embeddable":true,"href":"https:\/\/divulga.unila.edu.br\/painelintegrado\/wp-json\/wp\/v2\/users\/5"}],"replies":[{"embeddable":true,"href":"https:\/\/divulga.unila.edu.br\/painelintegrado\/wp-json\/wp\/v2\/comments?post=60"}],"version-history":[{"count":544,"href":"https:\/\/divulga.unila.edu.br\/painelintegrado\/wp-json\/wp\/v2\/pages\/60\/revisions"}],"predecessor-version":[{"id":6291,"href":"https:\/\/divulga.unila.edu.br\/painelintegrado\/wp-json\/wp\/v2\/pages\/60\/revisions\/6291"}],"wp:attachment":[{"href":"https:\/\/divulga.unila.edu.br\/painelintegrado\/wp-json\/wp\/v2\/media?parent=60"}],"curies":[{"name":"wp","href":"https:\/\/api.w.org\/{rel}","templated":true}]}}