{"id":672,"date":"2026-01-03T23:55:35","date_gmt":"2026-01-04T02:55:35","guid":{"rendered":"https:\/\/divulga.unila.edu.br\/maloca\/?page_id=672"},"modified":"2026-01-04T22:12:17","modified_gmt":"2026-01-05T01:12:17","slug":"nota-em-defesa-da-soberania-da-venezuela-do-poder-popular-e-da-patria-grande","status":"publish","type":"page","link":"https:\/\/divulga.unila.edu.br\/maloca\/nota-em-defesa-da-soberania-da-venezuela-do-poder-popular-e-da-patria-grande\/","title":{"rendered":"Nota: Em defesa da soberania da Venezuela, do poder popular e da P\u00e1tria Grande"},"content":{"rendered":"\n<div style=\"height:100px\" aria-hidden=\"true\" class=\"wp-block-spacer\"><\/div>\n\n\n\n<p>O Maloca \u2014 Grupo de Estudos em Urbanismo do Sul da Universidade Federal da Integra\u00e7\u00e3o Latino-Americana (UNILA), com sede em Foz do Igua\u00e7u, Brasil, que desde 2013 atua na defesa da autonomia e soberania dos povos, vem a p\u00fablico manifestar seu veemente recha\u00e7o \u00e0 escalada da agress\u00e3o imperialista contra a Venezuela impetrada pelos Estados Unidos da Am\u00e9rica.&nbsp;<\/p>\n\n\n\n<p>Esta ofensiva representa uma grave amea\u00e7a ao povo venezuelano e, sobretudo, \u00e0 estabilidade e \u00e0 autodetermina\u00e7\u00e3o de toda a P\u00e1tria Grande. Diante deste cen\u00e1rio cr\u00edtico, evocamos a mem\u00f3ria e a luta de Sim\u00f3n Bol\u00edvar, que combateu a inger\u00eancia colonial da Espanha e, com lucidez hist\u00f3rica, anteviu os perigos vindouros do Norte, cuja sanha de domina\u00e7\u00e3o foi proclamada pelo presidente daquele emergente pa\u00eds, no in\u00edcio do s\u00e9culo XIX, sob o lema <em>\u201ca Am\u00e9rica para os americanos\u201d.<\/em> A advert\u00eancia de Bol\u00edvar, em 1829, permanece perturbadoramente atual ao afirmar que \u201cos Estados Unidos parecem destinados pela Provid\u00eancia a espalhar a praga da mis\u00e9ria pela Am\u00e9rica, em nome da liberdade\u201d. Seu diagn\u00f3stico pol\u00edtico tem sido confirmado ao longo de dois s\u00e9culos de interven\u00e7\u00f5es, bloqueios, golpes e, agora, guerras h\u00edbridas no continente.<\/p>\n\n\n\n<p>A Venezuela \u2014 ber\u00e7o de Guaicaipuro, Miranda, Bol\u00edvar, Luisa C\u00e1ceres, Juana La Avanzadora e tantos outros e outras \u2014 honra essa linhagem de resist\u00eancia ao recusar ser quintal de pot\u00eancias estrangeiras!<\/p>\n\n\n\n<p>O cerco hodierno possui alvos n\u00edtidos, explicitados na ret\u00f3rica de Donald Trump: o sequestro de lideran\u00e7as pol\u00edticas e a confiss\u00e3o aberta do desejo de se apoderar do petr\u00f3leo venezuelano, com justificativas esp\u00farias, tomando posse das riquezas alheias.&nbsp;<\/p>\n\n\n\n<p>Este ataque n\u00e3o tem nada a ver com a alegada &#8220;defesa da democracia\u201d. Pelo contr\u00e1rio, trata-se da imposi\u00e7\u00e3o de um modelo extrativista predat\u00f3rio que tende a se espalhar por todo o continente, a partir da invas\u00e3o da Venezuela. Tal inger\u00eancia aprofunda uma l\u00f3gica de explora\u00e7\u00e3o que ignora a soberania nacional e agravar\u00e1 severamente as condi\u00e7\u00f5es clim\u00e1ticas do pa\u00eds, que j\u00e1 vivencia momentos ambientais cr\u00edticos. Deve-se atentar, ademais, para a invas\u00e3o de um pa\u00eds amaz\u00f4nico, regi\u00e3o com a maior biodiversidade do planeta, imputando riscos reais de destrui\u00e7\u00e3o, por um lado, e saque e espolia\u00e7\u00e3o das riquezas, por outro, colocando em alerta os pa\u00edses lim\u00edtrofes em defesa da floresta e seus povos.<\/p>\n\n\n\n<p>A seguran\u00e7a das comunidades e dos territ\u00f3rios venezuelanos encontra-se sob amea\u00e7a direta. As pol\u00edticas de cerco e intimida\u00e7\u00e3o recaem desigualmente sobre as popula\u00e7\u00f5es mais vulner\u00e1veis, comprometendo o direito b\u00e1sico de viver, circular e permanecer no pr\u00f3prio territ\u00f3rio. Para al\u00e9m da ret\u00f3rica diplom\u00e1tica, trata-se de uma ofensiva que busca desorganizar a vida cotidiana, interromper la\u00e7os comunit\u00e1rios e inviabilizar formas coletivas de cuidado e decis\u00e3o. O alvo \u00e9 tanto 0 governo, quanto os processos sociais que sustentam experi\u00eancias de democracia direta, autogest\u00e3o e Poder Popular, pilares de projetos de autonomia que o urbanismo do Sul reconhece e defende.<\/p>\n\n\n\n<p>N\u00e3o h\u00e1 horizonte real de paz, democracia ou liberdade enquanto a ordem capitalista seguir sustentada por dispositivos militares e imperiais. Diante desse cen\u00e1rio, afirmamos n\u00e3o haver neutralidade poss\u00edvel frente \u00e0 viol\u00eancia imperialista. Como grupo de pesquisa comprometido com as realidades latino-americanas, rejeitamos qualquer forma de tutela externa que submeta povos e territ\u00f3rios \u00e0 l\u00f3gica da for\u00e7a, do saque e da domina\u00e7\u00e3o. Reiteramos nosso posicionamento pelo fim imediato das san\u00e7\u00f5es, pela interrup\u00e7\u00e3o do saque dos bens comuns e contra toda tentativa de interven\u00e7\u00e3o militar ou pol\u00edtica.&nbsp;<\/p>\n\n\n\n<p class=\"has-secondary-color has-text-color has-link-color wp-elements-c8284ef3bf9ffa55c31e09dd8d53dbc8\">Defender a soberania da Venezuela \u00e9 tamb\u00e9m defender o direito dos povos do Sul de imaginar e construir seus pr\u00f3prios futuros, sem coer\u00e7\u00e3o, sem ocupa\u00e7\u00e3o e sem projetos impostos de fora.<\/p>\n\n\n\n<p class=\"has-background-color has-vivid-red-background-color has-text-color has-background has-link-color wp-elements-1c04b13781f04e4c52feb76965b0aa96\" style=\"font-size:clamp(14.082px, 0.88rem + ((1vw - 3.2px) * 0.786), 21px);\"><strong>Todo apoio \u00e0 soberania da Venezuela! Pelo direito dos povos do Sul \u00e0 autodetermina\u00e7\u00e3o, contra o saque imperialista e colonizador e por futuros constru\u00eddos a partir do Poder Popular na Am\u00e9rica Latina.<\/strong><\/p>\n\n\n\n<p>Foz do Igua\u00e7u, 03 de janeiro de 2026.<\/p>\n\n\n\n<div style=\"height:47px\" aria-hidden=\"true\" class=\"wp-block-spacer\"><\/div>\n\n\n\n<p style=\"font-size:10px\">Esta nota foi elaborada coletivamente, com a colabora\u00e7\u00e3o direta de pesquisadoras e pesquisadores venezuelanos que integram o Maloca.<\/p>\n\n\n\n<p style=\"font-size:10px\">Imagem: <a href=\"https:\/\/www.instagram.com\/madeleintelesur\/\" target=\"_blank\" rel=\"noreferrer noopener\">Madelein Garcia<\/a>\/Instagram<\/p>\n\n\n\n<div style=\"height:100px\" aria-hidden=\"true\" class=\"wp-block-spacer\"><\/div>\n\n\n\n<p class=\"has-primary-color has-text-color has-link-color wp-elements-55055cb64e9bd128967ac6f8f10eccc3\" style=\"font-size:clamp(18.959px, 1.185rem + ((1vw - 3.2px) * 1.255), 30px);\"><strong>Nota de repudio &#8211; En defensa de la soberan\u00eda de Venezuela, del poder popular y de la Patria Grande<\/strong><\/p>\n\n\n\n<p class=\"has-primary-color has-text-color has-link-color wp-elements-a4bbbc7457dcd0de4e426a47de8d0d70\">El Maloca &#8211; Grupo de Estudios en Urbanismo del Sur de la Universidad Federal de la Integraci\u00f3n Latinoamericana (UNILA), con sede en Foz do Igua\u00e7u, Brasil, que desde 2013 act\u00faa en defensa de la autonom\u00eda y soberan\u00eda de los pueblos, viene a p\u00fablico a manifestar su vehemente repudio a la escalada de agresi\u00f3n imperialista contra Venezuela promovida por los Estados Unidos.<\/p>\n\n\n\n<p class=\"has-primary-color has-text-color has-link-color wp-elements-3c06f51e5e1167d36bae001d6142fcd4\">Tal ofensiva constituye una grave amenaza no solo para el pueblo venezolano, sino tambi\u00e9n para la estabilidad, la autodeterminaci\u00f3n y la soberan\u00eda de toda la Patria Grande. Ante este escenario cr\u00edtico, evocamos la memoria y la lucha de Sim\u00f3n Bol\u00edvar, quien combati\u00f3 la injerencia colonial de Espa\u00f1a y, con lucidez hist\u00f3rica, previ\u00f3 los peligros venideros del Norte, cuyas ansias de dominaci\u00f3n fueron proclamadas por el presidente de aquel pa\u00eds emergente, a inicios del siglo XIX, bajo el lema &#8220;Am\u00e9rica para los americanos&#8221;.<\/p>\n\n\n\n<p class=\"has-primary-color has-text-color has-link-color wp-elements-698c118b6e0a1903fcf00de9032b3cb8\">La advertencia de Bol\u00edvar, en 1829, permanece perturbadoramente vigente al afirmar que &#8220;los Estados Unidos parecen destinados por la Providencia a plagar la Am\u00e9rica de miserias en nombre de la libertad&#8221;. Su diagn\u00f3stico pol\u00edtico ha sido confirmado a lo largo de dos siglos de intervenciones, bloqueos, golpes y, ahora, guerras h\u00edbridas en el continente.<\/p>\n\n\n\n<p class=\"has-primary-color has-text-color has-link-color wp-elements-986eb0973711e31a8fe2d4d926fbe256\">\u00a1Venezuela, cuna de Guaicaipuro, Miranda, Bol\u00edvar, Luisa C\u00e1ceres, Juana La Avanzadora y tantos otros y otras, honra ese linaje de resistencia al rechazar ser el patio trasero de potencias extranjeras!<\/p>\n\n\n\n<p class=\"has-primary-color has-text-color has-link-color wp-elements-d19c1440e3b5fb1f6cff7ea98a959d71\">El cerco actual posee objetivos claramente definidos, explicitados en la ret\u00f3rica de Donald Trump: el secuestro de liderazgos pol\u00edticos y la confesi\u00f3n abierta del inter\u00e9s en apropiarse del petr\u00f3leo venezolano, tratando a una naci\u00f3n soberana como un activo econ\u00f3mico para ser saqueado. No se trata, por lo tanto, de ninguna &#8220;defensa de la democracia&#8221;. Al contrario, se trata de la imposici\u00f3n de un modelo extractivista depredador que amenaza con extenderse por todo el continente a partir de la invasi\u00f3n de Venezuela.<\/p>\n\n\n\n<p class=\"has-primary-color has-text-color has-link-color wp-elements-de236fbf1bd557fce282bedfb31156d6\">Esta injerencia viola la soberan\u00eda nacional, profundiza la dependencia econ\u00f3mica y agrava dram\u00e1ticamente la crisis clim\u00e1tica, sobre todo por afectar a un pa\u00eds amaz\u00f3nico, ubicado en una de las regiones de mayor biodiversidad del planeta. Los riesgos de destrucci\u00f3n ambiental, saqueo de riquezas naturales y militarizaci\u00f3n del territorio ponen en alerta no solo a Venezuela, sino a todos los pa\u00edses amaz\u00f3nicos y sus pueblos, exigiendo la movilizaci\u00f3n de los pa\u00edses lim\u00edtrofes en defensa de la selva y de sus poblaciones.<\/p>\n\n\n\n<p class=\"has-primary-color has-text-color has-link-color wp-elements-90941321a4ec2c603a585c9be70de9da\">La seguridad de las comunidades y de los territorios venezolanos se encuentra bajo amenaza directa. Las pol\u00edticas de asedio e intimidaci\u00f3n recaen desigualmente sobre las poblaciones m\u00e1s vulnerables, comprometiendo el derecho b\u00e1sico de vivir, circular y permanecer en el propio territorio.<\/p>\n\n\n\n<p class=\"has-primary-color has-text-color has-link-color wp-elements-b8865087513822ba669d37f7c1bba235\">M\u00e1s all\u00e1 de la ret\u00f3rica diplom\u00e1tica, se trata de una ofensiva que busca desorganizar la vida cotidiana, interrumpir lazos comunitarios e inviabilizar formas colectivas de cuidado y decisi\u00f3n. El blanco no es solo un gobierno, sino los procesos sociales que sustentan experiencias de democracia directa, autogesti\u00f3n y Poder Popular, pilares de proyectos de autonom\u00eda que el urbanismo del Sur reconoce y defiende.<\/p>\n\n\n\n<p class=\"has-primary-color has-text-color has-link-color wp-elements-f6da0fcf75128831928f1b7b258ff29c\">No hay horizonte real de paz, democracia o libertad mientras el orden capitalista siga sustentado por dispositivos militares e imperiales. El discurso que invoca la falacia de las &#8220;transiciones democr\u00e1ticas&#8221; ha operado como cobertura para acciones de fuerza, sanciones e intervenciones que ignoran cualquier principio de autodeterminaci\u00f3n.<\/p>\n\n\n\n<p class=\"has-primary-color has-text-color has-link-color wp-elements-7ac6e7e0f8052ba7327e5c04a1e8cc74\">Ante este escenario, afirmamos que no hay neutralidad posible frente a la violencia imperial. Como grupo de investigaci\u00f3n comprometido con las realidades latinoamericanas, rechazamos cualquier forma de tutela externa que someta a pueblos y territorios a la l\u00f3gica de la fuerza, del saqueo y de la dominaci\u00f3n. Reiteramos nuestra posici\u00f3n por el fin inmediato de las sanciones, por la interrupci\u00f3n del saqueo de los bienes comunes y contra todo intento de intervenci\u00f3n militar o pol\u00edtica. Defender la soberan\u00eda de Venezuela es tambi\u00e9n defender el derecho de los pueblos del Sur a imaginar y construir sus propios futuros, sin coacci\u00f3n, sin ocupaci\u00f3n y sin proyectos impuestos desde fuera.<\/p>\n\n\n\n<p class=\"has-background-color has-primary-background-color has-text-color has-background has-link-color wp-elements-e70d06bd93f9a144f39b518297490b00\" style=\"font-size:clamp(14.082px, 0.88rem + ((1vw - 3.2px) * 0.786), 21px);\">\u00a1Todo el apoyo a la soberan\u00eda de Venezuela! Por el derecho de los pueblos del Sur a la autodeterminaci\u00f3n, contra el saqueo imperial y por futuros construidos a partir del Poder Popular en Am\u00e9rica Latina.<\/p>\n\n\n\n<p class=\"has-primary-color has-text-color has-link-color wp-elements-6c8b8f42291b147d34d8c8d26df86938\">Nota &#8211; Em defesa da soberania da Venezuela, do poder popular e da P\u00e1tria Grande.docx &#8211; Documentos de Google<\/p>\n\n\n\n<p class=\"has-primary-color has-text-color has-link-color wp-elements-a4d23d23d56320a6725f4006e33172ce\">Foz do Igua\u00e7u, 03 de enero de 2026.<\/p>\n\n\n\n<p class=\"has-text-align-right\" style=\"font-size:10px\">x<\/p>\n\n\n\n<div style=\"height:47px\" aria-hidden=\"true\" class=\"wp-block-spacer\"><\/div>\n\n\n\n<p class=\"has-primary-color has-text-color has-link-color wp-elements-77a384971c0dfff0cc38c30574cf04de\" style=\"font-size:10px\">Esta nota fue elaborada colectivamente, con la colaboraci\u00f3n directa de investigadoras e investigadores venezolanos que integran el Maloca.<\/p>\n\n\n\n<p class=\"has-primary-color has-text-color has-link-color wp-elements-cef25dfd674795ca32684b9eff139011\" style=\"font-size:10px\">Imagen: <a href=\"https:\/\/www.instagram.com\/madeleintelesur\/\" target=\"_blank\" rel=\"noreferrer noopener\">Madelein Garcia<\/a>\/Instagram<\/p>\n\n\n\n<p><\/p>\n","protected":false},"excerpt":{"rendered":"<p>O Maloca \u2014 Grupo de Estudos em Urbanismo do Sul da Universidade Federal da Integra\u00e7\u00e3o Latino-Americana (UNILA), com sede em Foz do Igua\u00e7u, Brasil, que desde 2013 atua na defesa da autonomia e soberania dos povos, vem a p\u00fablico manifestar seu veemente recha\u00e7o \u00e0 escalada da agress\u00e3o imperialista contra a Venezuela impetrada pelos Estados Unidos da Am\u00e9rica.&nbsp; Esta ofensiva representa uma grave amea\u00e7a ao povo venezuelano e, sobretudo, \u00e0 estabilidade e \u00e0 autodetermina\u00e7\u00e3o de toda a P\u00e1tria Grande. Diante deste cen\u00e1rio cr\u00edtico, evocamos a mem\u00f3ria e a luta de Sim\u00f3n Bol\u00edvar, que combateu a inger\u00eancia colonial da Espanha e, com lucidez hist\u00f3rica, anteviu os perigos vindouros do Norte, cuja sanha de domina\u00e7\u00e3o foi proclamada pelo presidente daquele emergente pa\u00eds, no in\u00edcio do s\u00e9culo XIX, sob o lema \u201ca Am\u00e9rica para os americanos\u201d. A advert\u00eancia de Bol\u00edvar, em 1829, permanece perturbadoramente atual ao afirmar que \u201cos Estados Unidos parecem destinados pela Provid\u00eancia a espalhar a praga da mis\u00e9ria pela Am\u00e9rica, em nome da liberdade\u201d. Seu diagn\u00f3stico pol\u00edtico tem sido confirmado ao longo de dois s\u00e9culos de interven\u00e7\u00f5es, bloqueios, golpes e, agora, guerras h\u00edbridas no continente. A Venezuela \u2014 ber\u00e7o de Guaicaipuro, Miranda, Bol\u00edvar, Luisa C\u00e1ceres, Juana La Avanzadora e tantos outros e outras \u2014 honra essa linhagem de resist\u00eancia ao recusar ser quintal de pot\u00eancias estrangeiras! O cerco hodierno possui alvos n\u00edtidos, explicitados na ret\u00f3rica de Donald Trump: o sequestro de lideran\u00e7as pol\u00edticas e a confiss\u00e3o aberta do desejo de se apoderar do petr\u00f3leo venezuelano, com justificativas esp\u00farias, tomando posse das riquezas alheias.&nbsp; Este ataque n\u00e3o tem nada a ver com a alegada &#8220;defesa da democracia\u201d. Pelo contr\u00e1rio, trata-se da imposi\u00e7\u00e3o de um modelo extrativista predat\u00f3rio que tende a se espalhar por todo o continente, a partir da invas\u00e3o da Venezuela. Tal inger\u00eancia aprofunda uma l\u00f3gica de explora\u00e7\u00e3o que ignora a soberania nacional e agravar\u00e1 severamente as condi\u00e7\u00f5es clim\u00e1ticas do pa\u00eds, que j\u00e1 vivencia momentos ambientais cr\u00edticos. Deve-se atentar, ademais, para a invas\u00e3o de um pa\u00eds amaz\u00f4nico, regi\u00e3o com a maior biodiversidade do planeta, imputando riscos reais de destrui\u00e7\u00e3o, por um lado, e saque e espolia\u00e7\u00e3o das riquezas, por outro, colocando em alerta os pa\u00edses lim\u00edtrofes em defesa da floresta e seus povos. A seguran\u00e7a das comunidades e dos territ\u00f3rios venezuelanos encontra-se sob amea\u00e7a direta. As pol\u00edticas de cerco e intimida\u00e7\u00e3o recaem desigualmente sobre as popula\u00e7\u00f5es mais vulner\u00e1veis, comprometendo o direito b\u00e1sico de viver, circular e permanecer no pr\u00f3prio territ\u00f3rio. Para al\u00e9m da ret\u00f3rica diplom\u00e1tica, trata-se de uma ofensiva que busca desorganizar a vida cotidiana, interromper la\u00e7os comunit\u00e1rios e inviabilizar formas coletivas de cuidado e decis\u00e3o. O alvo \u00e9 tanto 0 governo, quanto os processos sociais que sustentam experi\u00eancias de democracia direta, autogest\u00e3o e Poder Popular, pilares de projetos de autonomia que o urbanismo do Sul reconhece e defende. N\u00e3o h\u00e1 horizonte real de paz, democracia ou liberdade enquanto a ordem capitalista seguir sustentada por dispositivos militares e imperiais. Diante desse cen\u00e1rio, afirmamos n\u00e3o haver neutralidade poss\u00edvel frente \u00e0 viol\u00eancia imperialista. Como grupo de pesquisa comprometido com as realidades latino-americanas, rejeitamos qualquer forma de tutela externa que submeta povos e territ\u00f3rios \u00e0 l\u00f3gica da for\u00e7a, do saque e da domina\u00e7\u00e3o. Reiteramos nosso posicionamento pelo fim imediato das san\u00e7\u00f5es, pela interrup\u00e7\u00e3o do saque dos bens comuns e contra toda tentativa de interven\u00e7\u00e3o militar ou pol\u00edtica.&nbsp; Defender a soberania da Venezuela \u00e9 tamb\u00e9m defender o direito dos povos do Sul de imaginar e construir seus pr\u00f3prios futuros, sem coer\u00e7\u00e3o, sem ocupa\u00e7\u00e3o e sem projetos impostos de fora. Todo apoio \u00e0 soberania da Venezuela! Pelo direito dos povos do Sul \u00e0 autodetermina\u00e7\u00e3o, contra o saque imperialista e colonizador e por futuros constru\u00eddos a partir do Poder Popular na Am\u00e9rica Latina. Foz do Igua\u00e7u, 03 de janeiro de 2026. Esta nota foi elaborada coletivamente, com a colabora\u00e7\u00e3o direta de pesquisadoras e pesquisadores venezuelanos que integram o Maloca. Imagem: Madelein Garcia\/Instagram Nota de repudio &#8211; En defensa de la soberan\u00eda de Venezuela, del poder popular y de la Patria Grande El Maloca &#8211; Grupo de Estudios en Urbanismo del Sur de la Universidad Federal de la Integraci\u00f3n Latinoamericana (UNILA), con sede en Foz do Igua\u00e7u, Brasil, que desde 2013 act\u00faa en defensa de la autonom\u00eda y soberan\u00eda de los pueblos, viene a p\u00fablico a manifestar su vehemente repudio a la escalada de agresi\u00f3n imperialista contra Venezuela promovida por los Estados Unidos. Tal ofensiva constituye una grave amenaza no solo para el pueblo venezolano, sino tambi\u00e9n para la estabilidad, la autodeterminaci\u00f3n y la soberan\u00eda de toda la Patria Grande. Ante este escenario cr\u00edtico, evocamos la memoria y la lucha de Sim\u00f3n Bol\u00edvar, quien combati\u00f3 la injerencia colonial de Espa\u00f1a y, con lucidez hist\u00f3rica, previ\u00f3 los peligros venideros del Norte, cuyas ansias de dominaci\u00f3n fueron proclamadas por el presidente de aquel pa\u00eds emergente, a inicios del siglo XIX, bajo el lema &#8220;Am\u00e9rica para los americanos&#8221;. La advertencia de Bol\u00edvar, en 1829, permanece perturbadoramente vigente al afirmar que &#8220;los Estados Unidos parecen destinados por la Providencia a plagar la Am\u00e9rica de miserias en nombre de la libertad&#8221;. Su diagn\u00f3stico pol\u00edtico ha sido confirmado a lo largo de dos siglos de intervenciones, bloqueos, golpes y, ahora, guerras h\u00edbridas en el continente. \u00a1Venezuela, cuna de Guaicaipuro, Miranda, Bol\u00edvar, Luisa C\u00e1ceres, Juana La Avanzadora y tantos otros y otras, honra ese linaje de resistencia al rechazar ser el patio trasero de potencias extranjeras! El cerco actual posee objetivos claramente definidos, explicitados en la ret\u00f3rica de Donald Trump: el secuestro de liderazgos pol\u00edticos y la confesi\u00f3n abierta del inter\u00e9s en apropiarse del petr\u00f3leo venezolano, tratando a una naci\u00f3n soberana como un activo econ\u00f3mico para ser saqueado. No se trata, por lo tanto, de ninguna &#8220;defensa de la democracia&#8221;. Al contrario, se trata de la imposici\u00f3n de un modelo extractivista depredador que amenaza con extenderse por todo el continente a partir de la invasi\u00f3n de Venezuela. Esta injerencia viola la soberan\u00eda nacional, profundiza la dependencia econ\u00f3mica y agrava dram\u00e1ticamente la crisis clim\u00e1tica, sobre todo por afectar a un pa\u00eds amaz\u00f3nico, ubicado en una de las regiones de mayor biodiversidad del planeta. Los riesgos<\/p>\n","protected":false},"author":59,"featured_media":669,"parent":0,"menu_order":0,"comment_status":"closed","ping_status":"closed","template":"","meta":{"_uag_custom_page_level_css":"","_themeisle_gutenberg_block_has_review":false,"footnotes":""},"class_list":["post-672","page","type-page","status-publish","has-post-thumbnail","hentry"],"uagb_featured_image_src":{"full":["https:\/\/divulga.unila.edu.br\/maloca\/wp-content\/uploads\/sites\/28\/2026\/01\/Captura-de-Tela-2026-01-03-as-21.46.12.png",1510,864,false],"thumbnail":["https:\/\/divulga.unila.edu.br\/maloca\/wp-content\/uploads\/sites\/28\/2026\/01\/Captura-de-Tela-2026-01-03-as-21.46.12-150x150.png",150,150,true],"medium":["https:\/\/divulga.unila.edu.br\/maloca\/wp-content\/uploads\/sites\/28\/2026\/01\/Captura-de-Tela-2026-01-03-as-21.46.12-300x172.png",300,172,true],"medium_large":["https:\/\/divulga.unila.edu.br\/maloca\/wp-content\/uploads\/sites\/28\/2026\/01\/Captura-de-Tela-2026-01-03-as-21.46.12-768x439.png",768,439,true],"large":["https:\/\/divulga.unila.edu.br\/maloca\/wp-content\/uploads\/sites\/28\/2026\/01\/Captura-de-Tela-2026-01-03-as-21.46.12-1024x586.png",1024,586,true],"1536x1536":["https:\/\/divulga.unila.edu.br\/maloca\/wp-content\/uploads\/sites\/28\/2026\/01\/Captura-de-Tela-2026-01-03-as-21.46.12.png",1510,864,false],"2048x2048":["https:\/\/divulga.unila.edu.br\/maloca\/wp-content\/uploads\/sites\/28\/2026\/01\/Captura-de-Tela-2026-01-03-as-21.46.12.png",1510,864,false],"htmega_size_585x295":["https:\/\/divulga.unila.edu.br\/maloca\/wp-content\/uploads\/sites\/28\/2026\/01\/Captura-de-Tela-2026-01-03-as-21.46.12-585x295.png",585,295,true],"htmega_size_1170x536":["https:\/\/divulga.unila.edu.br\/maloca\/wp-content\/uploads\/sites\/28\/2026\/01\/Captura-de-Tela-2026-01-03-as-21.46.12-1170x536.png",1170,536,true],"htmega_size_396x360":["https:\/\/divulga.unila.edu.br\/maloca\/wp-content\/uploads\/sites\/28\/2026\/01\/Captura-de-Tela-2026-01-03-as-21.46.12-396x360.png",396,360,true],"tainacan-small":["https:\/\/divulga.unila.edu.br\/maloca\/wp-content\/uploads\/sites\/28\/2026\/01\/Captura-de-Tela-2026-01-03-as-21.46.12-40x40.png",40,40,true],"tainacan-medium":["https:\/\/divulga.unila.edu.br\/maloca\/wp-content\/uploads\/sites\/28\/2026\/01\/Captura-de-Tela-2026-01-03-as-21.46.12-275x275.png",275,275,true],"tainacan-medium-full":["https:\/\/divulga.unila.edu.br\/maloca\/wp-content\/uploads\/sites\/28\/2026\/01\/Captura-de-Tela-2026-01-03-as-21.46.12-205x117.png",205,117,true],"tainacan-large-full":["https:\/\/divulga.unila.edu.br\/maloca\/wp-content\/uploads\/sites\/28\/2026\/01\/Captura-de-Tela-2026-01-03-as-21.46.12-480x275.png",480,275,true]},"uagb_author_info":{"display_name":"gabriel.cunha","author_link":"https:\/\/divulga.unila.edu.br\/maloca\/author\/gabrielcunha\/"},"uagb_comment_info":0,"uagb_excerpt":"O Maloca \u2014 Grupo de Estudos em Urbanismo do Sul da Universidade Federal da Integra\u00e7\u00e3o Latino-Americana (UNILA), com sede em Foz do Igua\u00e7u, Brasil, que desde 2013 atua na defesa da autonomia e soberania dos povos, vem a p\u00fablico manifestar seu veemente recha\u00e7o \u00e0 escalada da agress\u00e3o imperialista contra a Venezuela impetrada pelos Estados Unidos&hellip;","_links":{"self":[{"href":"https:\/\/divulga.unila.edu.br\/maloca\/wp-json\/wp\/v2\/pages\/672","targetHints":{"allow":["GET"]}}],"collection":[{"href":"https:\/\/divulga.unila.edu.br\/maloca\/wp-json\/wp\/v2\/pages"}],"about":[{"href":"https:\/\/divulga.unila.edu.br\/maloca\/wp-json\/wp\/v2\/types\/page"}],"author":[{"embeddable":true,"href":"https:\/\/divulga.unila.edu.br\/maloca\/wp-json\/wp\/v2\/users\/59"}],"replies":[{"embeddable":true,"href":"https:\/\/divulga.unila.edu.br\/maloca\/wp-json\/wp\/v2\/comments?post=672"}],"version-history":[{"count":5,"href":"https:\/\/divulga.unila.edu.br\/maloca\/wp-json\/wp\/v2\/pages\/672\/revisions"}],"predecessor-version":[{"id":695,"href":"https:\/\/divulga.unila.edu.br\/maloca\/wp-json\/wp\/v2\/pages\/672\/revisions\/695"}],"wp:featuredmedia":[{"embeddable":true,"href":"https:\/\/divulga.unila.edu.br\/maloca\/wp-json\/wp\/v2\/media\/669"}],"wp:attachment":[{"href":"https:\/\/divulga.unila.edu.br\/maloca\/wp-json\/wp\/v2\/media?parent=672"}],"curies":[{"name":"wp","href":"https:\/\/api.w.org\/{rel}","templated":true}]}}