{"id":121,"date":"2024-10-04T15:23:11","date_gmt":"2024-10-04T18:23:11","guid":{"rendered":"https:\/\/divulga.unila.edu.br\/laca\/?page_id=121"},"modified":"2025-11-15T13:35:13","modified_gmt":"2025-11-15T16:35:13","slug":"parceiros","status":"publish","type":"page","link":"https:\/\/divulga.unila.edu.br\/laca\/parceiros\/","title":{"rendered":"Parceiros"},"content":{"rendered":"\t\t<div data-elementor-type=\"wp-page\" data-elementor-id=\"121\" class=\"elementor elementor-121\">\n\t\t\t\t<div class=\"has_eae_slider elementor-element elementor-element-fc8b82d e-flex e-con-boxed wpr-particle-no wpr-jarallax-no wpr-parallax-no wpr-sticky-section-no e-con e-parent\" data-eae-slider=\"62942\" data-id=\"fc8b82d\" data-element_type=\"container\" data-e-type=\"container\">\n\t\t\t\t\t<div class=\"e-con-inner\">\n\t\t\t\t<div class=\"elementor-element elementor-element-90e89fb elementor-widget elementor-widget-heading\" data-id=\"90e89fb\" data-element_type=\"widget\" data-e-type=\"widget\" data-widget_type=\"heading.default\">\n\t\t\t\t<div class=\"elementor-widget-container\">\n\t\t\t\t\t<h3 class=\"elementor-heading-title elementor-size-default\">Institui\u00e7\u00f5es, Laborat\u00f3rios e Grupos de Pesquisa<\/h3>\t\t\t\t<\/div>\n\t\t\t\t<\/div>\n\t\t\t\t<div class=\"elementor-element elementor-element-ab583fc elementor-widget-divider--view-line elementor-widget elementor-widget-divider\" data-id=\"ab583fc\" data-element_type=\"widget\" data-e-type=\"widget\" data-widget_type=\"divider.default\">\n\t\t\t\t<div class=\"elementor-widget-container\">\n\t\t\t\t\t\t\t<div class=\"elementor-divider\">\n\t\t\t<span class=\"elementor-divider-separator\">\n\t\t\t\t\t\t<\/span>\n\t\t<\/div>\n\t\t\t\t\t\t<\/div>\n\t\t\t\t<\/div>\n\t\t\t\t\t<\/div>\n\t\t\t\t<\/div>\n\t\t<div class=\"has_eae_slider elementor-element elementor-element-8b4154b e-grid e-con-full wpr-particle-no wpr-jarallax-no wpr-parallax-no wpr-sticky-section-no e-con e-parent\" data-eae-slider=\"55521\" data-id=\"8b4154b\" data-element_type=\"container\" data-e-type=\"container\">\n\t\t\t\t<div class=\"elementor-element elementor-element-1946800 elementor-widget elementor-widget-image\" data-id=\"1946800\" data-element_type=\"widget\" data-e-type=\"widget\" data-widget_type=\"image.default\">\n\t\t\t\t<div class=\"elementor-widget-container\">\n\t\t\t\t\t\t\t\t\t\t\t\t\t\t\t<img decoding=\"async\" width=\"150\" height=\"150\" src=\"https:\/\/divulga.unila.edu.br\/laca\/wp-content\/uploads\/sites\/50\/2024\/10\/gpense-removebg-150x150.png\" class=\"attachment-thumbnail size-thumbnail wp-image-409\" alt=\"\" srcset=\"https:\/\/divulga.unila.edu.br\/laca\/wp-content\/uploads\/sites\/50\/2024\/10\/gpense-removebg-150x150.png 150w, https:\/\/divulga.unila.edu.br\/laca\/wp-content\/uploads\/sites\/50\/2024\/10\/gpense-removebg-40x40.png 40w, https:\/\/divulga.unila.edu.br\/laca\/wp-content\/uploads\/sites\/50\/2024\/10\/gpense-removebg-275x275.png 275w, https:\/\/divulga.unila.edu.br\/laca\/wp-content\/uploads\/sites\/50\/2024\/10\/gpense-removebg-144x144.png 144w\" sizes=\"(max-width: 150px) 100vw, 150px\" \/>\t\t\t\t\t\t\t\t\t\t\t\t\t\t\t<\/div>\n\t\t\t\t<\/div>\n\t\t\t\t<div class=\"elementor-element elementor-element-adf587f elementor-widget elementor-widget-text-editor\" data-id=\"adf587f\" data-element_type=\"widget\" data-e-type=\"widget\" data-widget_type=\"text-editor.default\">\n\t\t\t\t<div class=\"elementor-widget-container\">\n\t\t\t\t\t\t\t\t\t<p style=\"text-align: center\"><span style=\"color: #800080\">Grupo de Pesquisa em Energia e Sustentabilidade (<strong>UFRPE<\/strong>)<br \/><\/span><span style=\"color: #800080\"><strong>Coord. Prof. Dr. Oswaldo Hideo Ando Junior<\/strong><\/span><\/p>\t\t\t\t\t\t\t\t<\/div>\n\t\t\t\t<\/div>\n\t\t\t\t<div class=\"elementor-element elementor-element-72daae9 elementor-widget elementor-widget-image\" data-id=\"72daae9\" data-element_type=\"widget\" data-e-type=\"widget\" data-widget_type=\"image.default\">\n\t\t\t\t<div class=\"elementor-widget-container\">\n\t\t\t\t\t\t\t\t\t\t\t\t\t\t\t<img decoding=\"async\" width=\"300\" height=\"151\" src=\"https:\/\/divulga.unila.edu.br\/laca\/wp-content\/uploads\/sites\/50\/2024\/10\/andre-300x151.png\" class=\"attachment-medium size-medium wp-image-2124\" alt=\"\" srcset=\"https:\/\/divulga.unila.edu.br\/laca\/wp-content\/uploads\/sites\/50\/2024\/10\/andre-300x151.png 300w, https:\/\/divulga.unila.edu.br\/laca\/wp-content\/uploads\/sites\/50\/2024\/10\/andre-205x103.png 205w, https:\/\/divulga.unila.edu.br\/laca\/wp-content\/uploads\/sites\/50\/2024\/10\/andre-480x242.png 480w, https:\/\/divulga.unila.edu.br\/laca\/wp-content\/uploads\/sites\/50\/2024\/10\/andre.png 585w\" sizes=\"(max-width: 300px) 100vw, 300px\" \/>\t\t\t\t\t\t\t\t\t\t\t\t\t\t\t<\/div>\n\t\t\t\t<\/div>\n\t\t\t\t<div class=\"elementor-element elementor-element-76eefb2 elementor-widget elementor-widget-text-editor\" data-id=\"76eefb2\" data-element_type=\"widget\" data-e-type=\"widget\" data-widget_type=\"text-editor.default\">\n\t\t\t\t<div class=\"elementor-widget-container\">\n\t\t\t\t\t\t\t\t\t<p style=\"text-align: center\"><span style=\"color: #800080\">Laborat\u00f3rio de Entomologia Computacional (<strong>UNIOESTE<\/strong>)<\/span><br \/><span style=\"color: #800080\"><strong>Coord.\u00a0<\/strong><strong>Prof. Dr. Andr\u00e9 Gustavo Maletzke<br \/><\/strong><\/span><\/p>\t\t\t\t\t\t\t\t<\/div>\n\t\t\t\t<\/div>\n\t\t\t\t<div class=\"elementor-element elementor-element-a6c2e30 elementor-widget elementor-widget-image\" data-id=\"a6c2e30\" data-element_type=\"widget\" data-e-type=\"widget\" data-widget_type=\"image.default\">\n\t\t\t\t<div class=\"elementor-widget-container\">\n\t\t\t\t\t\t\t\t\t\t\t\t\t\t\t<img decoding=\"async\" width=\"300\" height=\"112\" src=\"https:\/\/divulga.unila.edu.br\/laca\/wp-content\/uploads\/sites\/50\/2024\/10\/sat_group-300x112.png\" class=\"attachment-medium size-medium wp-image-2125\" alt=\"\" srcset=\"https:\/\/divulga.unila.edu.br\/laca\/wp-content\/uploads\/sites\/50\/2024\/10\/sat_group-300x112.png 300w, https:\/\/divulga.unila.edu.br\/laca\/wp-content\/uploads\/sites\/50\/2024\/10\/sat_group-205x77.png 205w, https:\/\/divulga.unila.edu.br\/laca\/wp-content\/uploads\/sites\/50\/2024\/10\/sat_group-480x179.png 480w, https:\/\/divulga.unila.edu.br\/laca\/wp-content\/uploads\/sites\/50\/2024\/10\/sat_group.png 576w\" sizes=\"(max-width: 300px) 100vw, 300px\" \/>\t\t\t\t\t\t\t\t\t\t\t\t\t\t\t<\/div>\n\t\t\t\t<\/div>\n\t\t\t\t<div class=\"elementor-element elementor-element-a927933 elementor-widget elementor-widget-text-editor\" data-id=\"a927933\" data-element_type=\"widget\" data-e-type=\"widget\" data-widget_type=\"text-editor.default\">\n\t\t\t\t<div class=\"elementor-widget-container\">\n\t\t\t\t\t\t\t\t\t<p style=\"text-align: center\"><span style=\"color: #800080;font-family: var(--wp--preset--font-family--zen-kaku-gothic-new);background-color: var(--wp--preset--color--base);font-size: var(--wp--preset--font-size--medium)\">Grupo de Planejamento em Satisfatibilidade Booleana (<strong>UNB<\/strong>)<br \/><\/span><strong style=\"color: #800080;font-family: var(--wp--preset--font-family--zen-kaku-gothic-new);background-color: var(--wp--preset--color--base);font-size: var(--wp--preset--font-size--medium)\"><strong>Coord.\u00a0<\/strong>Prof. Dr. Bruno C\u00e9sar Ribas<\/strong><\/p>\t\t\t\t\t\t\t\t<\/div>\n\t\t\t\t<\/div>\n\t\t\t\t<div class=\"elementor-element elementor-element-d959434 elementor-widget elementor-widget-image\" data-id=\"d959434\" data-element_type=\"widget\" data-e-type=\"widget\" data-widget_type=\"image.default\">\n\t\t\t\t<div class=\"elementor-widget-container\">\n\t\t\t\t\t\t\t\t\t\t\t\t\t\t\t<img loading=\"lazy\" decoding=\"async\" width=\"162\" height=\"162\" src=\"https:\/\/divulga.unila.edu.br\/laca\/wp-content\/uploads\/sites\/50\/2024\/10\/labcannabis.png\" class=\"attachment-medium size-medium wp-image-412\" alt=\"\" srcset=\"https:\/\/divulga.unila.edu.br\/laca\/wp-content\/uploads\/sites\/50\/2024\/10\/labcannabis.png 162w, https:\/\/divulga.unila.edu.br\/laca\/wp-content\/uploads\/sites\/50\/2024\/10\/labcannabis-150x150.png 150w, https:\/\/divulga.unila.edu.br\/laca\/wp-content\/uploads\/sites\/50\/2024\/10\/labcannabis-40x40.png 40w, https:\/\/divulga.unila.edu.br\/laca\/wp-content\/uploads\/sites\/50\/2024\/10\/labcannabis-144x144.png 144w\" sizes=\"(max-width: 162px) 100vw, 162px\" \/>\t\t\t\t\t\t\t\t\t\t\t\t\t\t\t<\/div>\n\t\t\t\t<\/div>\n\t\t\t\t<div class=\"elementor-element elementor-element-a9407b8 elementor-widget elementor-widget-text-editor\" data-id=\"a9407b8\" data-element_type=\"widget\" data-e-type=\"widget\" data-widget_type=\"text-editor.default\">\n\t\t\t\t<div class=\"elementor-widget-container\">\n\t\t\t\t\t\t\t\t\t<p style=\"text-align: center\"><span style=\"color: #800080;font-family: var(--wp--preset--font-family--zen-kaku-gothic-new);background-color: var(--wp--preset--color--base);font-size: var(--wp--preset--font-size--medium)\">Laborat\u00f3rio de Cannabis Medicinal e Ci\u00eancia Psicod\u00e9lica (<strong>UNILA<\/strong>)<br \/><\/span><strong style=\"color: #800080;font-family: var(--wp--preset--font-family--zen-kaku-gothic-new);background-color: var(--wp--preset--color--base);font-size: var(--wp--preset--font-size--medium)\">Coord. Prof. Dr. Franscisney Pinto do Nascimento<\/strong><\/p>\t\t\t\t\t\t\t\t<\/div>\n\t\t\t\t<\/div>\n\t\t\t\t<div class=\"elementor-element elementor-element-47286bd elementor-widget elementor-widget-image\" data-id=\"47286bd\" data-element_type=\"widget\" data-e-type=\"widget\" data-widget_type=\"image.default\">\n\t\t\t\t<div class=\"elementor-widget-container\">\n\t\t\t\t\t\t\t\t\t\t\t\t\t\t\t<img loading=\"lazy\" decoding=\"async\" width=\"300\" height=\"148\" src=\"https:\/\/divulga.unila.edu.br\/laca\/wp-content\/uploads\/sites\/50\/2024\/10\/WhatsApp-Image-2024-09-26-at-10.42.49-1-e1730289071365-300x148.jpeg\" class=\"attachment-medium size-medium wp-image-416\" alt=\"\" srcset=\"https:\/\/divulga.unila.edu.br\/laca\/wp-content\/uploads\/sites\/50\/2024\/10\/WhatsApp-Image-2024-09-26-at-10.42.49-1-e1730289071365-300x148.jpeg 300w, https:\/\/divulga.unila.edu.br\/laca\/wp-content\/uploads\/sites\/50\/2024\/10\/WhatsApp-Image-2024-09-26-at-10.42.49-1-e1730289071365-205x101.jpeg 205w, https:\/\/divulga.unila.edu.br\/laca\/wp-content\/uploads\/sites\/50\/2024\/10\/WhatsApp-Image-2024-09-26-at-10.42.49-1-e1730289071365-480x237.jpeg 480w, https:\/\/divulga.unila.edu.br\/laca\/wp-content\/uploads\/sites\/50\/2024\/10\/WhatsApp-Image-2024-09-26-at-10.42.49-1-e1730289071365.jpeg 499w\" sizes=\"(max-width: 300px) 100vw, 300px\" \/>\t\t\t\t\t\t\t\t\t\t\t\t\t\t\t<\/div>\n\t\t\t\t<\/div>\n\t\t\t\t<div class=\"elementor-element elementor-element-84a7acd elementor-widget elementor-widget-text-editor\" data-id=\"84a7acd\" data-element_type=\"widget\" data-e-type=\"widget\" data-widget_type=\"text-editor.default\">\n\t\t\t\t<div class=\"elementor-widget-container\">\n\t\t\t\t\t\t\t\t\t<p style=\"text-align: center\"><span style=\"color: #800080\">Laborat\u00f3rio de Monitoramento e An\u00e1lises Ambientais (<strong>UNILA<\/strong>)<br \/><\/span><strong style=\"color: #800080\">Coord. Profa. Dra. Gilc\u00e9lia Aparecida Cordeiro<\/strong><\/p>\t\t\t\t\t\t\t\t<\/div>\n\t\t\t\t<\/div>\n\t\t\t\t<div class=\"elementor-element elementor-element-a5fd532 elementor-widget elementor-widget-image\" data-id=\"a5fd532\" data-element_type=\"widget\" data-e-type=\"widget\" data-widget_type=\"image.default\">\n\t\t\t\t<div class=\"elementor-widget-container\">\n\t\t\t\t\t\t\t\t\t\t\t\t\t\t\t<img loading=\"lazy\" decoding=\"async\" width=\"300\" height=\"92\" src=\"https:\/\/divulga.unila.edu.br\/laca\/wp-content\/uploads\/sites\/50\/2024\/10\/LREI-300x92.png\" class=\"attachment-medium size-medium wp-image-2376\" alt=\"\" srcset=\"https:\/\/divulga.unila.edu.br\/laca\/wp-content\/uploads\/sites\/50\/2024\/10\/LREI-300x92.png 300w, https:\/\/divulga.unila.edu.br\/laca\/wp-content\/uploads\/sites\/50\/2024\/10\/LREI-396x123.png 396w, https:\/\/divulga.unila.edu.br\/laca\/wp-content\/uploads\/sites\/50\/2024\/10\/LREI-205x63.png 205w, https:\/\/divulga.unila.edu.br\/laca\/wp-content\/uploads\/sites\/50\/2024\/10\/LREI.png 399w\" sizes=\"(max-width: 300px) 100vw, 300px\" \/>\t\t\t\t\t\t\t\t\t\t\t\t\t\t\t<\/div>\n\t\t\t\t<\/div>\n\t\t\t\t<div class=\"elementor-element elementor-element-8bcef03 elementor-widget elementor-widget-text-editor\" data-id=\"8bcef03\" data-element_type=\"widget\" data-e-type=\"widget\" data-widget_type=\"text-editor.default\">\n\t\t\t\t<div class=\"elementor-widget-container\">\n\t\t\t\t\t\t\t\t\t<p style=\"text-align: center\"><span style=\"color: #800080\">Laborat\u00f3rio de Redes El\u00e9tricas Inteligentes (<strong>UFPB<\/strong>)<br \/><\/span><span style=\"color: #800080\"><strong>Coord. Prof. Dr. Fabiano Salvadori<\/strong><\/span><\/p>\t\t\t\t\t\t\t\t<\/div>\n\t\t\t\t<\/div>\n\t\t\t\t<div class=\"elementor-element elementor-element-90a2f0a elementor-widget elementor-widget-image\" data-id=\"90a2f0a\" data-element_type=\"widget\" data-e-type=\"widget\" data-widget_type=\"image.default\">\n\t\t\t\t<div class=\"elementor-widget-container\">\n\t\t\t\t\t\t\t\t\t\t\t\t\t\t\t<img loading=\"lazy\" decoding=\"async\" width=\"205\" height=\"149\" src=\"https:\/\/divulga.unila.edu.br\/laca\/wp-content\/uploads\/sites\/50\/2024\/10\/unioeste-205x149.png\" class=\"attachment-tainacan-medium-full size-tainacan-medium-full wp-image-418\" alt=\"\" srcset=\"https:\/\/divulga.unila.edu.br\/laca\/wp-content\/uploads\/sites\/50\/2024\/10\/unioeste-205x149.png 205w, https:\/\/divulga.unila.edu.br\/laca\/wp-content\/uploads\/sites\/50\/2024\/10\/unioeste-300x219.png 300w, https:\/\/divulga.unila.edu.br\/laca\/wp-content\/uploads\/sites\/50\/2024\/10\/unioeste.png 439w\" sizes=\"(max-width: 205px) 100vw, 205px\" \/>\t\t\t\t\t\t\t\t\t\t\t\t\t\t\t<\/div>\n\t\t\t\t<\/div>\n\t\t\t\t<div class=\"elementor-element elementor-element-5512894 elementor-widget elementor-widget-text-editor\" data-id=\"5512894\" data-element_type=\"widget\" data-e-type=\"widget\" data-widget_type=\"text-editor.default\">\n\t\t\t\t<div class=\"elementor-widget-container\">\n\t\t\t\t\t\t\t\t\t<p style=\"text-align: center\"><span style=\"color: #800080\">Laborat\u00f3rio de Seguran\u00e7a Computacional (<strong>UNIOESTE<\/strong>)<br \/><\/span><span style=\"color: #800080\"><strong>Coord. Prof. Dr. Renato Bobsin Machado<\/strong><\/span><\/p>\t\t\t\t\t\t\t\t<\/div>\n\t\t\t\t<\/div>\n\t\t\t\t<div class=\"elementor-element elementor-element-5b301d7 elementor-widget elementor-widget-image\" data-id=\"5b301d7\" data-element_type=\"widget\" data-e-type=\"widget\" data-widget_type=\"image.default\">\n\t\t\t\t<div class=\"elementor-widget-container\">\n\t\t\t\t\t\t\t\t\t\t\t\t\t\t\t\t<a href=\"https:\/\/www.instagram.com\/confortoambiental.unila\/\">\n\t\t\t\t\t\t\t<img loading=\"lazy\" decoding=\"async\" width=\"171\" height=\"156\" src=\"https:\/\/divulga.unila.edu.br\/laca\/wp-content\/uploads\/sites\/50\/2025\/09\/Screenshot-2025-09-30-at-08.46.49.png\" class=\"attachment-tainacan-medium-full size-tainacan-medium-full wp-image-3955\" alt=\"\" \/>\t\t\t\t\t\t\t\t<\/a>\n\t\t\t\t\t\t\t\t\t\t\t\t\t\t\t<\/div>\n\t\t\t\t<\/div>\n\t\t\t\t<div class=\"elementor-element elementor-element-218557d elementor-widget elementor-widget-text-editor\" data-id=\"218557d\" data-element_type=\"widget\" data-e-type=\"widget\" data-widget_type=\"text-editor.default\">\n\t\t\t\t<div class=\"elementor-widget-container\">\n\t\t\t\t\t\t\t\t\t<p style=\"text-align: center\"><span style=\"color: #800080\">Grupo de Pesquisa Conforto Ambiental (<strong>UNILA<\/strong>)<br \/><\/span><span style=\"color: #800080\"><strong>Coord. Prof. Dr. Egon Vettorazzi<\/strong><\/span><\/p>\t\t\t\t\t\t\t\t<\/div>\n\t\t\t\t<\/div>\n\t\t\t\t<\/div>\n\t\t\t\t<\/div>\n\t\t","protected":false},"excerpt":{"rendered":"<p>Institui\u00e7\u00f5es, Laborat\u00f3rios e Grupos de Pesquisa Grupo de Pesquisa em Energia e Sustentabilidade (UFRPE)Coord. Prof. Dr. Oswaldo Hideo Ando Junior Laborat\u00f3rio de Entomologia Computacional (UNIOESTE)Coord.\u00a0Prof. Dr. Andr\u00e9 Gustavo Maletzke Grupo de Planejamento em Satisfatibilidade Booleana (UNB)Coord.\u00a0Prof. Dr. Bruno C\u00e9sar Ribas Laborat\u00f3rio de Cannabis Medicinal e Ci\u00eancia Psicod\u00e9lica (UNILA)Coord. Prof. Dr. Franscisney Pinto do Nascimento Laborat\u00f3rio de Monitoramento e An\u00e1lises Ambientais (UNILA)Coord. Profa. Dra. Gilc\u00e9lia Aparecida Cordeiro Laborat\u00f3rio de Redes El\u00e9tricas Inteligentes (UFPB)Coord. Prof. Dr. Fabiano Salvadori Laborat\u00f3rio de Seguran\u00e7a Computacional (UNIOESTE)Coord. Prof. Dr. Renato Bobsin Machado Grupo de Pesquisa Conforto Ambiental (UNILA)Coord. Prof. Dr. Egon Vettorazzi<\/p>\n","protected":false},"author":122,"featured_media":0,"parent":0,"menu_order":4,"comment_status":"closed","ping_status":"closed","template":"","meta":{"_uag_custom_page_level_css":"","_themeisle_gutenberg_block_has_review":false,"footnotes":""},"class_list":["post-121","page","type-page","status-publish","hentry"],"uagb_featured_image_src":{"full":false,"thumbnail":false,"medium":false,"medium_large":false,"large":false,"1536x1536":false,"2048x2048":false,"htmega_size_585x295":false,"htmega_size_1170x536":false,"htmega_size_396x360":false,"tainacan-small":false,"tainacan-medium":false,"tainacan-medium-full":false,"tainacan-large-full":false,"foyer":false,"foyer_fhd":false,"foyer_fhd_square":false},"uagb_author_info":{"display_name":"joylan.maciel","author_link":"https:\/\/divulga.unila.edu.br\/laca\/author\/joylanmaciel\/"},"uagb_comment_info":0,"uagb_excerpt":"Institui\u00e7\u00f5es, Laborat\u00f3rios e Grupos de Pesquisa Grupo de Pesquisa em Energia e Sustentabilidade (UFRPE)Coord. Prof. Dr. Oswaldo Hideo Ando Junior Laborat\u00f3rio de Entomologia Computacional (UNIOESTE)Coord.\u00a0Prof. Dr. Andr\u00e9 Gustavo Maletzke Grupo de Planejamento em Satisfatibilidade Booleana (UNB)Coord.\u00a0Prof. Dr. Bruno C\u00e9sar Ribas Laborat\u00f3rio de Cannabis Medicinal e Ci\u00eancia Psicod\u00e9lica (UNILA)Coord. Prof. Dr. Franscisney Pinto do Nascimento Laborat\u00f3rio&hellip;","_links":{"self":[{"href":"https:\/\/divulga.unila.edu.br\/laca\/wp-json\/wp\/v2\/pages\/121","targetHints":{"allow":["GET"]}}],"collection":[{"href":"https:\/\/divulga.unila.edu.br\/laca\/wp-json\/wp\/v2\/pages"}],"about":[{"href":"https:\/\/divulga.unila.edu.br\/laca\/wp-json\/wp\/v2\/types\/page"}],"author":[{"embeddable":true,"href":"https:\/\/divulga.unila.edu.br\/laca\/wp-json\/wp\/v2\/users\/122"}],"replies":[{"embeddable":true,"href":"https:\/\/divulga.unila.edu.br\/laca\/wp-json\/wp\/v2\/comments?post=121"}],"version-history":[{"count":142,"href":"https:\/\/divulga.unila.edu.br\/laca\/wp-json\/wp\/v2\/pages\/121\/revisions"}],"predecessor-version":[{"id":4309,"href":"https:\/\/divulga.unila.edu.br\/laca\/wp-json\/wp\/v2\/pages\/121\/revisions\/4309"}],"wp:attachment":[{"href":"https:\/\/divulga.unila.edu.br\/laca\/wp-json\/wp\/v2\/media?parent=121"}],"curies":[{"name":"wp","href":"https:\/\/api.w.org\/{rel}","templated":true}]}}