{"id":74,"date":"2023-09-22T19:08:44","date_gmt":"2023-09-22T22:08:44","guid":{"rendered":"https:\/\/divulga.unila.edu.br\/interclinica\/?page_id=74"},"modified":"2024-05-26T11:13:04","modified_gmt":"2024-05-26T14:13:04","slug":"como-colaborar","status":"publish","type":"page","link":"https:\/\/divulga.unila.edu.br\/interclinica\/servicos-a-comunidade\/como-colaborar\/","title":{"rendered":"Telemedicina"},"content":{"rendered":"\t\t<div data-elementor-type=\"wp-page\" data-elementor-id=\"74\" class=\"elementor elementor-74\">\n\t\t\t\t<div class=\"has_eae_slider elementor-element elementor-element-5fb70886 e-flex e-con-boxed wpr-particle-no wpr-jarallax-no wpr-parallax-no wpr-sticky-section-no wpr-equal-height-no e-con e-parent\" data-eae-slider=\"5573\" data-id=\"5fb70886\" data-element_type=\"container\" data-e-type=\"container\">\n\t\t\t\t\t<div class=\"e-con-inner\">\n\t\t\t\t<div class=\"elementor-element elementor-element-5767a324 elementor-widget elementor-widget-text-editor\" data-id=\"5767a324\" data-element_type=\"widget\" data-e-type=\"widget\" data-widget_type=\"text-editor.default\">\n\t\t\t\t<div class=\"elementor-widget-container\">\n\t\t\t\t\t\t\t\t\t<p><\/p>\n<p style=\"text-align: justify\">O projeto &#8220;Telemedicina como ferramenta de apoio \u00e0 sa\u00fade da popula\u00e7\u00e3o LGBTQIA+&#8221; tem como objetivo promover o acesso aos cuidados em sa\u00fade para a popula\u00e7\u00e3o LGBTQIA+ na especialidade cl\u00ednica m\u00e9dica atrav\u00e9s do suporte diagn\u00f3stico de forma remota (teleatendimento) com base nos princ\u00edpios do SUS (Sistema \u00danico de Sa\u00fade).<\/p>\n<p style=\"text-align: justify\">Para solicitar teleatendimento m\u00e9dico, clique no seguinte formul\u00e1rio: https:\/\/forms.gle\/KGUsByYttDhghrZq7.\u00a0<\/p>\n<p><\/p>\t\t\t\t\t\t\t\t<\/div>\n\t\t\t\t<\/div>\n\t\t\t\t\t<\/div>\n\t\t\t\t<\/div>\n\t\t\t\t<\/div>\n\t\t","protected":false},"excerpt":{"rendered":"<p>O projeto &#8220;Telemedicina como ferramenta de apoio \u00e0 sa\u00fade da popula\u00e7\u00e3o LGBTQIA+&#8221; tem como objetivo promover o acesso aos cuidados em sa\u00fade para a popula\u00e7\u00e3o LGBTQIA+ na especialidade cl\u00ednica m\u00e9dica atrav\u00e9s do suporte diagn\u00f3stico de forma remota (teleatendimento) com base nos princ\u00edpios do SUS (Sistema \u00danico de Sa\u00fade). Para solicitar teleatendimento m\u00e9dico, clique no seguinte formul\u00e1rio: https:\/\/forms.gle\/KGUsByYttDhghrZq7.\u00a0<\/p>\n","protected":false},"author":90,"featured_media":0,"parent":1183,"menu_order":-5,"comment_status":"closed","ping_status":"closed","template":"","meta":{"_uag_custom_page_level_css":"","_themeisle_gutenberg_block_has_review":false,"footnotes":""},"class_list":["post-74","page","type-page","status-publish","hentry"],"uagb_featured_image_src":{"full":false,"thumbnail":false,"medium":false,"medium_large":false,"large":false,"1536x1536":false,"2048x2048":false,"htmega_size_585x295":false,"htmega_size_1170x536":false,"htmega_size_396x360":false,"tainacan-small":false,"tainacan-medium":false,"tainacan-medium-full":false,"tainacan-large-full":false,"button-2-featured":false},"uagb_author_info":{"display_name":"marcos.jesus","author_link":"https:\/\/divulga.unila.edu.br\/interclinica\/author\/interclinica\/"},"uagb_comment_info":0,"uagb_excerpt":"O projeto &#8220;Telemedicina como ferramenta de apoio \u00e0 sa\u00fade da popula\u00e7\u00e3o LGBTQIA+&#8221; tem como objetivo promover o acesso aos cuidados em sa\u00fade para a popula\u00e7\u00e3o LGBTQIA+ na especialidade cl\u00ednica m\u00e9dica atrav\u00e9s do suporte diagn\u00f3stico de forma remota (teleatendimento) com base nos princ\u00edpios do SUS (Sistema \u00danico de Sa\u00fade). Para solicitar teleatendimento m\u00e9dico, clique no seguinte&hellip;","_links":{"self":[{"href":"https:\/\/divulga.unila.edu.br\/interclinica\/wp-json\/wp\/v2\/pages\/74","targetHints":{"allow":["GET"]}}],"collection":[{"href":"https:\/\/divulga.unila.edu.br\/interclinica\/wp-json\/wp\/v2\/pages"}],"about":[{"href":"https:\/\/divulga.unila.edu.br\/interclinica\/wp-json\/wp\/v2\/types\/page"}],"author":[{"embeddable":true,"href":"https:\/\/divulga.unila.edu.br\/interclinica\/wp-json\/wp\/v2\/users\/90"}],"replies":[{"embeddable":true,"href":"https:\/\/divulga.unila.edu.br\/interclinica\/wp-json\/wp\/v2\/comments?post=74"}],"version-history":[{"count":21,"href":"https:\/\/divulga.unila.edu.br\/interclinica\/wp-json\/wp\/v2\/pages\/74\/revisions"}],"predecessor-version":[{"id":501,"href":"https:\/\/divulga.unila.edu.br\/interclinica\/wp-json\/wp\/v2\/pages\/74\/revisions\/501"}],"up":[{"embeddable":true,"href":"https:\/\/divulga.unila.edu.br\/interclinica\/wp-json\/wp\/v2\/pages\/1183"}],"wp:attachment":[{"href":"https:\/\/divulga.unila.edu.br\/interclinica\/wp-json\/wp\/v2\/media?parent=74"}],"curies":[{"name":"wp","href":"https:\/\/api.w.org\/{rel}","templated":true}]}}