{"id":56,"date":"2023-09-22T19:06:22","date_gmt":"2023-09-22T22:06:22","guid":{"rendered":"https:\/\/divulga.unila.edu.br\/interclinica\/?page_id=56"},"modified":"2025-09-11T20:25:49","modified_gmt":"2025-09-11T23:25:49","slug":"oficinas-terapeuticas","status":"publish","type":"page","link":"https:\/\/divulga.unila.edu.br\/interclinica\/servicos-a-comunidade\/oficinas-terapeuticas\/","title":{"rendered":"Oficinas Terap\u00eauticas"},"content":{"rendered":"\t\t<div data-elementor-type=\"wp-page\" data-elementor-id=\"56\" class=\"elementor elementor-56\">\n\t\t\t\t<div class=\"has_eae_slider elementor-element elementor-element-6496c95c e-flex e-con-boxed wpr-particle-no wpr-jarallax-no wpr-parallax-no wpr-sticky-section-no wpr-equal-height-no e-con e-parent\" data-eae-slider=\"58328\" data-id=\"6496c95c\" data-element_type=\"container\" data-e-type=\"container\">\n\t\t\t\t\t<div class=\"e-con-inner\">\n\t\t\t\t<div class=\"elementor-element elementor-element-29443798 elementor-widget__width-initial elementor-drop-cap-yes elementor-drop-cap-view-default elementor-widget elementor-widget-text-editor\" data-id=\"29443798\" data-element_type=\"widget\" data-e-type=\"widget\" data-settings=\"{&quot;drop_cap&quot;:&quot;yes&quot;}\" data-widget_type=\"text-editor.default\">\n\t\t\t\t<div class=\"elementor-widget-container\">\n\t\t\t\t\t\t\t\t\t<p><span style=\"font-weight: 400\">\u201cTranscria\u00e7\u00f5es borromeanas do desejo e experimenta\u00e7\u00f5es coletivas\u201d \u00e9 uma proposta de grupo terap\u00eautico cujo objetivo \u00e9 a reinven\u00e7\u00e3o de si pela experimenta\u00e7\u00e3o de outras possibilidades de fabricar conex\u00f5es, afec\u00e7\u00f5es e pensamentos. O grupo opera pela produ\u00e7\u00e3o de modos de existir como pot\u00eancia po\u00e9tica, est\u00e9tica e semi\u00f3tica da vida, transformando a curva esf\u00e9rica unidimensional do n\u00f3 borromeano em uma elipse dada a for\u00e7a do cip\u00f3 que o serpenteia, um convite a se tornar outro para si mesmo num devir-selvagem em que a diferOn\u00e7a decorrente do cruzamento dos territ\u00f3rios humanos, n\u00e3o-humanos e mais-que-humanos \u00e9 a chance da descoloniza\u00e7\u00e3o da subjetividade.<\/span><\/p><p>De modo joyceamente-quixotesco e assis-machadeano, canabalizamos e reinventamos ailton-Krenak- davi-kopenawa-oswald-de-andrade-haroldo-de-campos-eduardo-viveiros-de-castro-frantz-fanon-vandana-shiva-lelia-gonzalez-gloria-anzald\u00faa-d\u00e9n\u00e8tem-touam-bona-sigmund-freud-jaques-lacan-gilles-deleuze-f\u00e9lix-guattari-iganio-matte-blanco e muitos outros e outras.<\/p><p><!-- \/wp:paragraph --><\/p>\t\t\t\t\t\t\t\t<\/div>\n\t\t\t\t<\/div>\n\t\t\t\t\t<\/div>\n\t\t\t\t<\/div>\n\t\t\t\t<\/div>\n\t\t","protected":false},"excerpt":{"rendered":"<p>\u201cTranscria\u00e7\u00f5es borromeanas do desejo e experimenta\u00e7\u00f5es coletivas\u201d \u00e9 uma proposta de grupo terap\u00eautico cujo objetivo \u00e9 a reinven\u00e7\u00e3o de si pela experimenta\u00e7\u00e3o de outras possibilidades de fabricar conex\u00f5es, afec\u00e7\u00f5es e pensamentos. O grupo opera pela produ\u00e7\u00e3o de modos de existir como pot\u00eancia po\u00e9tica, est\u00e9tica e semi\u00f3tica da vida, transformando a curva esf\u00e9rica unidimensional do n\u00f3 borromeano em uma elipse dada a for\u00e7a do cip\u00f3 que o serpenteia, um convite a se tornar outro para si mesmo num devir-selvagem em que a diferOn\u00e7a decorrente do cruzamento dos territ\u00f3rios humanos, n\u00e3o-humanos e mais-que-humanos \u00e9 a chance da descoloniza\u00e7\u00e3o da subjetividade. De modo joyceamente-quixotesco e assis-machadeano, canabalizamos e reinventamos ailton-Krenak- davi-kopenawa-oswald-de-andrade-haroldo-de-campos-eduardo-viveiros-de-castro-frantz-fanon-vandana-shiva-lelia-gonzalez-gloria-anzald\u00faa-d\u00e9n\u00e8tem-touam-bona-sigmund-freud-jaques-lacan-gilles-deleuze-f\u00e9lix-guattari-iganio-matte-blanco e muitos outros e outras.<\/p>\n","protected":false},"author":90,"featured_media":0,"parent":1183,"menu_order":-3,"comment_status":"closed","ping_status":"closed","template":"","meta":{"_uag_custom_page_level_css":"","_themeisle_gutenberg_block_has_review":false,"footnotes":""},"class_list":["post-56","page","type-page","status-publish","hentry"],"uagb_featured_image_src":{"full":false,"thumbnail":false,"medium":false,"medium_large":false,"large":false,"1536x1536":false,"2048x2048":false,"htmega_size_585x295":false,"htmega_size_1170x536":false,"htmega_size_396x360":false,"tainacan-small":false,"tainacan-medium":false,"tainacan-medium-full":false,"tainacan-large-full":false,"button-2-featured":false},"uagb_author_info":{"display_name":"marcos.jesus","author_link":"https:\/\/divulga.unila.edu.br\/interclinica\/author\/interclinica\/"},"uagb_comment_info":0,"uagb_excerpt":"\u201cTranscria\u00e7\u00f5es borromeanas do desejo e experimenta\u00e7\u00f5es coletivas\u201d \u00e9 uma proposta de grupo terap\u00eautico cujo objetivo \u00e9 a reinven\u00e7\u00e3o de si pela experimenta\u00e7\u00e3o de outras possibilidades de fabricar conex\u00f5es, afec\u00e7\u00f5es e pensamentos. O grupo opera pela produ\u00e7\u00e3o de modos de existir como pot\u00eancia po\u00e9tica, est\u00e9tica e semi\u00f3tica da vida, transformando a curva esf\u00e9rica unidimensional do n\u00f3&hellip;","_links":{"self":[{"href":"https:\/\/divulga.unila.edu.br\/interclinica\/wp-json\/wp\/v2\/pages\/56","targetHints":{"allow":["GET"]}}],"collection":[{"href":"https:\/\/divulga.unila.edu.br\/interclinica\/wp-json\/wp\/v2\/pages"}],"about":[{"href":"https:\/\/divulga.unila.edu.br\/interclinica\/wp-json\/wp\/v2\/types\/page"}],"author":[{"embeddable":true,"href":"https:\/\/divulga.unila.edu.br\/interclinica\/wp-json\/wp\/v2\/users\/90"}],"replies":[{"embeddable":true,"href":"https:\/\/divulga.unila.edu.br\/interclinica\/wp-json\/wp\/v2\/comments?post=56"}],"version-history":[{"count":48,"href":"https:\/\/divulga.unila.edu.br\/interclinica\/wp-json\/wp\/v2\/pages\/56\/revisions"}],"predecessor-version":[{"id":2121,"href":"https:\/\/divulga.unila.edu.br\/interclinica\/wp-json\/wp\/v2\/pages\/56\/revisions\/2121"}],"up":[{"embeddable":true,"href":"https:\/\/divulga.unila.edu.br\/interclinica\/wp-json\/wp\/v2\/pages\/1183"}],"wp:attachment":[{"href":"https:\/\/divulga.unila.edu.br\/interclinica\/wp-json\/wp\/v2\/media?parent=56"}],"curies":[{"name":"wp","href":"https:\/\/api.w.org\/{rel}","templated":true}]}}

Oficinas Terapêuticas

<div data-elementor-type="wp-page" data-elementor-id="56" class="elementor elementor-56">
				<div class="has_eae_slider elementor-element elementor-element-6496c95c e-flex e-con-boxed wpr-particle-no wpr-jarallax-no wpr-parallax-no wpr-sticky-section-no wpr-equal-height-no e-con e-parent" data-eae-slider="58328" data-id="6496c95c" data-element_type="container" data-e-type="container">
					<div class="e-con-inner">
				<div class="elementor-element elementor-element-29443798 elementor-widget__width-initial elementor-drop-cap-yes elementor-drop-cap-view-default elementor-widget elementor-widget-text-editor" data-id="29443798" data-element_type="widget" data-e-type="widget" data-settings="{&quot;drop_cap&quot;:&quot;yes&quot;}" data-widget_type="text-editor.default">
				<div class="elementor-widget-container">
									<p><span style="font-weight: 400">“Transcriações borromeanas do desejo e experimentações coletivas” é uma proposta de grupo terapêutico cujo objetivo é a reinvenção de si pela experimentação de outras possibilidades de fabricar conexões, afecções e pensamentos. O grupo opera pela produção de modos de existir como potência poética, estética e semiótica da vida, transformando a curva esférica unidimensional do nó borromeano em uma elipse dada a força do cipó que o serpenteia, um convite a se tornar outro para si mesmo num devir-selvagem em que a diferOnça decorrente do cruzamento dos territórios humanos, não-humanos e mais-que-humanos é a chance da descolonização da subjetividade.</span></p><p>De modo joyceamente-quixotesco e assis-machadeano, canabalizamos e reinventamos ailton-Krenak- davi-kopenawa-oswald-de-andrade-haroldo-de-campos-eduardo-viveiros-de-castro-frantz-fanon-vandana-shiva-lelia-gonzalez-gloria-anzaldúa-dénètem-touam-bona-sigmund-freud-jaques-lacan-gilles-deleuze-félix-guattari-iganio-matte-blanco e muitos outros e outras.</p><p><!-- /wp:paragraph --></p>								</div>
				</div>
					</div>
				</div>
				</div>

<p>“Transcriações borromeanas do desejo e experimentações coletivas” é uma proposta de grupo terapêutico cujo objetivo é a reinvenção de si pela experimentação de outras possibilidades de fabricar conexões, afecções e pensamentos. O grupo opera pela produção de modos de existir como potência poética, estética e semiótica da vida, transformando a curva esférica unidimensional do nó borromeano em uma elipse dada a força do cipó que o serpenteia, um convite a se tornar outro para si mesmo num devir-selvagem em que a diferOnça decorrente do cruzamento dos territórios humanos, não-humanos e mais-que-humanos é a chance da descolonização da subjetividade. De modo joyceamente-quixotesco e assis-machadeano, canabalizamos e reinventamos ailton-Krenak- davi-kopenawa-oswald-de-andrade-haroldo-de-campos-eduardo-viveiros-de-castro-frantz-fanon-vandana-shiva-lelia-gonzalez-gloria-anzaldúa-dénètem-touam-bona-sigmund-freud-jaques-lacan-gilles-deleuze-félix-guattari-iganio-matte-blanco e muitos outros e outras.</p>

“Transcriações borromeanas do desejo e experimentações coletivas” é uma proposta de grupo terapêutico cujo objetivo é a reinvenção de si pela experimentação de outras possibilidades de fabricar conexões, afecções e pensamentos. O grupo opera pela produção de modos de existir como potência poética, estética e semiótica da vida, transformando a curva esférica unidimensional do nó&hellip;
