{"id":37,"date":"2023-09-22T18:46:40","date_gmt":"2023-09-22T21:46:40","guid":{"rendered":"https:\/\/divulga.unila.edu.br\/interclinica\/?page_id=37"},"modified":"2024-06-20T17:54:24","modified_gmt":"2024-06-20T20:54:24","slug":"quem-somos","status":"publish","type":"page","link":"https:\/\/divulga.unila.edu.br\/interclinica\/","title":{"rendered":"Quem Somos"},"content":{"rendered":"\t\t<div data-elementor-type=\"wp-page\" data-elementor-id=\"37\" class=\"elementor elementor-37\">\n\t\t\t\t<div class=\"has_eae_slider elementor-element elementor-element-4aa84a4 e-flex e-con-boxed wpr-particle-no wpr-jarallax-no wpr-parallax-no wpr-sticky-section-no wpr-equal-height-no e-con e-parent\" data-eae-slider=\"84095\" data-id=\"4aa84a4\" data-element_type=\"container\" data-e-type=\"container\">\n\t\t\t\t\t<div class=\"e-con-inner\">\n\t\t\t\t<div class=\"elementor-element elementor-element-32d2103 elementor-widget__width-initial elementor-drop-cap-yes elementor-drop-cap-view-default elementor-widget elementor-widget-text-editor\" data-id=\"32d2103\" data-element_type=\"widget\" data-e-type=\"widget\" data-settings=\"{&quot;drop_cap&quot;:&quot;yes&quot;}\" data-widget_type=\"text-editor.default\">\n\t\t\t\t<div class=\"elementor-widget-container\">\n\t\t\t\t\t\t\t\t\t<p style=\"text-align: justify\">Docentes, discentes e volunt\u00e1rios das mais variadas forma\u00e7\u00f5es em prol de uma sociedade intercultural, diversa e plural, unidos para prestar servi\u00e7os na \u00e1rea m\u00e9dica, psicol\u00f3gica e educacional com foco na popula\u00e7\u00e3o LGBTQIAPN+, negra, ind\u00edgena, imigrante e refugiada.<\/p><p>\u00a0<\/p><p><strong>\u00bfQui\u00e9n somos?<\/strong><\/p><p style=\"text-align: justify\"><span style=\"font-weight: 400\">Docentes, estudiantes y voluntarios de las m\u00e1s variadas formaciones acad\u00e9micas a favor de una sociedad intercultural, diversa y plural, unidos para ofrecer servicios en las \u00e1reas m\u00e9dica, psicol\u00f3gica y educativa con enfoque en la poblaci\u00f3n LGBTQIAPN+, negra, ind\u00edgena, inmigrante y refugiada.<\/span><\/p><p><b>\u00a0<\/b><\/p><p><b>Qui sommes-nous\u202f?<\/b><\/p><p style=\"text-align: justify\"><span style=\"font-weight: 400\">Enseignants, \u00e9tudiants et b\u00e9n\u00e9voles issus des horizons les plus vari\u00e9s en faveur d&#8217;une soci\u00e9t\u00e9 interculturelle, diversifi\u00e9e et plurielle, unis pour fournir des services dans les domaines m\u00e9dical, psychologique et \u00e9ducatif en mettant l&#8217;accent sur la population LGBTQIAPN+, noire, indig\u00e8ne, immigrante et r\u00e9fugi\u00e9e.<\/span><\/p>\t\t\t\t\t\t\t\t<\/div>\n\t\t\t\t<\/div>\n\t\t\t\t\t<\/div>\n\t\t\t\t<\/div>\n\t\t<div class=\"has_eae_slider elementor-element elementor-element-026ef74 e-flex e-con-boxed wpr-particle-no wpr-jarallax-no wpr-parallax-no wpr-sticky-section-no wpr-equal-height-no e-con e-parent\" data-eae-slider=\"79732\" data-id=\"026ef74\" data-element_type=\"container\" data-e-type=\"container\">\n\t\t\t\t\t<div class=\"e-con-inner\">\n\t\t\t\t<div class=\"elementor-element elementor-element-7acdf09 elementor-widget elementor-widget-image\" data-id=\"7acdf09\" data-element_type=\"widget\" data-e-type=\"widget\" data-widget_type=\"image.default\">\n\t\t\t\t<div class=\"elementor-widget-container\">\n\t\t\t\t\t\t\t\t\t\t\t\t\t\t\t<img fetchpriority=\"high\" decoding=\"async\" width=\"663\" height=\"348\" src=\"https:\/\/divulga.unila.edu.br\/interclinica\/wp-content\/uploads\/sites\/39\/2023\/09\/1000032373-1024x538.jpg\" class=\"attachment-large size-large wp-image-230\" alt=\"\" srcset=\"https:\/\/divulga.unila.edu.br\/interclinica\/wp-content\/uploads\/sites\/39\/2023\/09\/1000032373-1024x538.jpg 1024w, https:\/\/divulga.unila.edu.br\/interclinica\/wp-content\/uploads\/sites\/39\/2023\/09\/1000032373-300x158.jpg 300w, https:\/\/divulga.unila.edu.br\/interclinica\/wp-content\/uploads\/sites\/39\/2023\/09\/1000032373-768x403.jpg 768w, https:\/\/divulga.unila.edu.br\/interclinica\/wp-content\/uploads\/sites\/39\/2023\/09\/1000032373-205x108.jpg 205w, https:\/\/divulga.unila.edu.br\/interclinica\/wp-content\/uploads\/sites\/39\/2023\/09\/1000032373-480x252.jpg 480w, https:\/\/divulga.unila.edu.br\/interclinica\/wp-content\/uploads\/sites\/39\/2023\/09\/1000032373-982x516.jpg 982w, https:\/\/divulga.unila.edu.br\/interclinica\/wp-content\/uploads\/sites\/39\/2023\/09\/1000032373.jpg 1280w\" sizes=\"(max-width: 663px) 100vw, 663px\" \/>\t\t\t\t\t\t\t\t\t\t\t\t\t\t\t<\/div>\n\t\t\t\t<\/div>\n\t\t\t\t\t<\/div>\n\t\t\t\t<\/div>\n\t\t\t\t<\/div>\n\t\t","protected":false},"excerpt":{"rendered":"<p>Docentes, discentes e volunt\u00e1rios das mais variadas forma\u00e7\u00f5es em prol de uma sociedade intercultural, diversa e plural, unidos para prestar servi\u00e7os na \u00e1rea m\u00e9dica, psicol\u00f3gica e educacional com foco na popula\u00e7\u00e3o LGBTQIAPN+, negra, ind\u00edgena, imigrante e refugiada. \u00a0 \u00bfQui\u00e9n somos? Docentes, estudiantes y voluntarios de las m\u00e1s variadas formaciones acad\u00e9micas a favor de una sociedad intercultural, diversa y plural, unidos para ofrecer servicios en las \u00e1reas m\u00e9dica, psicol\u00f3gica y educativa con enfoque en la poblaci\u00f3n LGBTQIAPN+, negra, ind\u00edgena, inmigrante y refugiada. \u00a0 Qui sommes-nous\u202f? Enseignants, \u00e9tudiants et b\u00e9n\u00e9voles issus des horizons les plus vari\u00e9s en faveur d&#8217;une soci\u00e9t\u00e9 interculturelle, diversifi\u00e9e et plurielle, unis pour fournir des services dans les domaines m\u00e9dical, psychologique et \u00e9ducatif en mettant l&#8217;accent sur la population LGBTQIAPN+, noire, indig\u00e8ne, immigrante et r\u00e9fugi\u00e9e. \/*! elementor &#8211; v3.22.0 &#8211; 17-06-2024 *\/ .elementor-widget-image{text-align:center}.elementor-widget-image a{display:inline-block}.elementor-widget-image a img[src$=&#8221;.svg&#8221;]{width:48px}.elementor-widget-image img{vertical-align:middle;display:inline-block}<\/p>\n","protected":false},"author":90,"featured_media":0,"parent":0,"menu_order":-7,"comment_status":"closed","ping_status":"closed","template":"","meta":{"_uag_custom_page_level_css":"","_themeisle_gutenberg_block_has_review":false,"footnotes":""},"class_list":["post-37","page","type-page","status-publish","hentry"],"uagb_featured_image_src":{"full":false,"thumbnail":false,"medium":false,"medium_large":false,"large":false,"1536x1536":false,"2048x2048":false,"htmega_size_585x295":false,"htmega_size_1170x536":false,"htmega_size_396x360":false,"tainacan-small":false,"tainacan-medium":false,"tainacan-medium-full":false,"tainacan-large-full":false,"button-2-featured":false},"uagb_author_info":{"display_name":"marcos.jesus","author_link":"https:\/\/divulga.unila.edu.br\/interclinica\/author\/interclinica\/"},"uagb_comment_info":0,"uagb_excerpt":"Docentes, discentes e volunt\u00e1rios das mais variadas forma\u00e7\u00f5es em prol de uma sociedade intercultural, diversa e plural, unidos para prestar servi\u00e7os na \u00e1rea m\u00e9dica, psicol\u00f3gica e educacional com foco na popula\u00e7\u00e3o LGBTQIAPN+, negra, ind\u00edgena, imigrante e refugiada. \u00a0 \u00bfQui\u00e9n somos? Docentes, estudiantes y voluntarios de las m\u00e1s variadas formaciones acad\u00e9micas a favor de una sociedad&hellip;","_links":{"self":[{"href":"https:\/\/divulga.unila.edu.br\/interclinica\/wp-json\/wp\/v2\/pages\/37","targetHints":{"allow":["GET"]}}],"collection":[{"href":"https:\/\/divulga.unila.edu.br\/interclinica\/wp-json\/wp\/v2\/pages"}],"about":[{"href":"https:\/\/divulga.unila.edu.br\/interclinica\/wp-json\/wp\/v2\/types\/page"}],"author":[{"embeddable":true,"href":"https:\/\/divulga.unila.edu.br\/interclinica\/wp-json\/wp\/v2\/users\/90"}],"replies":[{"embeddable":true,"href":"https:\/\/divulga.unila.edu.br\/interclinica\/wp-json\/wp\/v2\/comments?post=37"}],"version-history":[{"count":29,"href":"https:\/\/divulga.unila.edu.br\/interclinica\/wp-json\/wp\/v2\/pages\/37\/revisions"}],"predecessor-version":[{"id":2124,"href":"https:\/\/divulga.unila.edu.br\/interclinica\/wp-json\/wp\/v2\/pages\/37\/revisions\/2124"}],"wp:attachment":[{"href":"https:\/\/divulga.unila.edu.br\/interclinica\/wp-json\/wp\/v2\/media?parent=37"}],"curies":[{"name":"wp","href":"https:\/\/api.w.org\/{rel}","templated":true}]}}

<div data-elementor-type="wp-page" data-elementor-id="37" class="elementor elementor-37">
				<div class="has_eae_slider elementor-element elementor-element-4aa84a4 e-flex e-con-boxed wpr-particle-no wpr-jarallax-no wpr-parallax-no wpr-sticky-section-no wpr-equal-height-no e-con e-parent" data-eae-slider="84095" data-id="4aa84a4" data-element_type="container" data-e-type="container">
					<div class="e-con-inner">
				<div class="elementor-element elementor-element-32d2103 elementor-widget__width-initial elementor-drop-cap-yes elementor-drop-cap-view-default elementor-widget elementor-widget-text-editor" data-id="32d2103" data-element_type="widget" data-e-type="widget" data-settings="{&quot;drop_cap&quot;:&quot;yes&quot;}" data-widget_type="text-editor.default">
				<div class="elementor-widget-container">
									<p style="text-align: justify">Docentes, discentes e voluntários das mais variadas formações em prol de uma sociedade intercultural, diversa e plural, unidos para prestar serviços na área médica, psicológica e educacional com foco na população LGBTQIAPN+, negra, indígena, imigrante e refugiada.</p><p> </p><p><strong>¿Quién somos?</strong></p><p style="text-align: justify"><span style="font-weight: 400">Docentes, estudiantes y voluntarios de las más variadas formaciones académicas a favor de una sociedad intercultural, diversa y plural, unidos para ofrecer servicios en las áreas médica, psicológica y educativa con enfoque en la población LGBTQIAPN+, negra, indígena, inmigrante y refugiada.</span></p><p><b> </b></p><p><b>Qui sommes-nous ?</b></p><p style="text-align: justify"><span style="font-weight: 400">Enseignants, étudiants et bénévoles issus des horizons les plus variés en faveur d&#8217;une société interculturelle, diversifiée et plurielle, unis pour fournir des services dans les domaines médical, psychologique et éducatif en mettant l&#8217;accent sur la population LGBTQIAPN+, noire, indigène, immigrante et réfugiée.</span></p>								</div>
				</div>
					</div>
				</div>
		<div class="has_eae_slider elementor-element elementor-element-026ef74 e-flex e-con-boxed wpr-particle-no wpr-jarallax-no wpr-parallax-no wpr-sticky-section-no wpr-equal-height-no e-con e-parent" data-eae-slider="79732" data-id="026ef74" data-element_type="container" data-e-type="container">
					<div class="e-con-inner">
				<div class="elementor-element elementor-element-7acdf09 elementor-widget elementor-widget-image" data-id="7acdf09" data-element_type="widget" data-e-type="widget" data-widget_type="image.default">
				<div class="elementor-widget-container">
															<img fetchpriority="high" decoding="async" width="663" height="348" src="https://divulga.unila.edu.br/interclinica/wp-content/uploads/sites/39/2023/09/1000032373-1024x538.jpg" class="attachment-large size-large wp-image-230" alt="" srcset="https://divulga.unila.edu.br/interclinica/wp-content/uploads/sites/39/2023/09/1000032373-1024x538.jpg 1024w, https://divulga.unila.edu.br/interclinica/wp-content/uploads/sites/39/2023/09/1000032373-300x158.jpg 300w, https://divulga.unila.edu.br/interclinica/wp-content/uploads/sites/39/2023/09/1000032373-768x403.jpg 768w, https://divulga.unila.edu.br/interclinica/wp-content/uploads/sites/39/2023/09/1000032373-205x108.jpg 205w, https://divulga.unila.edu.br/interclinica/wp-content/uploads/sites/39/2023/09/1000032373-480x252.jpg 480w, https://divulga.unila.edu.br/interclinica/wp-content/uploads/sites/39/2023/09/1000032373-982x516.jpg 982w, https://divulga.unila.edu.br/interclinica/wp-content/uploads/sites/39/2023/09/1000032373.jpg 1280w" sizes="(max-width: 663px) 100vw, 663px" />															</div>
				</div>
					</div>
				</div>
				</div>

<p>Docentes, discentes e voluntários das mais variadas formações em prol de uma sociedade intercultural, diversa e plural, unidos para prestar serviços na área médica, psicológica e educacional com foco na população LGBTQIAPN+, negra, indígena, imigrante e refugiada.   ¿Quién somos? Docentes, estudiantes y voluntarios de las más variadas formaciones académicas a favor de una sociedad intercultural, diversa y plural, unidos para ofrecer servicios en las áreas médica, psicológica y educativa con enfoque en la población LGBTQIAPN+, negra, indígena, inmigrante y refugiada.   Qui sommes-nous ? Enseignants, étudiants et bénévoles issus des horizons les plus variés en faveur d&#8217;une société interculturelle, diversifiée et plurielle, unis pour fournir des services dans les domaines médical, psychologique et éducatif en mettant l&#8217;accent sur la population LGBTQIAPN+, noire, indigène, immigrante et réfugiée. /*! elementor &#8211; v3.22.0 &#8211; 17-06-2024 */ .elementor-widget-image{text-align:center}.elementor-widget-image a{display:inline-block}.elementor-widget-image a img[src$=&#8221;.svg&#8221;]{width:48px}.elementor-widget-image img{vertical-align:middle;display:inline-block}</p>

Docentes, discentes e voluntários das mais variadas formações em prol de uma sociedade intercultural, diversa e plural, unidos para prestar serviços na área médica, psicológica e educacional com foco na população LGBTQIAPN+, negra, indígena, imigrante e refugiada.   ¿Quién somos? Docentes, estudiantes y voluntarios de las más variadas formaciones académicas a favor de una sociedad&hellip;
