{"id":336,"date":"2023-09-26T13:08:52","date_gmt":"2023-09-26T16:08:52","guid":{"rendered":"https:\/\/divulga.unila.edu.br\/interclinica\/?page_id=336"},"modified":"2025-09-11T19:43:35","modified_gmt":"2025-09-11T22:43:35","slug":"clinica-nos-bairros","status":"publish","type":"page","link":"https:\/\/divulga.unila.edu.br\/interclinica\/servicos-a-comunidade\/clinica-nos-bairros\/","title":{"rendered":"Cl\u00ednica nos Bairros"},"content":{"rendered":"\t\t<div data-elementor-type=\"wp-page\" data-elementor-id=\"336\" class=\"elementor elementor-336\">\n\t\t\t\t<div class=\"has_eae_slider elementor-element elementor-element-2daee12 e-flex e-con-boxed wpr-particle-no wpr-jarallax-no wpr-parallax-no wpr-sticky-section-no wpr-equal-height-no e-con e-parent\" data-eae-slider=\"95719\" data-id=\"2daee12\" data-element_type=\"container\" data-e-type=\"container\">\n\t\t\t\t\t<div class=\"e-con-inner\">\n\t\t\t\t<div class=\"elementor-element elementor-element-d4c885b elementor-widget elementor-widget-text-editor\" data-id=\"d4c885b\" data-element_type=\"widget\" data-e-type=\"widget\" data-widget_type=\"text-editor.default\">\n\t\t\t\t<div class=\"elementor-widget-container\">\n\t\t\t\t\t\t\t\t\t<p style=\"text-align: justify\"><span style=\"font-weight: 400\">\u201cCl\u00ednica nos bairros\u201d \u00e9 uma cl\u00ednica-itinerante, uma escuta psicol\u00f3gica por demanda cuja pr\u00e1tica \u00e9 ofertada por profissionais psi com o objetivo de criar espa\u00e7os tempor\u00e1rios de escuta psicol\u00f3gica dentro de ou para institui\u00e7\u00f5es p\u00fablicas e n\u00e3o-governamentais assim como espa\u00e7os abertos tais como a pra\u00e7a, o parque e lugares de conviv\u00eancia comunit\u00e1ria nos bairros da cidade.<\/span><\/p>\t\t\t\t\t\t\t\t<\/div>\n\t\t\t\t<\/div>\n\t\t\t\t\t<\/div>\n\t\t\t\t<\/div>\n\t\t\t\t<\/div>\n\t\t","protected":false},"excerpt":{"rendered":"<p>\u201cCl\u00ednica nos bairros\u201d \u00e9 uma cl\u00ednica-itinerante, uma escuta psicol\u00f3gica por demanda cuja pr\u00e1tica \u00e9 ofertada por profissionais psi com o objetivo de criar espa\u00e7os tempor\u00e1rios de escuta psicol\u00f3gica dentro de ou para institui\u00e7\u00f5es p\u00fablicas e n\u00e3o-governamentais assim como espa\u00e7os abertos tais como a pra\u00e7a, o parque e lugares de conviv\u00eancia comunit\u00e1ria nos bairros da cidade.<\/p>\n","protected":false},"author":90,"featured_media":0,"parent":1183,"menu_order":-2,"comment_status":"closed","ping_status":"closed","template":"","meta":{"_uag_custom_page_level_css":"","_themeisle_gutenberg_block_has_review":false,"footnotes":""},"class_list":["post-336","page","type-page","status-publish","hentry"],"uagb_featured_image_src":{"full":false,"thumbnail":false,"medium":false,"medium_large":false,"large":false,"1536x1536":false,"2048x2048":false,"htmega_size_585x295":false,"htmega_size_1170x536":false,"htmega_size_396x360":false,"tainacan-small":false,"tainacan-medium":false,"tainacan-medium-full":false,"tainacan-large-full":false,"button-2-featured":false},"uagb_author_info":{"display_name":"marcos.jesus","author_link":"https:\/\/divulga.unila.edu.br\/interclinica\/author\/interclinica\/"},"uagb_comment_info":0,"uagb_excerpt":"\u201cCl\u00ednica nos bairros\u201d \u00e9 uma cl\u00ednica-itinerante, uma escuta psicol\u00f3gica por demanda cuja pr\u00e1tica \u00e9 ofertada por profissionais psi com o objetivo de criar espa\u00e7os tempor\u00e1rios de escuta psicol\u00f3gica dentro de ou para institui\u00e7\u00f5es p\u00fablicas e n\u00e3o-governamentais assim como espa\u00e7os abertos tais como a pra\u00e7a, o parque e lugares de conviv\u00eancia comunit\u00e1ria nos bairros da cidade.","_links":{"self":[{"href":"https:\/\/divulga.unila.edu.br\/interclinica\/wp-json\/wp\/v2\/pages\/336","targetHints":{"allow":["GET"]}}],"collection":[{"href":"https:\/\/divulga.unila.edu.br\/interclinica\/wp-json\/wp\/v2\/pages"}],"about":[{"href":"https:\/\/divulga.unila.edu.br\/interclinica\/wp-json\/wp\/v2\/types\/page"}],"author":[{"embeddable":true,"href":"https:\/\/divulga.unila.edu.br\/interclinica\/wp-json\/wp\/v2\/users\/90"}],"replies":[{"embeddable":true,"href":"https:\/\/divulga.unila.edu.br\/interclinica\/wp-json\/wp\/v2\/comments?post=336"}],"version-history":[{"count":19,"href":"https:\/\/divulga.unila.edu.br\/interclinica\/wp-json\/wp\/v2\/pages\/336\/revisions"}],"predecessor-version":[{"id":2113,"href":"https:\/\/divulga.unila.edu.br\/interclinica\/wp-json\/wp\/v2\/pages\/336\/revisions\/2113"}],"up":[{"embeddable":true,"href":"https:\/\/divulga.unila.edu.br\/interclinica\/wp-json\/wp\/v2\/pages\/1183"}],"wp:attachment":[{"href":"https:\/\/divulga.unila.edu.br\/interclinica\/wp-json\/wp\/v2\/media?parent=336"}],"curies":[{"name":"wp","href":"https:\/\/api.w.org\/{rel}","templated":true}]}}

Clínica nos Bairros

<div data-elementor-type="wp-page" data-elementor-id="336" class="elementor elementor-336">
				<div class="has_eae_slider elementor-element elementor-element-2daee12 e-flex e-con-boxed wpr-particle-no wpr-jarallax-no wpr-parallax-no wpr-sticky-section-no wpr-equal-height-no e-con e-parent" data-eae-slider="95719" data-id="2daee12" data-element_type="container" data-e-type="container">
					<div class="e-con-inner">
				<div class="elementor-element elementor-element-d4c885b elementor-widget elementor-widget-text-editor" data-id="d4c885b" data-element_type="widget" data-e-type="widget" data-widget_type="text-editor.default">
				<div class="elementor-widget-container">
									<p style="text-align: justify"><span style="font-weight: 400">“Clínica nos bairros” é uma clínica-itinerante, uma escuta psicológica por demanda cuja prática é ofertada por profissionais psi com o objetivo de criar espaços temporários de escuta psicológica dentro de ou para instituições públicas e não-governamentais assim como espaços abertos tais como a praça, o parque e lugares de convivência comunitária nos bairros da cidade.</span></p>								</div>
				</div>
					</div>
				</div>
				</div>

<p>“Clínica nos bairros” é uma clínica-itinerante, uma escuta psicológica por demanda cuja prática é ofertada por profissionais psi com o objetivo de criar espaços temporários de escuta psicológica dentro de ou para instituições públicas e não-governamentais assim como espaços abertos tais como a praça, o parque e lugares de convivência comunitária nos bairros da cidade.</p>

“Clínica nos bairros” é uma clínica-itinerante, uma escuta psicológica por demanda cuja prática é ofertada por profissionais psi com o objetivo de criar espaços temporários de escuta psicológica dentro de ou para instituições públicas e não-governamentais assim como espaços abertos tais como a praça, o parque e lugares de convivência comunitária nos bairros da cidade.
