{"id":2184,"date":"2025-10-12T11:56:18","date_gmt":"2025-10-12T14:56:18","guid":{"rendered":"https:\/\/divulga.unila.edu.br\/interclinica\/?page_id=2184"},"modified":"2025-10-12T12:24:06","modified_gmt":"2025-10-12T15:24:06","slug":"projeto-o-cerebro-adormecido","status":"publish","type":"page","link":"https:\/\/divulga.unila.edu.br\/interclinica\/grupo-de-pesquisa\/projeto-o-cerebro-adormecido\/","title":{"rendered":"Projeto &#8220;O c\u00e9rebro adormecido&#8221;"},"content":{"rendered":"\t\t<div data-elementor-type=\"wp-page\" data-elementor-id=\"2184\" class=\"elementor elementor-2184\">\n\t\t\t\t<div class=\"has_eae_slider elementor-element elementor-element-7173c57d e-flex e-con-boxed wpr-particle-no wpr-jarallax-no wpr-parallax-no wpr-sticky-section-no wpr-equal-height-no e-con e-parent\" data-eae-slider=\"32953\" data-id=\"7173c57d\" data-element_type=\"container\" data-e-type=\"container\">\n\t\t\t\t\t<div class=\"e-con-inner\">\n\t\t\t\t<div class=\"elementor-element elementor-element-5f7b74d9 elementor-drop-cap-yes elementor-drop-cap-view-default elementor-widget elementor-widget-text-editor\" data-id=\"5f7b74d9\" data-element_type=\"widget\" data-e-type=\"widget\" data-settings=\"{&quot;drop_cap&quot;:&quot;yes&quot;}\" data-widget_type=\"text-editor.default\">\n\t\t\t\t<div class=\"elementor-widget-container\">\n\t\t\t\t\t\t\t\t\t\n<p style=\"text-align: justify\">A avalia\u00e7\u00e3o neuropsicol\u00f3gica tradicional concentra-se quase exclusivamente no funcionamento cognitivo durante o estado de vig\u00edlia, negligenciando um ter\u00e7o da exist\u00eancia humana: o sono e os sonhos. Com base na teoria neuropsicoanal\u00edtica de Mark Solms e nos sistemas emocionais de Jaak Panksepp, o objetivo do projeto \u00e9 identificar e correlacionar padr\u00f5es espec\u00edficos em relatos de sonhos (<span style=\"font-weight: 400\">altera\u00e7\u00f5es na frequ\u00eancia, conte\u00fado, qualidade dos sonhos etc.) com dom\u00ednios do funcionamento cognitivo e emocional, de maneira a produzir evid\u00eancias sobre poss\u00edveis marcadores sens\u00edveis para les\u00f5es focais, transtornos psiqui\u00e1tricos e doen\u00e7as neurodegenerativas. <\/span><\/p>\n\n<p>\u00a0<\/p>\n\t\t\t\t\t\t\t\t<\/div>\n\t\t\t\t<\/div>\n\t\t\t\t\t<\/div>\n\t\t\t\t<\/div>\n\t\t\t\t<\/div>\n\t\t","protected":false},"excerpt":{"rendered":"<p>A avalia\u00e7\u00e3o neuropsicol\u00f3gica tradicional concentra-se quase exclusivamente no funcionamento cognitivo durante o estado de vig\u00edlia, negligenciando um ter\u00e7o da exist\u00eancia humana: o sono e os sonhos. Com base na teoria neuropsicoanal\u00edtica de Mark Solms e nos sistemas emocionais de Jaak Panksepp, o objetivo do projeto \u00e9 identificar e correlacionar padr\u00f5es espec\u00edficos em relatos de sonhos (altera\u00e7\u00f5es na frequ\u00eancia, conte\u00fado, qualidade dos sonhos etc.) com dom\u00ednios do funcionamento cognitivo e emocional, de maneira a produzir evid\u00eancias sobre poss\u00edveis marcadores sens\u00edveis para les\u00f5es focais, transtornos psiqui\u00e1tricos e doen\u00e7as neurodegenerativas. \u00a0<\/p>\n","protected":false},"author":90,"featured_media":0,"parent":64,"menu_order":-2,"comment_status":"closed","ping_status":"closed","template":"","meta":{"_uag_custom_page_level_css":"","_themeisle_gutenberg_block_has_review":false,"footnotes":""},"class_list":["post-2184","page","type-page","status-publish","hentry"],"uagb_featured_image_src":{"full":false,"thumbnail":false,"medium":false,"medium_large":false,"large":false,"1536x1536":false,"2048x2048":false,"htmega_size_585x295":false,"htmega_size_1170x536":false,"htmega_size_396x360":false,"tainacan-small":false,"tainacan-medium":false,"tainacan-medium-full":false,"tainacan-large-full":false,"button-2-featured":false},"uagb_author_info":{"display_name":"marcos.jesus","author_link":"https:\/\/divulga.unila.edu.br\/interclinica\/author\/interclinica\/"},"uagb_comment_info":0,"uagb_excerpt":"A avalia\u00e7\u00e3o neuropsicol\u00f3gica tradicional concentra-se quase exclusivamente no funcionamento cognitivo durante o estado de vig\u00edlia, negligenciando um ter\u00e7o da exist\u00eancia humana: o sono e os sonhos. Com base na teoria neuropsicoanal\u00edtica de Mark Solms e nos sistemas emocionais de Jaak Panksepp, o objetivo do projeto \u00e9 identificar e correlacionar padr\u00f5es espec\u00edficos em relatos de sonhos&hellip;","_links":{"self":[{"href":"https:\/\/divulga.unila.edu.br\/interclinica\/wp-json\/wp\/v2\/pages\/2184","targetHints":{"allow":["GET"]}}],"collection":[{"href":"https:\/\/divulga.unila.edu.br\/interclinica\/wp-json\/wp\/v2\/pages"}],"about":[{"href":"https:\/\/divulga.unila.edu.br\/interclinica\/wp-json\/wp\/v2\/types\/page"}],"author":[{"embeddable":true,"href":"https:\/\/divulga.unila.edu.br\/interclinica\/wp-json\/wp\/v2\/users\/90"}],"replies":[{"embeddable":true,"href":"https:\/\/divulga.unila.edu.br\/interclinica\/wp-json\/wp\/v2\/comments?post=2184"}],"version-history":[{"count":8,"href":"https:\/\/divulga.unila.edu.br\/interclinica\/wp-json\/wp\/v2\/pages\/2184\/revisions"}],"predecessor-version":[{"id":2205,"href":"https:\/\/divulga.unila.edu.br\/interclinica\/wp-json\/wp\/v2\/pages\/2184\/revisions\/2205"}],"up":[{"embeddable":true,"href":"https:\/\/divulga.unila.edu.br\/interclinica\/wp-json\/wp\/v2\/pages\/64"}],"wp:attachment":[{"href":"https:\/\/divulga.unila.edu.br\/interclinica\/wp-json\/wp\/v2\/media?parent=2184"}],"curies":[{"name":"wp","href":"https:\/\/api.w.org\/{rel}","templated":true}]}}

Projeto &#8220;O cérebro adormecido&#8221;

<div data-elementor-type="wp-page" data-elementor-id="2184" class="elementor elementor-2184">
				<div class="has_eae_slider elementor-element elementor-element-7173c57d e-flex e-con-boxed wpr-particle-no wpr-jarallax-no wpr-parallax-no wpr-sticky-section-no wpr-equal-height-no e-con e-parent" data-eae-slider="32953" data-id="7173c57d" data-element_type="container" data-e-type="container">
					<div class="e-con-inner">
				<div class="elementor-element elementor-element-5f7b74d9 elementor-drop-cap-yes elementor-drop-cap-view-default elementor-widget elementor-widget-text-editor" data-id="5f7b74d9" data-element_type="widget" data-e-type="widget" data-settings="{&quot;drop_cap&quot;:&quot;yes&quot;}" data-widget_type="text-editor.default">
				<div class="elementor-widget-container">
									
<p style="text-align: justify">A avaliação neuropsicológica tradicional concentra-se quase exclusivamente no funcionamento cognitivo durante o estado de vigília, negligenciando um terço da existência humana: o sono e os sonhos. Com base na teoria neuropsicoanalítica de Mark Solms e nos sistemas emocionais de Jaak Panksepp, o objetivo do projeto é identificar e correlacionar padrões específicos em relatos de sonhos (<span style="font-weight: 400">alterações na frequência, conteúdo, qualidade dos sonhos etc.) com domínios do funcionamento cognitivo e emocional, de maneira a produzir evidências sobre possíveis marcadores sensíveis para lesões focais, transtornos psiquiátricos e doenças neurodegenerativas. </span></p>

<p> </p>
								</div>
				</div>
					</div>
				</div>
				</div>

<p>A avaliação neuropsicológica tradicional concentra-se quase exclusivamente no funcionamento cognitivo durante o estado de vigília, negligenciando um terço da existência humana: o sono e os sonhos. Com base na teoria neuropsicoanalítica de Mark Solms e nos sistemas emocionais de Jaak Panksepp, o objetivo do projeto é identificar e correlacionar padrões específicos em relatos de sonhos (alterações na frequência, conteúdo, qualidade dos sonhos etc.) com domínios do funcionamento cognitivo e emocional, de maneira a produzir evidências sobre possíveis marcadores sensíveis para lesões focais, transtornos psiquiátricos e doenças neurodegenerativas.  </p>

A avaliação neuropsicológica tradicional concentra-se quase exclusivamente no funcionamento cognitivo durante o estado de vigília, negligenciando um terço da existência humana: o sono e os sonhos. Com base na teoria neuropsicoanalítica de Mark Solms e nos sistemas emocionais de Jaak Panksepp, o objetivo do projeto é identificar e correlacionar padrões específicos em relatos de sonhos&hellip;
