{"id":1907,"date":"2025-02-15T14:44:36","date_gmt":"2025-02-15T17:44:36","guid":{"rendered":"https:\/\/divulga.unila.edu.br\/interclinica\/?page_id=1907"},"modified":"2025-10-12T11:46:34","modified_gmt":"2025-10-12T14:46:34","slug":"ano-2025","status":"publish","type":"page","link":"https:\/\/divulga.unila.edu.br\/interclinica\/seminarios-eventos\/ano-2025\/","title":{"rendered":"2025"},"content":{"rendered":"<div class=\"wp-block-image\">\n<figure class=\"aligncenter size-large\"><a href=\"https:\/\/divulga.unila.edu.br\/interclinica\/?attachment_id=2140\"><img fetchpriority=\"high\" decoding=\"async\" width=\"1024\" height=\"1024\" src=\"http:\/\/divulga.unila.edu.br\/interclinica\/wp-content\/uploads\/sites\/39\/2025\/09\/I.zip-1-1024x1024.png\" alt=\"\" class=\"wp-image-2140\" srcset=\"https:\/\/divulga.unila.edu.br\/interclinica\/wp-content\/uploads\/sites\/39\/2025\/09\/I.zip-1-1024x1024.png 1024w, https:\/\/divulga.unila.edu.br\/interclinica\/wp-content\/uploads\/sites\/39\/2025\/09\/I.zip-1-300x300.png 300w, https:\/\/divulga.unila.edu.br\/interclinica\/wp-content\/uploads\/sites\/39\/2025\/09\/I.zip-1-150x150.png 150w, https:\/\/divulga.unila.edu.br\/interclinica\/wp-content\/uploads\/sites\/39\/2025\/09\/I.zip-1-768x768.png 768w, https:\/\/divulga.unila.edu.br\/interclinica\/wp-content\/uploads\/sites\/39\/2025\/09\/I.zip-1-40x40.png 40w, https:\/\/divulga.unila.edu.br\/interclinica\/wp-content\/uploads\/sites\/39\/2025\/09\/I.zip-1-275x275.png 275w, https:\/\/divulga.unila.edu.br\/interclinica\/wp-content\/uploads\/sites\/39\/2025\/09\/I.zip-1-205x205.png 205w, https:\/\/divulga.unila.edu.br\/interclinica\/wp-content\/uploads\/sites\/39\/2025\/09\/I.zip-1-480x480.png 480w, https:\/\/divulga.unila.edu.br\/interclinica\/wp-content\/uploads\/sites\/39\/2025\/09\/I.zip-1-982x982.png 982w, https:\/\/divulga.unila.edu.br\/interclinica\/wp-content\/uploads\/sites\/39\/2025\/09\/I.zip-1.png 1080w\" sizes=\"(max-width: 1024px) 100vw, 1024px\" \/><\/a><figcaption class=\"wp-element-caption\">O Laborat\u00f3rio Frantz Fanon de Avalia\u00e7\u00e3o Psicol\u00f3gica e em Sa\u00fade Mental convida pesquisadores, estudantes e demais interessados para os encontros do segundo semestre de 2025. Os encontros deste ano ser\u00e3o dedicados a discutir as rela\u00e7\u00f5es entre os processos discriminat\u00f3rios, em especial, o racismo, e seus correlatos ps\u00edquicos e emocionais, bem como seu impacto nos processos neurobiol\u00f3gicos moleculares. O objetivo central \u00e9 fomentar uma discuss\u00e3o interdisciplinar que elucide os mecanismos pelos quais as experi\u00eancias sociais adversas se conectam a processos de sofrimento ps\u00edquico e adoecimento mental como express\u00e3o das iniquidades em sa\u00fade.<br><strong>Dia:<\/strong> 03.10.25<br><strong>Hor\u00e1rio: <\/strong>14h<br><strong>Local:<\/strong> A116 &#8211; CI<br>Para receber o texto de debate ou em caso de d\u00favidas, escreva para: <a href=\"mailto:construindovinculos@gmail.com\">construindovinculos@gmail.com<\/a><br><strong>Haver\u00e1 emiss\u00e3o de certificado.<\/strong><br><br><br><br><\/figcaption><\/figure>\n<\/div>\n\n\n<figure class=\"wp-block-embed is-type-video is-provider-youtube wp-block-embed-youtube wp-embed-aspect-16-9 wp-has-aspect-ratio\"><div class=\"wp-block-embed__wrapper\">\n<iframe title=\"Projeto de extens\u00e3o - UNILA\" width=\"663\" height=\"373\" src=\"https:\/\/www.youtube.com\/embed\/1N_5Ej2tFY4?feature=oembed\" frameborder=\"0\" allow=\"accelerometer; autoplay; clipboard-write; encrypted-media; gyroscope; picture-in-picture; web-share\" referrerpolicy=\"strict-origin-when-cross-origin\" allowfullscreen><\/iframe>\n<\/div><\/figure>\n\n\n\n<figure class=\"wp-block-gallery has-nested-images columns-default is-cropped wp-block-gallery-1 is-layout-flex wp-block-gallery-is-layout-flex\"><\/figure>\n\n\n\n\n\n<p><\/p>\n","protected":false},"excerpt":{"rendered":"","protected":false},"author":90,"featured_media":0,"parent":70,"menu_order":-8,"comment_status":"closed","ping_status":"closed","template":"","meta":{"_uag_custom_page_level_css":"","_themeisle_gutenberg_block_has_review":false,"footnotes":""},"class_list":["post-1907","page","type-page","status-publish","hentry"],"uagb_featured_image_src":{"full":false,"thumbnail":false,"medium":false,"medium_large":false,"large":false,"1536x1536":false,"2048x2048":false,"htmega_size_585x295":false,"htmega_size_1170x536":false,"htmega_size_396x360":false,"tainacan-small":false,"tainacan-medium":false,"tainacan-medium-full":false,"tainacan-large-full":false,"button-2-featured":false},"uagb_author_info":{"display_name":"marcos.jesus","author_link":"https:\/\/divulga.unila.edu.br\/interclinica\/author\/interclinica\/"},"uagb_comment_info":0,"uagb_excerpt":null,"_links":{"self":[{"href":"https:\/\/divulga.unila.edu.br\/interclinica\/wp-json\/wp\/v2\/pages\/1907","targetHints":{"allow":["GET"]}}],"collection":[{"href":"https:\/\/divulga.unila.edu.br\/interclinica\/wp-json\/wp\/v2\/pages"}],"about":[{"href":"https:\/\/divulga.unila.edu.br\/interclinica\/wp-json\/wp\/v2\/types\/page"}],"author":[{"embeddable":true,"href":"https:\/\/divulga.unila.edu.br\/interclinica\/wp-json\/wp\/v2\/users\/90"}],"replies":[{"embeddable":true,"href":"https:\/\/divulga.unila.edu.br\/interclinica\/wp-json\/wp\/v2\/comments?post=1907"}],"version-history":[{"count":7,"href":"https:\/\/divulga.unila.edu.br\/interclinica\/wp-json\/wp\/v2\/pages\/1907\/revisions"}],"predecessor-version":[{"id":2174,"href":"https:\/\/divulga.unila.edu.br\/interclinica\/wp-json\/wp\/v2\/pages\/1907\/revisions\/2174"}],"up":[{"embeddable":true,"href":"https:\/\/divulga.unila.edu.br\/interclinica\/wp-json\/wp\/v2\/pages\/70"}],"wp:attachment":[{"href":"https:\/\/divulga.unila.edu.br\/interclinica\/wp-json\/wp\/v2\/media?parent=1907"}],"curies":[{"name":"wp","href":"https:\/\/api.w.org\/{rel}","templated":true}]}}

<div class="wp-block-image">
<figure class="aligncenter size-large"><a href="https://divulga.unila.edu.br/interclinica/?attachment_id=2140"><img fetchpriority="high" decoding="async" width="1024" height="1024" src="http://divulga.unila.edu.br/interclinica/wp-content/uploads/sites/39/2025/09/I.zip-1-1024x1024.png" alt="" class="wp-image-2140" srcset="https://divulga.unila.edu.br/interclinica/wp-content/uploads/sites/39/2025/09/I.zip-1-1024x1024.png 1024w, https://divulga.unila.edu.br/interclinica/wp-content/uploads/sites/39/2025/09/I.zip-1-300x300.png 300w, https://divulga.unila.edu.br/interclinica/wp-content/uploads/sites/39/2025/09/I.zip-1-150x150.png 150w, https://divulga.unila.edu.br/interclinica/wp-content/uploads/sites/39/2025/09/I.zip-1-768x768.png 768w, https://divulga.unila.edu.br/interclinica/wp-content/uploads/sites/39/2025/09/I.zip-1-40x40.png 40w, https://divulga.unila.edu.br/interclinica/wp-content/uploads/sites/39/2025/09/I.zip-1-275x275.png 275w, https://divulga.unila.edu.br/interclinica/wp-content/uploads/sites/39/2025/09/I.zip-1-205x205.png 205w, https://divulga.unila.edu.br/interclinica/wp-content/uploads/sites/39/2025/09/I.zip-1-480x480.png 480w, https://divulga.unila.edu.br/interclinica/wp-content/uploads/sites/39/2025/09/I.zip-1-982x982.png 982w, https://divulga.unila.edu.br/interclinica/wp-content/uploads/sites/39/2025/09/I.zip-1.png 1080w" sizes="(max-width: 1024px) 100vw, 1024px" /></a><figcaption class="wp-element-caption">O Laboratório Frantz Fanon de Avaliação Psicológica e em Saúde Mental convida pesquisadores, estudantes e demais interessados para os encontros do segundo semestre de 2025. Os encontros deste ano serão dedicados a discutir as relações entre os processos discriminatórios, em especial, o racismo, e seus correlatos psíquicos e emocionais, bem como seu impacto nos processos neurobiológicos moleculares. O objetivo central é fomentar uma discussão interdisciplinar que elucide os mecanismos pelos quais as experiências sociais adversas se conectam a processos de sofrimento psíquico e adoecimento mental como expressão das iniquidades em saúde.<br><strong>Dia:</strong> 03.10.25<br><strong>Horário: </strong>14h<br><strong>Local:</strong> A116 &#8211; CI<br>Para receber o texto de debate ou em caso de dúvidas, escreva para: <a href="mailto:construindovinculos@gmail.com">construindovinculos@gmail.com</a><br><strong>Haverá emissão de certificado.</strong><br><br><br><br></figcaption></figure>
</div>


<figure class="wp-block-embed is-type-video is-provider-youtube wp-block-embed-youtube wp-embed-aspect-16-9 wp-has-aspect-ratio"><div class="wp-block-embed__wrapper">
<iframe title="Projeto de extensão - UNILA" width="663" height="373" src="https://www.youtube.com/embed/1N_5Ej2tFY4?feature=oembed" frameborder="0" allow="accelerometer; autoplay; clipboard-write; encrypted-media; gyroscope; picture-in-picture; web-share" referrerpolicy="strict-origin-when-cross-origin" allowfullscreen></iframe>
</div></figure>



<figure class="wp-block-gallery has-nested-images columns-default is-cropped wp-block-gallery-1 is-layout-flex wp-block-gallery-is-layout-flex"></figure>





<p></p>
