{"id":1379,"date":"2024-05-30T09:25:11","date_gmt":"2024-05-30T12:25:11","guid":{"rendered":"https:\/\/divulga.unila.edu.br\/interclinica\/?page_id=1379"},"modified":"2025-10-12T12:24:46","modified_gmt":"2025-10-12T15:24:46","slug":"freud-o-iguacu-construindo-memorias-sobre-a-psicanalise-na-triplice-fronteira","status":"publish","type":"page","link":"https:\/\/divulga.unila.edu.br\/interclinica\/grupo-de-pesquisa\/freud-o-iguacu-construindo-memorias-sobre-a-psicanalise-na-triplice-fronteira\/","title":{"rendered":"Projeto \u201cFreud-o Igua\u00e7u\u201d"},"content":{"rendered":"\t\t<div data-elementor-type=\"wp-page\" data-elementor-id=\"1379\" class=\"elementor elementor-1379\">\n\t\t\t\t<div class=\"has_eae_slider elementor-element elementor-element-57158d8 e-flex e-con-boxed wpr-particle-no wpr-jarallax-no wpr-parallax-no wpr-sticky-section-no wpr-equal-height-no e-con e-parent\" data-eae-slider=\"94674\" data-id=\"57158d8\" data-element_type=\"container\" data-e-type=\"container\">\n\t\t\t\t\t<div class=\"e-con-inner\">\n\t\t\t\t<div class=\"elementor-element elementor-element-6f476d1 elementor-drop-cap-yes elementor-drop-cap-view-default elementor-widget elementor-widget-text-editor\" data-id=\"6f476d1\" data-element_type=\"widget\" data-e-type=\"widget\" data-settings=\"{&quot;drop_cap&quot;:&quot;yes&quot;}\" data-widget_type=\"text-editor.default\">\n\t\t\t\t<div class=\"elementor-widget-container\">\n\t\t\t\t\t\t\t\t\t<p style=\"text-align: justify\">\u201cFreud-o Igua\u00e7u: construindo mem\u00f3rias sobre a psican\u00e1lise na tr\u00edplice fronteira\u201d recolhe materiais impressos diversos e narrativas orais para a constru\u00e7\u00e3o de um acervo sobre a hist\u00f3ria da psican\u00e1lise na tr\u00edplice fronteira (Brasil, Argentina e Paraguai).&nbsp;<\/p>\n<p style=\"text-align: justify\">Inspirado no pr\u00f3prio Freud, o grupo utiliza a &#8220;metodologia do fragmento a posteriori&#8221; que implica um entendimento segundo o qual qualquer novo fragmento de mem\u00f3ria encontrado ressignifica dos achados anteriores.&nbsp;O termo em alem\u00e3o <em>Nachtr\u00e4glichkeit<\/em> (traduzido como a posteriori ou s\u00f3-depois) expressa, portanto, que a totaliza\u00e7\u00e3o da hist\u00f3ria da psican\u00e1lise na tr\u00edplice fronteira e sua escrita definitiva \u00e9 da ordem de um imposs\u00edvel. Os resultados s\u00e3o sempre parciais.<\/p>\n<p style=\"text-align: justify\">Se voc\u00ea tem materiais, mem\u00f3rias e conhecimentos que queira compartilhar, entre em contato com o nosso projeto. Sua contribui\u00e7\u00e3o ser\u00e1 muito valiosa.<\/p>\t\t\t\t\t\t\t\t<\/div>\n\t\t\t\t<\/div>\n\t\t\t\t\t<\/div>\n\t\t\t\t<\/div>\n\t\t\t\t<\/div>\n\t\t","protected":false},"excerpt":{"rendered":"<p>\u201cFreud-o Igua\u00e7u: construindo mem\u00f3rias sobre a psican\u00e1lise na tr\u00edplice fronteira\u201d recolhe materiais impressos diversos e narrativas orais para a constru\u00e7\u00e3o de um acervo sobre a hist\u00f3ria da psican\u00e1lise na tr\u00edplice fronteira (Brasil, Argentina e Paraguai).&nbsp; Inspirado no pr\u00f3prio Freud, o grupo utiliza a &#8220;metodologia do fragmento a posteriori&#8221; que implica um entendimento segundo o qual qualquer novo fragmento de mem\u00f3ria encontrado ressignifica dos achados anteriores.&nbsp;O termo em alem\u00e3o Nachtr\u00e4glichkeit (traduzido como a posteriori ou s\u00f3-depois) expressa, portanto, que a totaliza\u00e7\u00e3o da hist\u00f3ria da psican\u00e1lise na tr\u00edplice fronteira e sua escrita definitiva \u00e9 da ordem de um imposs\u00edvel. Os resultados s\u00e3o sempre parciais. Se voc\u00ea tem materiais, mem\u00f3rias e conhecimentos que queira compartilhar, entre em contato com o nosso projeto. Sua contribui\u00e7\u00e3o ser\u00e1 muito valiosa.<\/p>\n","protected":false},"author":90,"featured_media":0,"parent":64,"menu_order":-1,"comment_status":"closed","ping_status":"closed","template":"","meta":{"_uag_custom_page_level_css":"","_themeisle_gutenberg_block_has_review":false,"footnotes":""},"class_list":["post-1379","page","type-page","status-publish","hentry"],"uagb_featured_image_src":{"full":false,"thumbnail":false,"medium":false,"medium_large":false,"large":false,"1536x1536":false,"2048x2048":false,"htmega_size_585x295":false,"htmega_size_1170x536":false,"htmega_size_396x360":false,"tainacan-small":false,"tainacan-medium":false,"tainacan-medium-full":false,"tainacan-large-full":false,"button-2-featured":false},"uagb_author_info":{"display_name":"marcos.jesus","author_link":"https:\/\/divulga.unila.edu.br\/interclinica\/author\/interclinica\/"},"uagb_comment_info":0,"uagb_excerpt":"\u201cFreud-o Igua\u00e7u: construindo mem\u00f3rias sobre a psican\u00e1lise na tr\u00edplice fronteira\u201d recolhe materiais impressos diversos e narrativas orais para a constru\u00e7\u00e3o de um acervo sobre a hist\u00f3ria da psican\u00e1lise na tr\u00edplice fronteira (Brasil, Argentina e Paraguai).&nbsp; Inspirado no pr\u00f3prio Freud, o grupo utiliza a &#8220;metodologia do fragmento a posteriori&#8221; que implica um entendimento segundo o qual&hellip;","_links":{"self":[{"href":"https:\/\/divulga.unila.edu.br\/interclinica\/wp-json\/wp\/v2\/pages\/1379","targetHints":{"allow":["GET"]}}],"collection":[{"href":"https:\/\/divulga.unila.edu.br\/interclinica\/wp-json\/wp\/v2\/pages"}],"about":[{"href":"https:\/\/divulga.unila.edu.br\/interclinica\/wp-json\/wp\/v2\/types\/page"}],"author":[{"embeddable":true,"href":"https:\/\/divulga.unila.edu.br\/interclinica\/wp-json\/wp\/v2\/users\/90"}],"replies":[{"embeddable":true,"href":"https:\/\/divulga.unila.edu.br\/interclinica\/wp-json\/wp\/v2\/comments?post=1379"}],"version-history":[{"count":17,"href":"https:\/\/divulga.unila.edu.br\/interclinica\/wp-json\/wp\/v2\/pages\/1379\/revisions"}],"predecessor-version":[{"id":1847,"href":"https:\/\/divulga.unila.edu.br\/interclinica\/wp-json\/wp\/v2\/pages\/1379\/revisions\/1847"}],"up":[{"embeddable":true,"href":"https:\/\/divulga.unila.edu.br\/interclinica\/wp-json\/wp\/v2\/pages\/64"}],"wp:attachment":[{"href":"https:\/\/divulga.unila.edu.br\/interclinica\/wp-json\/wp\/v2\/media?parent=1379"}],"curies":[{"name":"wp","href":"https:\/\/api.w.org\/{rel}","templated":true}]}}

Projeto “Freud-o Iguaçu”

<div data-elementor-type="wp-page" data-elementor-id="1379" class="elementor elementor-1379">
				<div class="has_eae_slider elementor-element elementor-element-57158d8 e-flex e-con-boxed wpr-particle-no wpr-jarallax-no wpr-parallax-no wpr-sticky-section-no wpr-equal-height-no e-con e-parent" data-eae-slider="94674" data-id="57158d8" data-element_type="container" data-e-type="container">
					<div class="e-con-inner">
				<div class="elementor-element elementor-element-6f476d1 elementor-drop-cap-yes elementor-drop-cap-view-default elementor-widget elementor-widget-text-editor" data-id="6f476d1" data-element_type="widget" data-e-type="widget" data-settings="{&quot;drop_cap&quot;:&quot;yes&quot;}" data-widget_type="text-editor.default">
				<div class="elementor-widget-container">
									<p style="text-align: justify">“Freud-o Iguaçu: construindo memórias sobre a psicanálise na tríplice fronteira” recolhe materiais impressos diversos e narrativas orais para a construção de um acervo sobre a história da psicanálise na tríplice fronteira (Brasil, Argentina e Paraguai).&nbsp;</p>
<p style="text-align: justify">Inspirado no próprio Freud, o grupo utiliza a &#8220;metodologia do fragmento a posteriori&#8221; que implica um entendimento segundo o qual qualquer novo fragmento de memória encontrado ressignifica dos achados anteriores.&nbsp;O termo em alemão <em>Nachträglichkeit</em> (traduzido como a posteriori ou só-depois) expressa, portanto, que a totalização da história da psicanálise na tríplice fronteira e sua escrita definitiva é da ordem de um impossível. Os resultados são sempre parciais.</p>
<p style="text-align: justify">Se você tem materiais, memórias e conhecimentos que queira compartilhar, entre em contato com o nosso projeto. Sua contribuição será muito valiosa.</p>								</div>
				</div>
					</div>
				</div>
				</div>

<p>“Freud-o Iguaçu: construindo memórias sobre a psicanálise na tríplice fronteira” recolhe materiais impressos diversos e narrativas orais para a construção de um acervo sobre a história da psicanálise na tríplice fronteira (Brasil, Argentina e Paraguai).&nbsp; Inspirado no próprio Freud, o grupo utiliza a &#8220;metodologia do fragmento a posteriori&#8221; que implica um entendimento segundo o qual qualquer novo fragmento de memória encontrado ressignifica dos achados anteriores.&nbsp;O termo em alemão Nachträglichkeit (traduzido como a posteriori ou só-depois) expressa, portanto, que a totalização da história da psicanálise na tríplice fronteira e sua escrita definitiva é da ordem de um impossível. Os resultados são sempre parciais. Se você tem materiais, memórias e conhecimentos que queira compartilhar, entre em contato com o nosso projeto. Sua contribuição será muito valiosa.</p>

“Freud-o Iguaçu: construindo memórias sobre a psicanálise na tríplice fronteira” recolhe materiais impressos diversos e narrativas orais para a construção de um acervo sobre a história da psicanálise na tríplice fronteira (Brasil, Argentina e Paraguai).&nbsp; Inspirado no próprio Freud, o grupo utiliza a &#8220;metodologia do fragmento a posteriori&#8221; que implica um entendimento segundo o qual&hellip;
