{"id":1198,"date":"2024-05-26T11:36:55","date_gmt":"2024-05-26T14:36:55","guid":{"rendered":"https:\/\/divulga.unila.edu.br\/interclinica\/?page_id=1198"},"modified":"2024-05-26T11:40:18","modified_gmt":"2024-05-26T14:40:18","slug":"psicologia-clinica-e-diversidade-sexual-e-de-genero","status":"publish","type":"page","link":"https:\/\/divulga.unila.edu.br\/interclinica\/cursos-e-formacoes\/psicologia-clinica-e-diversidade-sexual-e-de-genero\/","title":{"rendered":"Psicologia cl\u00ednica e diversidade sexual e de g\u00eanero"},"content":{"rendered":"\t\t<div data-elementor-type=\"wp-page\" data-elementor-id=\"1198\" class=\"elementor elementor-1198\">\n\t\t\t\t<div class=\"has_eae_slider elementor-element elementor-element-39bcf01 e-flex e-con-boxed wpr-particle-no wpr-jarallax-no wpr-parallax-no wpr-sticky-section-no wpr-equal-height-no e-con e-parent\" data-eae-slider=\"9093\" data-id=\"39bcf01\" data-element_type=\"container\" data-e-type=\"container\">\n\t\t\t\t\t<div class=\"e-con-inner\">\n\t\t\t\t<div class=\"elementor-element elementor-element-ce9a818 elementor-widget elementor-widget-text-editor\" data-id=\"ce9a818\" data-element_type=\"widget\" data-e-type=\"widget\" data-widget_type=\"text-editor.default\">\n\t\t\t\t<div class=\"elementor-widget-container\">\n\t\t\t\t\t\t\t\t\t<p><strong>Objetivo:\u00a0<\/strong><span style=\"font-family: var( --e-global-typography-text-font-family ), Sans-serif;text-align: var(--text-align);font-size: 1rem\">O curso prop\u00f5e apresentar reflex\u00f5es te\u00f3ricas e ferramentas conceituais e anal\u00edticas para o atendimento cl\u00ednico da popula\u00e7\u00e3o LGBTQIA+.<\/span><\/p><p>\u00a0<\/p><p dir=\"ltr\" style=\"text-align: justify\"><strong>Conte\u00fado:<\/strong>\u00a0<span style=\"font-family: var( --e-global-typography-text-font-family ), Sans-serif;text-align: var(--text-align);font-size: 1rem\">Identidade de g\u00eanero e orienta\u00e7\u00e3o sexual como determinantes psicossociais de sa\u00fade. Quadros cl\u00ednicos em sa\u00fade mental que mais incidem sobre a popula\u00e7\u00e3o LGBTQIA+. Rela\u00e7\u00f5es entre sa\u00fade e viol\u00eancia. Despatologiza\u00e7\u00e3o das identidades de g\u00eanero e das orienta\u00e7\u00f5es sexuais. Ciclo de vida: inf\u00e2ncia, adolesc\u00eancia, arm\u00e1rio, transi\u00e7\u00e3o social de g\u00eanero, conjugalidades, parentalidades e envelhecimento. Rela\u00e7\u00f5es monog\u00e2micas e n\u00e3o-monog\u00e2micas. Cr\u00edtica ao ideal de felicidade e de normatividade. Cuidado de si e o uso dos prazeres. Teoria do estresse de minoria. Homo e trans-negatividade. Interseccionalidade e racismo. O conceito de micro-agress\u00e3o. Modifica\u00e7\u00f5es corporais e auto-imagem. Sexualidade e vida criativa. As (des)constru\u00e7\u00f5es da identidade homo\/hetero e cis\/trans em psican\u00e1lise. Escuta cartogr\u00e1fica e a descoloniza\u00e7\u00e3o dos saberes pi.<\/span><\/p>\t\t\t\t\t\t\t\t<\/div>\n\t\t\t\t<\/div>\n\t\t\t\t\t<\/div>\n\t\t\t\t<\/div>\n\t\t\t\t<\/div>\n\t\t","protected":false},"excerpt":{"rendered":"<p>Objetivo:\u00a0O curso prop\u00f5e apresentar reflex\u00f5es te\u00f3ricas e ferramentas conceituais e anal\u00edticas para o atendimento cl\u00ednico da popula\u00e7\u00e3o LGBTQIA+. \u00a0 Conte\u00fado:\u00a0Identidade de g\u00eanero e orienta\u00e7\u00e3o sexual como determinantes psicossociais de sa\u00fade. Quadros cl\u00ednicos em sa\u00fade mental que mais incidem sobre a popula\u00e7\u00e3o LGBTQIA+. Rela\u00e7\u00f5es entre sa\u00fade e viol\u00eancia. Despatologiza\u00e7\u00e3o das identidades de g\u00eanero e das orienta\u00e7\u00f5es sexuais. Ciclo de vida: inf\u00e2ncia, adolesc\u00eancia, arm\u00e1rio, transi\u00e7\u00e3o social de g\u00eanero, conjugalidades, parentalidades e envelhecimento. Rela\u00e7\u00f5es monog\u00e2micas e n\u00e3o-monog\u00e2micas. Cr\u00edtica ao ideal de felicidade e de normatividade. Cuidado de si e o uso dos prazeres. Teoria do estresse de minoria. Homo e trans-negatividade. Interseccionalidade e racismo. O conceito de micro-agress\u00e3o. Modifica\u00e7\u00f5es corporais e auto-imagem. Sexualidade e vida criativa. As (des)constru\u00e7\u00f5es da identidade homo\/hetero e cis\/trans em psican\u00e1lise. Escuta cartogr\u00e1fica e a descoloniza\u00e7\u00e3o dos saberes pi.<\/p>\n","protected":false},"author":90,"featured_media":0,"parent":60,"menu_order":-3,"comment_status":"closed","ping_status":"closed","template":"","meta":{"_uag_custom_page_level_css":"","_themeisle_gutenberg_block_has_review":false,"footnotes":""},"class_list":["post-1198","page","type-page","status-publish","hentry"],"uagb_featured_image_src":{"full":false,"thumbnail":false,"medium":false,"medium_large":false,"large":false,"1536x1536":false,"2048x2048":false,"htmega_size_585x295":false,"htmega_size_1170x536":false,"htmega_size_396x360":false,"tainacan-small":false,"tainacan-medium":false,"tainacan-medium-full":false,"tainacan-large-full":false,"button-2-featured":false},"uagb_author_info":{"display_name":"marcos.jesus","author_link":"https:\/\/divulga.unila.edu.br\/interclinica\/author\/interclinica\/"},"uagb_comment_info":0,"uagb_excerpt":"Objetivo:\u00a0O curso prop\u00f5e apresentar reflex\u00f5es te\u00f3ricas e ferramentas conceituais e anal\u00edticas para o atendimento cl\u00ednico da popula\u00e7\u00e3o LGBTQIA+. \u00a0 Conte\u00fado:\u00a0Identidade de g\u00eanero e orienta\u00e7\u00e3o sexual como determinantes psicossociais de sa\u00fade. Quadros cl\u00ednicos em sa\u00fade mental que mais incidem sobre a popula\u00e7\u00e3o LGBTQIA+. Rela\u00e7\u00f5es entre sa\u00fade e viol\u00eancia. Despatologiza\u00e7\u00e3o das identidades de g\u00eanero e das orienta\u00e7\u00f5es&hellip;","_links":{"self":[{"href":"https:\/\/divulga.unila.edu.br\/interclinica\/wp-json\/wp\/v2\/pages\/1198","targetHints":{"allow":["GET"]}}],"collection":[{"href":"https:\/\/divulga.unila.edu.br\/interclinica\/wp-json\/wp\/v2\/pages"}],"about":[{"href":"https:\/\/divulga.unila.edu.br\/interclinica\/wp-json\/wp\/v2\/types\/page"}],"author":[{"embeddable":true,"href":"https:\/\/divulga.unila.edu.br\/interclinica\/wp-json\/wp\/v2\/users\/90"}],"replies":[{"embeddable":true,"href":"https:\/\/divulga.unila.edu.br\/interclinica\/wp-json\/wp\/v2\/comments?post=1198"}],"version-history":[{"count":4,"href":"https:\/\/divulga.unila.edu.br\/interclinica\/wp-json\/wp\/v2\/pages\/1198\/revisions"}],"predecessor-version":[{"id":1209,"href":"https:\/\/divulga.unila.edu.br\/interclinica\/wp-json\/wp\/v2\/pages\/1198\/revisions\/1209"}],"up":[{"embeddable":true,"href":"https:\/\/divulga.unila.edu.br\/interclinica\/wp-json\/wp\/v2\/pages\/60"}],"wp:attachment":[{"href":"https:\/\/divulga.unila.edu.br\/interclinica\/wp-json\/wp\/v2\/media?parent=1198"}],"curies":[{"name":"wp","href":"https:\/\/api.w.org\/{rel}","templated":true}]}}

Psicologia clínica e diversidade sexual e de gênero

<div data-elementor-type="wp-page" data-elementor-id="1198" class="elementor elementor-1198">
				<div class="has_eae_slider elementor-element elementor-element-39bcf01 e-flex e-con-boxed wpr-particle-no wpr-jarallax-no wpr-parallax-no wpr-sticky-section-no wpr-equal-height-no e-con e-parent" data-eae-slider="9093" data-id="39bcf01" data-element_type="container" data-e-type="container">
					<div class="e-con-inner">
				<div class="elementor-element elementor-element-ce9a818 elementor-widget elementor-widget-text-editor" data-id="ce9a818" data-element_type="widget" data-e-type="widget" data-widget_type="text-editor.default">
				<div class="elementor-widget-container">
									<p><strong>Objetivo: </strong><span style="font-family: var( --e-global-typography-text-font-family ), Sans-serif;text-align: var(--text-align);font-size: 1rem">O curso propõe apresentar reflexões teóricas e ferramentas conceituais e analíticas para o atendimento clínico da população LGBTQIA+.</span></p><p> </p><p dir="ltr" style="text-align: justify"><strong>Conteúdo:</strong> <span style="font-family: var( --e-global-typography-text-font-family ), Sans-serif;text-align: var(--text-align);font-size: 1rem">Identidade de gênero e orientação sexual como determinantes psicossociais de saúde. Quadros clínicos em saúde mental que mais incidem sobre a população LGBTQIA+. Relações entre saúde e violência. Despatologização das identidades de gênero e das orientações sexuais. Ciclo de vida: infância, adolescência, armário, transição social de gênero, conjugalidades, parentalidades e envelhecimento. Relações monogâmicas e não-monogâmicas. Crítica ao ideal de felicidade e de normatividade. Cuidado de si e o uso dos prazeres. Teoria do estresse de minoria. Homo e trans-negatividade. Interseccionalidade e racismo. O conceito de micro-agressão. Modificações corporais e auto-imagem. Sexualidade e vida criativa. As (des)construções da identidade homo/hetero e cis/trans em psicanálise. Escuta cartográfica e a descolonização dos saberes pi.</span></p>								</div>
				</div>
					</div>
				</div>
				</div>

<p>Objetivo: O curso propõe apresentar reflexões teóricas e ferramentas conceituais e analíticas para o atendimento clínico da população LGBTQIA+.   Conteúdo: Identidade de gênero e orientação sexual como determinantes psicossociais de saúde. Quadros clínicos em saúde mental que mais incidem sobre a população LGBTQIA+. Relações entre saúde e violência. Despatologização das identidades de gênero e das orientações sexuais. Ciclo de vida: infância, adolescência, armário, transição social de gênero, conjugalidades, parentalidades e envelhecimento. Relações monogâmicas e não-monogâmicas. Crítica ao ideal de felicidade e de normatividade. Cuidado de si e o uso dos prazeres. Teoria do estresse de minoria. Homo e trans-negatividade. Interseccionalidade e racismo. O conceito de micro-agressão. Modificações corporais e auto-imagem. Sexualidade e vida criativa. As (des)construções da identidade homo/hetero e cis/trans em psicanálise. Escuta cartográfica e a descolonização dos saberes pi.</p>

Objetivo: O curso propõe apresentar reflexões teóricas e ferramentas conceituais e analíticas para o atendimento clínico da população LGBTQIA+.   Conteúdo: Identidade de gênero e orientação sexual como determinantes psicossociais de saúde. Quadros clínicos em saúde mental que mais incidem sobre a população LGBTQIA+. Relações entre saúde e violência. Despatologização das identidades de gênero e das orientações&hellip;
