{"id":6,"date":"2023-09-20T13:38:14","date_gmt":"2023-09-20T16:38:14","guid":{"rendered":"https:\/\/divulga.unila.edu.br\/gazeta\/?page_id=2"},"modified":"2024-07-24T14:01:18","modified_gmt":"2024-07-24T17:01:18","slug":"quem-somos","status":"publish","type":"page","link":"https:\/\/divulga.unila.edu.br\/gazeta\/","title":{"rendered":"A Gazeta (projeto descontinuado)"},"content":{"rendered":"\n<p>A Gazeta Popular da Sa\u00fade \u00e9 um jornal comunit\u00e1rio do bairro Vila C, Foz do Igua\u00e7u-PR, produzido por quem mora e trabalha nele, com apoio de estudantes dos cursos de Sa\u00fade Coletiva e Medicina e professores\/t\u00e9cnicos da Universidade Federal da Integra\u00e7\u00e3o Latino-Americana, fruto das aulas de Comunica\u00e7\u00e3o e Educa\u00e7\u00e3o em Sa\u00fade e de um projeto de extens\u00e3o iniciado no ano de 2023, com apoio financeiro da PROEX\/UNILA e divulga\u00e7\u00e3o eletr\u00f4nica da SECOM\/UNILA.<\/p>\n<p>O objetivo \u00e9 tornar a Gazeta acess\u00edvel a toda a comunidade igua\u00e7uense, principalmente aos moradores da Vila C, e mostrar para aqueles que frequentam os espa\u00e7os da Unila como \u00e9 a hist\u00f3ria e o cotidiano do bairro, somando os conhecimentos de comunica\u00e7\u00e3o aprendidos, aproximando moradores e profissionais de sa\u00fade, da educa\u00e7\u00e3o entre outros, pesquisadores, estudantes e comunidade de forma humana e inclusiva.\u00a0<br \/>Procuramos tem\u00e1ticas de interesse do p\u00fablico \u201cvilacezense\u201d, muitas vezes ignoradas pela m\u00eddia tradicional, para construir um jornal de base popular, que realmente mostre as necessidades de seu grupo e busque apresentar \u00a0 fatos, curiosidades, informa\u00e7\u00f5es sobre sa\u00fade na sua forma mais ampla de ser.\u00a0<br \/>A 1\u00aa edi\u00e7\u00e3o foi constru\u00edda para falar das origens do bairro, com o apoio da disciplina Pr\u00e1ticas Interdisciplinares III, do curso de Sa\u00fade\u00a0Coletiva, para apresenta\u00e7\u00e3o do projeto aos moradores e in\u00edcio das primeiras entrevistas.<br \/>A partir da 2\u00aa edi\u00e7\u00e3o o jornal est\u00e1 dividido em editorias: <br \/>1. Fala, ACS!, 2. A voz do bairro, 3. Unila na Vila, 4. Sa\u00fade que cola na escola, 5. Profiss\u00e3o: Sa\u00fade, 6. Voc\u00ea sabia? e 7. Aconte-C! <br \/>Todos abordando temas relacionados \u00e0 hist\u00f3ria, servi\u00e7os de sa\u00fade, alimenta\u00e7\u00e3o, qualidade de vida, sa\u00fade mental, bem-estar, promo\u00e7\u00e3o da sa\u00fade, problemas e melhorias no bairro, educa\u00e7\u00e3o sexual, doen\u00e7as cr\u00f4nicas, al\u00e9m de literatura, m\u00fasica, arte que tamb\u00e9m fazem sa\u00fade, entre outros, de leitura f\u00e1cil e agrad\u00e1vel.<br \/>Com a Gazeta, esperamos informar com qualidade, aproximar a comunidade e a universidade e, principalmente, convidar nossos leitores \u00e0 reflex\u00e3o sobre esses temas e a participar da constru\u00e7\u00e3o do jornal enviando sugest\u00f5es de mat\u00e9rias relacionadas \u00e0 sa\u00fade.<\/p>\n<p>Boa leitura!<\/p>\n\n<p>\u00a0<\/p>\n","protected":false},"excerpt":{"rendered":"<p>A Gazeta Popular da Sa\u00fade \u00e9 um jornal comunit\u00e1rio do bairro Vila C, Foz do Igua\u00e7u-PR, produzido por quem mora e trabalha nele, com apoio de estudantes dos cursos de Sa\u00fade Coletiva e Medicina e professores\/t\u00e9cnicos da Universidade Federal da Integra\u00e7\u00e3o Latino-Americana, fruto das aulas de Comunica\u00e7\u00e3o e Educa\u00e7\u00e3o em Sa\u00fade e de um projeto de extens\u00e3o iniciado no ano de 2023, com apoio financeiro da PROEX\/UNILA e divulga\u00e7\u00e3o eletr\u00f4nica da SECOM\/UNILA. O objetivo \u00e9 tornar a Gazeta acess\u00edvel a toda a comunidade igua\u00e7uense, principalmente aos moradores da Vila C, e mostrar para aqueles que frequentam os espa\u00e7os da Unila como \u00e9 a hist\u00f3ria e o cotidiano do bairro, somando os conhecimentos de comunica\u00e7\u00e3o aprendidos, aproximando moradores e profissionais de sa\u00fade, da educa\u00e7\u00e3o entre outros, pesquisadores, estudantes e comunidade de forma humana e inclusiva.\u00a0Procuramos tem\u00e1ticas de interesse do p\u00fablico \u201cvilacezense\u201d, muitas vezes ignoradas pela m\u00eddia tradicional, para construir um jornal de base popular, que realmente mostre as necessidades de seu grupo e busque apresentar \u00a0 fatos, curiosidades, informa\u00e7\u00f5es sobre sa\u00fade na sua forma mais ampla de ser.\u00a0A 1\u00aa edi\u00e7\u00e3o foi constru\u00edda para falar das origens do bairro, com o apoio da disciplina Pr\u00e1ticas Interdisciplinares III, do curso de Sa\u00fade\u00a0Coletiva, para apresenta\u00e7\u00e3o do projeto aos moradores e in\u00edcio das primeiras entrevistas.A partir da 2\u00aa edi\u00e7\u00e3o o jornal est\u00e1 dividido em editorias: 1. Fala, ACS!, 2. A voz do bairro, 3. Unila na Vila, 4. Sa\u00fade que cola na escola, 5. Profiss\u00e3o: Sa\u00fade, 6. Voc\u00ea sabia? e 7. Aconte-C! Todos abordando temas relacionados \u00e0 hist\u00f3ria, servi\u00e7os de sa\u00fade, alimenta\u00e7\u00e3o, qualidade de vida, sa\u00fade mental, bem-estar, promo\u00e7\u00e3o da sa\u00fade, problemas e melhorias no bairro, educa\u00e7\u00e3o sexual, doen\u00e7as cr\u00f4nicas, al\u00e9m de literatura, m\u00fasica, arte que tamb\u00e9m fazem sa\u00fade, entre outros, de leitura f\u00e1cil e agrad\u00e1vel.Com a Gazeta, esperamos informar com qualidade, aproximar a comunidade e a universidade e, principalmente, convidar nossos leitores \u00e0 reflex\u00e3o sobre esses temas e a participar da constru\u00e7\u00e3o do jornal enviando sugest\u00f5es de mat\u00e9rias relacionadas \u00e0 sa\u00fade. Boa leitura! \u00a0<\/p>\n","protected":false},"author":87,"featured_media":0,"parent":0,"menu_order":0,"comment_status":"closed","ping_status":"open","template":"","meta":{"_uag_custom_page_level_css":"","_themeisle_gutenberg_block_has_review":false,"footnotes":""},"class_list":["post-6","page","type-page","status-publish","hentry"],"uagb_featured_image_src":{"full":false,"thumbnail":false,"medium":false,"medium_large":false,"large":false,"1536x1536":false,"2048x2048":false,"htmega_size_585x295":false,"htmega_size_1170x536":false,"htmega_size_396x360":false,"tainacan-small":false,"tainacan-medium":false,"tainacan-medium-full":false,"tainacan-large-full":false,"post-thumbnail":false,"post-image":false,"post-image-thumb":false},"uagb_author_info":{"display_name":"okg.vieira.2021","author_link":"https:\/\/divulga.unila.edu.br\/gazeta\/author\/okgvieira2021\/"},"uagb_comment_info":0,"uagb_excerpt":"A Gazeta Popular da Sa\u00fade \u00e9 um jornal comunit\u00e1rio do bairro Vila C, Foz do Igua\u00e7u-PR, produzido por quem mora e trabalha nele, com apoio de estudantes dos cursos de Sa\u00fade Coletiva e Medicina e professores\/t\u00e9cnicos da Universidade Federal da Integra\u00e7\u00e3o Latino-Americana, fruto das aulas de Comunica\u00e7\u00e3o e Educa\u00e7\u00e3o em Sa\u00fade e de um projeto&hellip;","_links":{"self":[{"href":"https:\/\/divulga.unila.edu.br\/gazeta\/wp-json\/wp\/v2\/pages\/6","targetHints":{"allow":["GET"]}}],"collection":[{"href":"https:\/\/divulga.unila.edu.br\/gazeta\/wp-json\/wp\/v2\/pages"}],"about":[{"href":"https:\/\/divulga.unila.edu.br\/gazeta\/wp-json\/wp\/v2\/types\/page"}],"author":[{"embeddable":true,"href":"https:\/\/divulga.unila.edu.br\/gazeta\/wp-json\/wp\/v2\/users\/87"}],"replies":[{"embeddable":true,"href":"https:\/\/divulga.unila.edu.br\/gazeta\/wp-json\/wp\/v2\/comments?post=6"}],"version-history":[{"count":21,"href":"https:\/\/divulga.unila.edu.br\/gazeta\/wp-json\/wp\/v2\/pages\/6\/revisions"}],"predecessor-version":[{"id":394,"href":"https:\/\/divulga.unila.edu.br\/gazeta\/wp-json\/wp\/v2\/pages\/6\/revisions\/394"}],"wp:attachment":[{"href":"https:\/\/divulga.unila.edu.br\/gazeta\/wp-json\/wp\/v2\/media?parent=6"}],"curies":[{"name":"wp","href":"https:\/\/api.w.org\/{rel}","templated":true}]}}