{"id":1708,"date":"2026-05-13T19:30:12","date_gmt":"2026-05-13T22:30:12","guid":{"rendered":"https:\/\/divulga.unila.edu.br\/gaesc\/?page_id=1708"},"modified":"2026-05-13T19:32:00","modified_gmt":"2026-05-13T22:32:00","slug":"1708-2","status":"publish","type":"page","link":"https:\/\/divulga.unila.edu.br\/gaesc\/1708-2\/","title":{"rendered":"1\u00ba CLASCOM ALAMES SUL"},"content":{"rendered":"\n<div class=\"wp-block-group alignfull has-custom-color-2-background-color has-background has-global-padding is-layout-constrained wp-container-core-group-is-layout-d89aad35 wp-block-group-is-layout-constrained\" style=\"margin-top:0;margin-bottom:0;padding-top:var(--wp--preset--spacing--50);padding-right:var(--wp--preset--spacing--50);padding-bottom:var(--wp--preset--spacing--50);padding-left:var(--wp--preset--spacing--50)\">\n<div class=\"wp-block-columns alignwide are-vertically-aligned-center is-layout-flex wp-container-core-columns-is-layout-47c06fe3 wp-block-columns-is-layout-flex\">\n<div class=\"wp-block-column is-vertically-aligned-center is-layout-flow wp-block-column-is-layout-flow\" style=\"flex-basis:50%\">\n<h2 class=\"wp-block-heading has-roboto-serif-font-family\">1\u00ba Congresso Latino-Americano em Sa\u00fade Coletiva e Medicina de Fam\u00edlia e Comunidade<\/h2>\n\n\n<div class=\"wp-block-post-date\"><time datetime=\"2026-05-13T22:11:39.064Z\">13 de maio de 2026<\/time><\/div>\n\n\n<div style=\"height:0px\" aria-hidden=\"true\" class=\"wp-block-spacer\"><\/div>\n\n\n\n<p>&nbsp;Vem a\u00ed o CLASCOM Alames Sul: 1\u00ba Congresso Latino-Americano em Sa\u00fade Coletiva e Medicina de Fam\u00edlia e Comunidade!<\/p>\n\n\n\n<p>Um espa\u00e7o de integra\u00e7\u00e3o e constru\u00e7\u00e3o coletiva entre estudantes, profissionais da sa\u00fade, pesquisadores, gestores e comunidades de toda a Am\u00e9rica Latina. <\/p>\n\n\n\n<p>Realizado na Tr\u00edplice Fronteira, em Foz do Igua\u00e7u, o congresso nasce com o prop\u00f3sito de fortalecer a Aten\u00e7\u00e3o Prim\u00e1ria \u00e0 Sa\u00fade e discutir os desafios e possibilidades do cuidado em territ\u00f3rios marcados pela diversidade cultural, mobilidade humana e vulnerabilidades sociais.<\/p>\n\n\n\n<p>O evento ir\u00e1 promover debates, oficinas e rodas de conversa sobre temas como fortalecimento do SUS e da APS, sa\u00fade em regi\u00f5es de fronteira, acolhimento intercultural, equidade, inova\u00e7\u00e3o e cuidado centrado na comunidade.<\/p>\n\n\n\n<p><strong>J\u00c1 RESERVA ESSAS DATAS:<\/strong><br>23 A 26 DE NOVEMBRO<\/p>\n\n\n\n<p class=\"has-contrast-color has-text-color has-link-color wp-elements-8009a1117cd5e1bec14e38ceb624d6df\"><strong>MAIS INFORMA\u00c7\u00d5ES SOBRE:<\/strong><br><a href=\"https:\/\/www.instagram.com\/clascomealamessul?utm_source=ig_web_button_share_sheet&amp;igsh=ZDNlZDc0MzIxNw==\" id=\"https:\/\/www.instagram.com\/clascomealamessul?utm_source=ig_web_button_share_sheet&amp;igsh=ZDNlZDc0MzIxNw==\" target=\"_blank\" rel=\"noreferrer noopener\">https:\/\/www.instagram.com\/clascomealamessul\/<\/a><br><\/p>\n\n\n\n<p class=\"has-contrast-2-color has-text-color has-link-color wp-elements-c1f9db64d8042348bfcf3eaa25a80169\">Fonte: clascomealamessul<\/p>\n<\/div>\n\n\n\n<div class=\"wp-block-column is-vertically-aligned-center is-layout-flow wp-block-column-is-layout-flow\" style=\"flex-basis:50%\">\n<figure class=\"wp-block-image size-full is-style-default\"><img fetchpriority=\"high\" decoding=\"async\" width=\"738\" height=\"924\" src=\"https:\/\/divulga.unila.edu.br\/gaesc\/wp-content\/uploads\/sites\/64\/2026\/05\/Captura-de-pantalla_13-5-2026_182647_www.instagram.com_.jpeg\" alt=\"\" class=\"wp-image-1704\" style=\"aspect-ratio:1;object-fit:cover\" srcset=\"https:\/\/divulga.unila.edu.br\/gaesc\/wp-content\/uploads\/sites\/64\/2026\/05\/Captura-de-pantalla_13-5-2026_182647_www.instagram.com_.jpeg 738w, https:\/\/divulga.unila.edu.br\/gaesc\/wp-content\/uploads\/sites\/64\/2026\/05\/Captura-de-pantalla_13-5-2026_182647_www.instagram.com_-240x300.jpeg 240w, https:\/\/divulga.unila.edu.br\/gaesc\/wp-content\/uploads\/sites\/64\/2026\/05\/Captura-de-pantalla_13-5-2026_182647_www.instagram.com_-205x257.jpeg 205w, https:\/\/divulga.unila.edu.br\/gaesc\/wp-content\/uploads\/sites\/64\/2026\/05\/Captura-de-pantalla_13-5-2026_182647_www.instagram.com_-480x601.jpeg 480w\" sizes=\"(max-width: 738px) 100vw, 738px\" \/><\/figure>\n\n\n\n<p class=\"has-contrast-2-color has-text-color has-link-color wp-elements-baa54277292e7b320cca5b61b9ac4e0b\">Fonte: instagram da clascomealamessul<\/p>\n<\/div>\n<\/div>\n<\/div>\n","protected":false},"excerpt":{"rendered":"<p>1\u00ba Congresso Latino-Americano em Sa\u00fade Coletiva e Medicina de Fam\u00edlia e Comunidade &nbsp;Vem a\u00ed o CLASCOM Alames Sul: 1\u00ba Congresso Latino-Americano em Sa\u00fade Coletiva e Medicina de Fam\u00edlia e Comunidade! Um espa\u00e7o de integra\u00e7\u00e3o e constru\u00e7\u00e3o coletiva entre estudantes, profissionais da sa\u00fade, pesquisadores, gestores e comunidades de toda a Am\u00e9rica Latina. Realizado na Tr\u00edplice Fronteira, em Foz do Igua\u00e7u, o congresso nasce com o prop\u00f3sito de fortalecer a Aten\u00e7\u00e3o Prim\u00e1ria \u00e0 Sa\u00fade e discutir os desafios e possibilidades do cuidado em territ\u00f3rios marcados pela diversidade cultural, mobilidade humana e vulnerabilidades sociais. O evento ir\u00e1 promover debates, oficinas e rodas de conversa sobre temas como fortalecimento do SUS e da APS, sa\u00fade em regi\u00f5es de fronteira, acolhimento intercultural, equidade, inova\u00e7\u00e3o e cuidado centrado na comunidade. J\u00c1 RESERVA ESSAS DATAS:23 A 26 DE NOVEMBRO MAIS INFORMA\u00c7\u00d5ES SOBRE:https:\/\/www.instagram.com\/clascomealamessul\/ Fonte: clascomealamessul Fonte: instagram da clascomealamessul<\/p>\n","protected":false},"author":178,"featured_media":0,"parent":0,"menu_order":0,"comment_status":"closed","ping_status":"closed","template":"page-no-title","meta":{"_uag_custom_page_level_css":"","_EventAllDay":false,"_EventTimezone":"","_EventStartDate":"","_EventEndDate":"","_EventStartDateUTC":"","_EventEndDateUTC":"","_EventShowMap":false,"_EventShowMapLink":false,"_EventURL":"","_EventCost":"","_EventCostDescription":"","_EventCurrencySymbol":"","_EventCurrencyCode":"","_EventCurrencyPosition":"","_EventDateTimeSeparator":"","_EventTimeRangeSeparator":"","_EventOrganizerID":[],"_EventVenueID":[],"_OrganizerEmail":"","_OrganizerPhone":"","_OrganizerWebsite":"","_VenueAddress":"","_VenueCity":"","_VenueCountry":"","_VenueProvince":"","_VenueState":"","_VenueZip":"","_VenuePhone":"","_VenueURL":"","_VenueStateProvince":"","_VenueLat":"","_VenueLng":"","_VenueShowMap":false,"_VenueShowMapLink":false,"_themeisle_gutenberg_block_has_review":false,"footnotes":""},"class_list":["post-1708","page","type-page","status-publish","hentry"],"yoast_head":"<!-- This site is optimized with the Yoast SEO plugin v27.6 - https:\/\/yoast.com\/product\/yoast-seo-wordpress\/ -->\n<title>1\u00ba CLASCOM ALAMES SUL - GAESC<\/title>\n<meta name=\"robots\" content=\"index, follow, max-snippet:-1, max-image-preview:large, max-video-preview:-1\" \/>\n<link rel=\"canonical\" href=\"https:\/\/divulga.unila.edu.br\/gaesc\/1708-2\/\" \/>\n<meta property=\"og:locale\" content=\"pt_BR\" \/>\n<meta property=\"og:type\" content=\"article\" \/>\n<meta property=\"og:title\" content=\"1\u00ba CLASCOM ALAMES SUL - GAESC\" \/>\n<meta property=\"og:description\" content=\"1\u00ba Congresso Latino-Americano em Sa\u00fade Coletiva e Medicina de Fam\u00edlia e Comunidade &nbsp;Vem a\u00ed o CLASCOM Alames Sul: 1\u00ba Congresso Latino-Americano em Sa\u00fade Coletiva e Medicina de Fam\u00edlia e Comunidade! Um espa\u00e7o de integra\u00e7\u00e3o e constru\u00e7\u00e3o coletiva entre estudantes, profissionais da sa\u00fade, pesquisadores, gestores e comunidades de toda a Am\u00e9rica Latina. Realizado na Tr\u00edplice Fronteira, em Foz do Igua\u00e7u, o congresso nasce com o prop\u00f3sito de fortalecer a Aten\u00e7\u00e3o Prim\u00e1ria \u00e0 Sa\u00fade e discutir os desafios e possibilidades do cuidado em territ\u00f3rios marcados pela diversidade cultural, mobilidade humana e vulnerabilidades sociais. O evento ir\u00e1 promover debates, oficinas e rodas de conversa sobre temas como fortalecimento do SUS e da APS, sa\u00fade em regi\u00f5es de fronteira, acolhimento intercultural, equidade, inova\u00e7\u00e3o e cuidado centrado na comunidade. J\u00c1 RESERVA ESSAS DATAS:23 A 26 DE NOVEMBRO MAIS INFORMA\u00c7\u00d5ES SOBRE:https:\/\/www.instagram.com\/clascomealamessul\/ Fonte: clascomealamessul Fonte: instagram da clascomealamessul\" \/>\n<meta property=\"og:url\" content=\"https:\/\/divulga.unila.edu.br\/gaesc\/1708-2\/\" \/>\n<meta property=\"og:site_name\" content=\"GAESC\" \/>\n<meta property=\"article:modified_time\" content=\"2026-05-13T22:32:00+00:00\" \/>\n<meta property=\"og:image\" content=\"https:\/\/divulga.unila.edu.br\/gaesc\/wp-content\/uploads\/sites\/64\/2026\/05\/Captura-de-pantalla_13-5-2026_182647_www.instagram.com_.jpeg\" \/>\n\t<meta property=\"og:image:width\" content=\"738\" \/>\n\t<meta property=\"og:image:height\" content=\"924\" \/>\n\t<meta property=\"og:image:type\" content=\"image\/jpeg\" \/>\n<meta name=\"twitter:card\" content=\"summary_large_image\" \/>\n<meta name=\"twitter:label1\" content=\"Est. tempo de leitura\" \/>\n\t<meta name=\"twitter:data1\" content=\"1 minuto\" \/>\n<script type=\"application\/ld+json\" class=\"yoast-schema-graph\">{\"@context\":\"https:\\\/\\\/schema.org\",\"@graph\":[{\"@type\":\"WebPage\",\"@id\":\"https:\\\/\\\/divulga.unila.edu.br\\\/gaesc\\\/1708-2\\\/\",\"url\":\"https:\\\/\\\/divulga.unila.edu.br\\\/gaesc\\\/1708-2\\\/\",\"name\":\"1\u00ba CLASCOM ALAMES SUL - GAESC\",\"isPartOf\":{\"@id\":\"https:\\\/\\\/divulga.unila.edu.br\\\/gaesc\\\/#website\"},\"primaryImageOfPage\":{\"@id\":\"https:\\\/\\\/divulga.unila.edu.br\\\/gaesc\\\/1708-2\\\/#primaryimage\"},\"image\":{\"@id\":\"https:\\\/\\\/divulga.unila.edu.br\\\/gaesc\\\/1708-2\\\/#primaryimage\"},\"thumbnailUrl\":\"https:\\\/\\\/divulga.unila.edu.br\\\/gaesc\\\/wp-content\\\/uploads\\\/sites\\\/64\\\/2026\\\/05\\\/Captura-de-pantalla_13-5-2026_182647_www.instagram.com_.jpeg\",\"datePublished\":\"2026-05-13T22:30:12+00:00\",\"dateModified\":\"2026-05-13T22:32:00+00:00\",\"breadcrumb\":{\"@id\":\"https:\\\/\\\/divulga.unila.edu.br\\\/gaesc\\\/1708-2\\\/#breadcrumb\"},\"inLanguage\":\"pt-BR\",\"potentialAction\":[{\"@type\":\"ReadAction\",\"target\":[\"https:\\\/\\\/divulga.unila.edu.br\\\/gaesc\\\/1708-2\\\/\"]}]},{\"@type\":\"ImageObject\",\"inLanguage\":\"pt-BR\",\"@id\":\"https:\\\/\\\/divulga.unila.edu.br\\\/gaesc\\\/1708-2\\\/#primaryimage\",\"url\":\"https:\\\/\\\/divulga.unila.edu.br\\\/gaesc\\\/wp-content\\\/uploads\\\/sites\\\/64\\\/2026\\\/05\\\/Captura-de-pantalla_13-5-2026_182647_www.instagram.com_.jpeg\",\"contentUrl\":\"https:\\\/\\\/divulga.unila.edu.br\\\/gaesc\\\/wp-content\\\/uploads\\\/sites\\\/64\\\/2026\\\/05\\\/Captura-de-pantalla_13-5-2026_182647_www.instagram.com_.jpeg\",\"width\":738,\"height\":924},{\"@type\":\"BreadcrumbList\",\"@id\":\"https:\\\/\\\/divulga.unila.edu.br\\\/gaesc\\\/1708-2\\\/#breadcrumb\",\"itemListElement\":[{\"@type\":\"ListItem\",\"position\":1,\"name\":\"In\u00edcio\",\"item\":\"https:\\\/\\\/divulga.unila.edu.br\\\/gaesc\\\/\"},{\"@type\":\"ListItem\",\"position\":2,\"name\":\"1\u00ba CLASCOM ALAMES SUL\"}]},{\"@type\":\"WebSite\",\"@id\":\"https:\\\/\\\/divulga.unila.edu.br\\\/gaesc\\\/#website\",\"url\":\"https:\\\/\\\/divulga.unila.edu.br\\\/gaesc\\\/\",\"name\":\"GAESC\",\"description\":\"Informa\u00e7\u00f5es e Oportunidades sobre Egressos da Sa\u00fade Colectiva da Unila\",\"publisher\":{\"@id\":\"https:\\\/\\\/divulga.unila.edu.br\\\/gaesc\\\/#organization\"},\"potentialAction\":[{\"@type\":\"SearchAction\",\"target\":{\"@type\":\"EntryPoint\",\"urlTemplate\":\"https:\\\/\\\/divulga.unila.edu.br\\\/gaesc\\\/?s={search_term_string}\"},\"query-input\":{\"@type\":\"PropertyValueSpecification\",\"valueRequired\":true,\"valueName\":\"search_term_string\"}}],\"inLanguage\":\"pt-BR\"},{\"@type\":\"Organization\",\"@id\":\"https:\\\/\\\/divulga.unila.edu.br\\\/gaesc\\\/#organization\",\"name\":\"GAESC\",\"url\":\"https:\\\/\\\/divulga.unila.edu.br\\\/gaesc\\\/\",\"logo\":{\"@type\":\"ImageObject\",\"inLanguage\":\"pt-BR\",\"@id\":\"https:\\\/\\\/divulga.unila.edu.br\\\/gaesc\\\/#\\\/schema\\\/logo\\\/image\\\/\",\"url\":\"https:\\\/\\\/divulga.unila.edu.br\\\/gaesc\\\/wp-content\\\/uploads\\\/sites\\\/64\\\/2026\\\/01\\\/Logo2.jpeg\",\"contentUrl\":\"https:\\\/\\\/divulga.unila.edu.br\\\/gaesc\\\/wp-content\\\/uploads\\\/sites\\\/64\\\/2026\\\/01\\\/Logo2.jpeg\",\"width\":1536,\"height\":1024,\"caption\":\"GAESC\"},\"image\":{\"@id\":\"https:\\\/\\\/divulga.unila.edu.br\\\/gaesc\\\/#\\\/schema\\\/logo\\\/image\\\/\"}}]}<\/script>\n<!-- \/ Yoast SEO plugin. -->","yoast_head_json":{"title":"1\u00ba CLASCOM ALAMES SUL - GAESC","robots":{"index":"index","follow":"follow","max-snippet":"max-snippet:-1","max-image-preview":"max-image-preview:large","max-video-preview":"max-video-preview:-1"},"canonical":"https:\/\/divulga.unila.edu.br\/gaesc\/1708-2\/","og_locale":"pt_BR","og_type":"article","og_title":"1\u00ba CLASCOM ALAMES SUL - GAESC","og_description":"1\u00ba Congresso Latino-Americano em Sa\u00fade Coletiva e Medicina de Fam\u00edlia e Comunidade &nbsp;Vem a\u00ed o CLASCOM Alames Sul: 1\u00ba Congresso Latino-Americano em Sa\u00fade Coletiva e Medicina de Fam\u00edlia e Comunidade! Um espa\u00e7o de integra\u00e7\u00e3o e constru\u00e7\u00e3o coletiva entre estudantes, profissionais da sa\u00fade, pesquisadores, gestores e comunidades de toda a Am\u00e9rica Latina. Realizado na Tr\u00edplice Fronteira, em Foz do Igua\u00e7u, o congresso nasce com o prop\u00f3sito de fortalecer a Aten\u00e7\u00e3o Prim\u00e1ria \u00e0 Sa\u00fade e discutir os desafios e possibilidades do cuidado em territ\u00f3rios marcados pela diversidade cultural, mobilidade humana e vulnerabilidades sociais. O evento ir\u00e1 promover debates, oficinas e rodas de conversa sobre temas como fortalecimento do SUS e da APS, sa\u00fade em regi\u00f5es de fronteira, acolhimento intercultural, equidade, inova\u00e7\u00e3o e cuidado centrado na comunidade. J\u00c1 RESERVA ESSAS DATAS:23 A 26 DE NOVEMBRO MAIS INFORMA\u00c7\u00d5ES SOBRE:https:\/\/www.instagram.com\/clascomealamessul\/ Fonte: clascomealamessul Fonte: instagram da clascomealamessul","og_url":"https:\/\/divulga.unila.edu.br\/gaesc\/1708-2\/","og_site_name":"GAESC","article_modified_time":"2026-05-13T22:32:00+00:00","og_image":[{"width":738,"height":924,"url":"https:\/\/divulga.unila.edu.br\/gaesc\/wp-content\/uploads\/sites\/64\/2026\/05\/Captura-de-pantalla_13-5-2026_182647_www.instagram.com_.jpeg","type":"image\/jpeg"}],"twitter_card":"summary_large_image","twitter_misc":{"Est. tempo de leitura":"1 minuto"},"schema":{"@context":"https:\/\/schema.org","@graph":[{"@type":"WebPage","@id":"https:\/\/divulga.unila.edu.br\/gaesc\/1708-2\/","url":"https:\/\/divulga.unila.edu.br\/gaesc\/1708-2\/","name":"1\u00ba CLASCOM ALAMES SUL - GAESC","isPartOf":{"@id":"https:\/\/divulga.unila.edu.br\/gaesc\/#website"},"primaryImageOfPage":{"@id":"https:\/\/divulga.unila.edu.br\/gaesc\/1708-2\/#primaryimage"},"image":{"@id":"https:\/\/divulga.unila.edu.br\/gaesc\/1708-2\/#primaryimage"},"thumbnailUrl":"https:\/\/divulga.unila.edu.br\/gaesc\/wp-content\/uploads\/sites\/64\/2026\/05\/Captura-de-pantalla_13-5-2026_182647_www.instagram.com_.jpeg","datePublished":"2026-05-13T22:30:12+00:00","dateModified":"2026-05-13T22:32:00+00:00","breadcrumb":{"@id":"https:\/\/divulga.unila.edu.br\/gaesc\/1708-2\/#breadcrumb"},"inLanguage":"pt-BR","potentialAction":[{"@type":"ReadAction","target":["https:\/\/divulga.unila.edu.br\/gaesc\/1708-2\/"]}]},{"@type":"ImageObject","inLanguage":"pt-BR","@id":"https:\/\/divulga.unila.edu.br\/gaesc\/1708-2\/#primaryimage","url":"https:\/\/divulga.unila.edu.br\/gaesc\/wp-content\/uploads\/sites\/64\/2026\/05\/Captura-de-pantalla_13-5-2026_182647_www.instagram.com_.jpeg","contentUrl":"https:\/\/divulga.unila.edu.br\/gaesc\/wp-content\/uploads\/sites\/64\/2026\/05\/Captura-de-pantalla_13-5-2026_182647_www.instagram.com_.jpeg","width":738,"height":924},{"@type":"BreadcrumbList","@id":"https:\/\/divulga.unila.edu.br\/gaesc\/1708-2\/#breadcrumb","itemListElement":[{"@type":"ListItem","position":1,"name":"In\u00edcio","item":"https:\/\/divulga.unila.edu.br\/gaesc\/"},{"@type":"ListItem","position":2,"name":"1\u00ba CLASCOM ALAMES SUL"}]},{"@type":"WebSite","@id":"https:\/\/divulga.unila.edu.br\/gaesc\/#website","url":"https:\/\/divulga.unila.edu.br\/gaesc\/","name":"GAESC","description":"Informa\u00e7\u00f5es e Oportunidades sobre Egressos da Sa\u00fade Colectiva da Unila","publisher":{"@id":"https:\/\/divulga.unila.edu.br\/gaesc\/#organization"},"potentialAction":[{"@type":"SearchAction","target":{"@type":"EntryPoint","urlTemplate":"https:\/\/divulga.unila.edu.br\/gaesc\/?s={search_term_string}"},"query-input":{"@type":"PropertyValueSpecification","valueRequired":true,"valueName":"search_term_string"}}],"inLanguage":"pt-BR"},{"@type":"Organization","@id":"https:\/\/divulga.unila.edu.br\/gaesc\/#organization","name":"GAESC","url":"https:\/\/divulga.unila.edu.br\/gaesc\/","logo":{"@type":"ImageObject","inLanguage":"pt-BR","@id":"https:\/\/divulga.unila.edu.br\/gaesc\/#\/schema\/logo\/image\/","url":"https:\/\/divulga.unila.edu.br\/gaesc\/wp-content\/uploads\/sites\/64\/2026\/01\/Logo2.jpeg","contentUrl":"https:\/\/divulga.unila.edu.br\/gaesc\/wp-content\/uploads\/sites\/64\/2026\/01\/Logo2.jpeg","width":1536,"height":1024,"caption":"GAESC"},"image":{"@id":"https:\/\/divulga.unila.edu.br\/gaesc\/#\/schema\/logo\/image\/"}}]}},"uagb_featured_image_src":{"full":false,"thumbnail":false,"medium":false,"medium_large":false,"large":false,"1536x1536":false,"2048x2048":false,"htmega_size_585x295":false,"htmega_size_1170x536":false,"htmega_size_396x360":false,"tainacan-small":false,"tainacan-medium":false,"tainacan-medium-full":false,"tainacan-large-full":false},"uagb_author_info":{"display_name":"aua.lopez.2024","author_link":"https:\/\/divulga.unila.edu.br\/gaesc\/author\/aualopez2024\/"},"uagb_comment_info":0,"uagb_excerpt":"1\u00ba Congresso Latino-Americano em Sa\u00fade Coletiva e Medicina de Fam\u00edlia e Comunidade &nbsp;Vem a\u00ed o CLASCOM Alames Sul: 1\u00ba Congresso Latino-Americano em Sa\u00fade Coletiva e Medicina de Fam\u00edlia e Comunidade! Um espa\u00e7o de integra\u00e7\u00e3o e constru\u00e7\u00e3o coletiva entre estudantes, profissionais da sa\u00fade, pesquisadores, gestores e comunidades de toda a Am\u00e9rica Latina. Realizado na Tr\u00edplice Fronteira,&hellip;","_links":{"self":[{"href":"https:\/\/divulga.unila.edu.br\/gaesc\/wp-json\/wp\/v2\/pages\/1708","targetHints":{"allow":["GET"]}}],"collection":[{"href":"https:\/\/divulga.unila.edu.br\/gaesc\/wp-json\/wp\/v2\/pages"}],"about":[{"href":"https:\/\/divulga.unila.edu.br\/gaesc\/wp-json\/wp\/v2\/types\/page"}],"author":[{"embeddable":true,"href":"https:\/\/divulga.unila.edu.br\/gaesc\/wp-json\/wp\/v2\/users\/178"}],"replies":[{"embeddable":true,"href":"https:\/\/divulga.unila.edu.br\/gaesc\/wp-json\/wp\/v2\/comments?post=1708"}],"version-history":[{"count":2,"href":"https:\/\/divulga.unila.edu.br\/gaesc\/wp-json\/wp\/v2\/pages\/1708\/revisions"}],"predecessor-version":[{"id":1711,"href":"https:\/\/divulga.unila.edu.br\/gaesc\/wp-json\/wp\/v2\/pages\/1708\/revisions\/1711"}],"wp:attachment":[{"href":"https:\/\/divulga.unila.edu.br\/gaesc\/wp-json\/wp\/v2\/media?parent=1708"}],"curies":[{"name":"wp","href":"https:\/\/api.w.org\/{rel}","templated":true}]}}