{"id":1557,"date":"2026-04-15T19:51:48","date_gmt":"2026-04-15T22:51:48","guid":{"rendered":"https:\/\/divulga.unila.edu.br\/gaesc\/?page_id=1557"},"modified":"2026-04-15T19:51:50","modified_gmt":"2026-04-15T22:51:50","slug":"sus-inova-brasil","status":"publish","type":"page","link":"https:\/\/divulga.unila.edu.br\/gaesc\/sus-inova-brasil\/","title":{"rendered":"SUS Inova Brasil"},"content":{"rendered":"\n<div class=\"wp-block-group alignfull has-custom-color-2-background-color has-background has-global-padding is-layout-constrained wp-container-core-group-is-layout-d89aad35 wp-block-group-is-layout-constrained\" style=\"margin-top:0;margin-bottom:0;padding-top:var(--wp--preset--spacing--50);padding-right:var(--wp--preset--spacing--50);padding-bottom:var(--wp--preset--spacing--50);padding-left:var(--wp--preset--spacing--50)\">\n<div class=\"wp-block-columns alignwide are-vertically-aligned-center is-layout-flex wp-container-core-columns-is-layout-47c06fe3 wp-block-columns-is-layout-flex\">\n<div class=\"wp-block-column is-vertically-aligned-center is-layout-flow wp-block-column-is-layout-flow\" style=\"flex-basis:50%\">\n<h2 class=\"wp-block-heading\">Feira de inova\u00e7\u00e3o fortalece integra\u00e7\u00e3o entre ci\u00eancia e sa\u00fade no SUS<\/h2>\n\n\n<div class=\"wp-block-post-date\"><time datetime=\"2026-04-15T19:51:48-03:00\">15 de abril de 2026<\/time><\/div>\n\n\n<p>A <strong>SUS Inova Brasil<\/strong> \u00e9 uma feira voltada \u00e0 ci\u00eancia, tecnologia e inova\u00e7\u00e3o em sa\u00fade, realizada no <strong>Porto Maravalley, no Rio de Janeiro\/RJ<\/strong>, com foco no fortalecimento do Sistema \u00danico de Sa\u00fade (SUS).<\/p>\n\n\n\n<p>Promovido em articula\u00e7\u00e3o com o Minist\u00e9rio da Sa\u00fade e parceiros institucionais, o evento re\u00fane iniciativas, projetos e experi\u00eancias inovadoras que buscam qualificar os servi\u00e7os de sa\u00fade por meio da incorpora\u00e7\u00e3o de solu\u00e7\u00f5es tecnol\u00f3gicas, pr\u00e1ticas colaborativas e produ\u00e7\u00e3o cient\u00edfica aplicada.<\/p>\n\n\n\n<p>A feira constitui um espa\u00e7o estrat\u00e9gico para a integra\u00e7\u00e3o entre diferentes atores \u2014 incluindo pesquisadores, estudantes, profissionais da sa\u00fade e gestores p\u00fablicos \u2014 promovendo o interc\u00e2mbio de conhecimentos e o desenvolvimento de propostas voltadas aos desafios contempor\u00e2neos do SUS.<\/p>\n\n\n\n<p>Nesse contexto, a SUS Inova Brasil contribui para a consolida\u00e7\u00e3o de uma cultura de inova\u00e7\u00e3o no campo da sa\u00fade coletiva, incentivando a cria\u00e7\u00e3o de redes, o fortalecimento de pol\u00edticas p\u00fablicas e a amplia\u00e7\u00e3o do acesso a tecnologias em sa\u00fade.<\/p>\n\n\n\n<p>? <strong>Local:<\/strong> Maravalley \u2013 Rio de Janeiro\/RJ<br>? <strong>Inscri\u00e7\u00f5es gratuitas at\u00e9:<\/strong> 16\/04\/2026<\/p>\n\n\n\n<p>? Mais informa\u00e7\u00f5es:<a href=\"https:\/\/www.even3.com.br\/sus-inova-brasil-700650\/\" target=\"_blank\" rel=\"noreferrer noopener\">https:\/\/www.even3.com.br\/sus-inova-brasil-700650\/<\/a><\/p>\n<\/div>\n\n\n\n<div class=\"wp-block-column is-vertically-aligned-center is-layout-flow wp-block-column-is-layout-flow\" style=\"flex-basis:50%\">\n<figure class=\"wp-block-image size-full is-style-default\"><img fetchpriority=\"high\" decoding=\"async\" width=\"900\" height=\"506\" src=\"https:\/\/divulga.unila.edu.br\/gaesc\/wp-content\/uploads\/sites\/64\/2026\/04\/Captura-de-pantalla-2026-04-15-191914-1-edited.png\" alt=\"\" class=\"wp-image-1553\" style=\"aspect-ratio:4\/3;object-fit:cover\" srcset=\"https:\/\/divulga.unila.edu.br\/gaesc\/wp-content\/uploads\/sites\/64\/2026\/04\/Captura-de-pantalla-2026-04-15-191914-1-edited.png 900w, https:\/\/divulga.unila.edu.br\/gaesc\/wp-content\/uploads\/sites\/64\/2026\/04\/Captura-de-pantalla-2026-04-15-191914-1-edited-300x169.png 300w, https:\/\/divulga.unila.edu.br\/gaesc\/wp-content\/uploads\/sites\/64\/2026\/04\/Captura-de-pantalla-2026-04-15-191914-1-edited-768x432.png 768w, https:\/\/divulga.unila.edu.br\/gaesc\/wp-content\/uploads\/sites\/64\/2026\/04\/Captura-de-pantalla-2026-04-15-191914-1-edited-205x115.png 205w, https:\/\/divulga.unila.edu.br\/gaesc\/wp-content\/uploads\/sites\/64\/2026\/04\/Captura-de-pantalla-2026-04-15-191914-1-edited-480x270.png 480w\" sizes=\"(max-width: 900px) 100vw, 900px\" \/><\/figure>\n<\/div>\n<\/div>\n<\/div>\n","protected":false},"excerpt":{"rendered":"<p>Feira de inova\u00e7\u00e3o fortalece integra\u00e7\u00e3o entre ci\u00eancia e sa\u00fade no SUS A SUS Inova Brasil \u00e9 uma feira voltada \u00e0 ci\u00eancia, tecnologia e inova\u00e7\u00e3o em sa\u00fade, realizada no Porto Maravalley, no Rio de Janeiro\/RJ, com foco no fortalecimento do Sistema \u00danico de Sa\u00fade (SUS). Promovido em articula\u00e7\u00e3o com o Minist\u00e9rio da Sa\u00fade e parceiros institucionais, o evento re\u00fane iniciativas, projetos e experi\u00eancias inovadoras que buscam qualificar os servi\u00e7os de sa\u00fade por meio da incorpora\u00e7\u00e3o de solu\u00e7\u00f5es tecnol\u00f3gicas, pr\u00e1ticas colaborativas e produ\u00e7\u00e3o cient\u00edfica aplicada. A feira constitui um espa\u00e7o estrat\u00e9gico para a integra\u00e7\u00e3o entre diferentes atores \u2014 incluindo pesquisadores, estudantes, profissionais da sa\u00fade e gestores p\u00fablicos \u2014 promovendo o interc\u00e2mbio de conhecimentos e o desenvolvimento de propostas voltadas aos desafios contempor\u00e2neos do SUS. Nesse contexto, a SUS Inova Brasil contribui para a consolida\u00e7\u00e3o de uma cultura de inova\u00e7\u00e3o no campo da sa\u00fade coletiva, incentivando a cria\u00e7\u00e3o de redes, o fortalecimento de pol\u00edticas p\u00fablicas e a amplia\u00e7\u00e3o do acesso a tecnologias em sa\u00fade. ? Local: Maravalley \u2013 Rio de Janeiro\/RJ? Inscri\u00e7\u00f5es gratuitas at\u00e9: 16\/04\/2026 ? Mais informa\u00e7\u00f5es:https:\/\/www.even3.com.br\/sus-inova-brasil-700650\/<\/p>\n","protected":false},"author":178,"featured_media":0,"parent":0,"menu_order":0,"comment_status":"closed","ping_status":"closed","template":"page-no-title","meta":{"_uag_custom_page_level_css":"","_EventAllDay":false,"_EventTimezone":"","_EventStartDate":"","_EventEndDate":"","_EventStartDateUTC":"","_EventEndDateUTC":"","_EventShowMap":false,"_EventShowMapLink":false,"_EventURL":"","_EventCost":"","_EventCostDescription":"","_EventCurrencySymbol":"","_EventCurrencyCode":"","_EventCurrencyPosition":"","_EventDateTimeSeparator":"","_EventTimeRangeSeparator":"","_EventOrganizerID":[],"_EventVenueID":[],"_OrganizerEmail":"","_OrganizerPhone":"","_OrganizerWebsite":"","_VenueAddress":"","_VenueCity":"","_VenueCountry":"","_VenueProvince":"","_VenueState":"","_VenueZip":"","_VenuePhone":"","_VenueURL":"","_VenueStateProvince":"","_VenueLat":"","_VenueLng":"","_VenueShowMap":false,"_VenueShowMapLink":false,"_themeisle_gutenberg_block_has_review":false,"footnotes":""},"class_list":["post-1557","page","type-page","status-publish","hentry"],"yoast_head":"<!-- This site is optimized with the Yoast SEO plugin v27.6 - https:\/\/yoast.com\/product\/yoast-seo-wordpress\/ -->\n<title>SUS Inova Brasil - GAESC<\/title>\n<meta name=\"robots\" content=\"index, follow, max-snippet:-1, max-image-preview:large, max-video-preview:-1\" \/>\n<link rel=\"canonical\" href=\"https:\/\/divulga.unila.edu.br\/gaesc\/sus-inova-brasil\/\" \/>\n<meta property=\"og:locale\" content=\"pt_BR\" \/>\n<meta property=\"og:type\" content=\"article\" \/>\n<meta property=\"og:title\" content=\"SUS Inova Brasil - GAESC\" \/>\n<meta property=\"og:description\" content=\"Feira de inova\u00e7\u00e3o fortalece integra\u00e7\u00e3o entre ci\u00eancia e sa\u00fade no SUS A SUS Inova Brasil \u00e9 uma feira voltada \u00e0 ci\u00eancia, tecnologia e inova\u00e7\u00e3o em sa\u00fade, realizada no Porto Maravalley, no Rio de Janeiro\/RJ, com foco no fortalecimento do Sistema \u00danico de Sa\u00fade (SUS). Promovido em articula\u00e7\u00e3o com o Minist\u00e9rio da Sa\u00fade e parceiros institucionais, o evento re\u00fane iniciativas, projetos e experi\u00eancias inovadoras que buscam qualificar os servi\u00e7os de sa\u00fade por meio da incorpora\u00e7\u00e3o de solu\u00e7\u00f5es tecnol\u00f3gicas, pr\u00e1ticas colaborativas e produ\u00e7\u00e3o cient\u00edfica aplicada. A feira constitui um espa\u00e7o estrat\u00e9gico para a integra\u00e7\u00e3o entre diferentes atores \u2014 incluindo pesquisadores, estudantes, profissionais da sa\u00fade e gestores p\u00fablicos \u2014 promovendo o interc\u00e2mbio de conhecimentos e o desenvolvimento de propostas voltadas aos desafios contempor\u00e2neos do SUS. Nesse contexto, a SUS Inova Brasil contribui para a consolida\u00e7\u00e3o de uma cultura de inova\u00e7\u00e3o no campo da sa\u00fade coletiva, incentivando a cria\u00e7\u00e3o de redes, o fortalecimento de pol\u00edticas p\u00fablicas e a amplia\u00e7\u00e3o do acesso a tecnologias em sa\u00fade. ? Local: Maravalley \u2013 Rio de Janeiro\/RJ? Inscri\u00e7\u00f5es gratuitas at\u00e9: 16\/04\/2026 ? Mais informa\u00e7\u00f5es:https:\/\/www.even3.com.br\/sus-inova-brasil-700650\/\" \/>\n<meta property=\"og:url\" content=\"https:\/\/divulga.unila.edu.br\/gaesc\/sus-inova-brasil\/\" \/>\n<meta property=\"og:site_name\" content=\"GAESC\" \/>\n<meta property=\"article:modified_time\" content=\"2026-04-15T22:51:50+00:00\" \/>\n<meta property=\"og:image\" content=\"https:\/\/divulga.unila.edu.br\/gaesc\/wp-content\/uploads\/sites\/64\/2026\/04\/Captura-de-pantalla-2026-04-15-191914-1-edited.png\" \/>\n\t<meta property=\"og:image:width\" content=\"900\" \/>\n\t<meta property=\"og:image:height\" content=\"506\" \/>\n\t<meta property=\"og:image:type\" content=\"image\/png\" \/>\n<meta name=\"twitter:card\" content=\"summary_large_image\" \/>\n<meta name=\"twitter:label1\" content=\"Est. tempo de leitura\" \/>\n\t<meta name=\"twitter:data1\" content=\"1 minuto\" \/>\n<script type=\"application\/ld+json\" class=\"yoast-schema-graph\">{\"@context\":\"https:\\\/\\\/schema.org\",\"@graph\":[{\"@type\":\"WebPage\",\"@id\":\"https:\\\/\\\/divulga.unila.edu.br\\\/gaesc\\\/sus-inova-brasil\\\/\",\"url\":\"https:\\\/\\\/divulga.unila.edu.br\\\/gaesc\\\/sus-inova-brasil\\\/\",\"name\":\"SUS Inova Brasil - GAESC\",\"isPartOf\":{\"@id\":\"https:\\\/\\\/divulga.unila.edu.br\\\/gaesc\\\/#website\"},\"primaryImageOfPage\":{\"@id\":\"https:\\\/\\\/divulga.unila.edu.br\\\/gaesc\\\/sus-inova-brasil\\\/#primaryimage\"},\"image\":{\"@id\":\"https:\\\/\\\/divulga.unila.edu.br\\\/gaesc\\\/sus-inova-brasil\\\/#primaryimage\"},\"thumbnailUrl\":\"https:\\\/\\\/divulga.unila.edu.br\\\/gaesc\\\/wp-content\\\/uploads\\\/sites\\\/64\\\/2026\\\/04\\\/Captura-de-pantalla-2026-04-15-191914-1-edited.png\",\"datePublished\":\"2026-04-15T22:51:48+00:00\",\"dateModified\":\"2026-04-15T22:51:50+00:00\",\"breadcrumb\":{\"@id\":\"https:\\\/\\\/divulga.unila.edu.br\\\/gaesc\\\/sus-inova-brasil\\\/#breadcrumb\"},\"inLanguage\":\"pt-BR\",\"potentialAction\":[{\"@type\":\"ReadAction\",\"target\":[\"https:\\\/\\\/divulga.unila.edu.br\\\/gaesc\\\/sus-inova-brasil\\\/\"]}]},{\"@type\":\"ImageObject\",\"inLanguage\":\"pt-BR\",\"@id\":\"https:\\\/\\\/divulga.unila.edu.br\\\/gaesc\\\/sus-inova-brasil\\\/#primaryimage\",\"url\":\"https:\\\/\\\/divulga.unila.edu.br\\\/gaesc\\\/wp-content\\\/uploads\\\/sites\\\/64\\\/2026\\\/04\\\/Captura-de-pantalla-2026-04-15-191914-1-edited.png\",\"contentUrl\":\"https:\\\/\\\/divulga.unila.edu.br\\\/gaesc\\\/wp-content\\\/uploads\\\/sites\\\/64\\\/2026\\\/04\\\/Captura-de-pantalla-2026-04-15-191914-1-edited.png\",\"width\":900,\"height\":506},{\"@type\":\"BreadcrumbList\",\"@id\":\"https:\\\/\\\/divulga.unila.edu.br\\\/gaesc\\\/sus-inova-brasil\\\/#breadcrumb\",\"itemListElement\":[{\"@type\":\"ListItem\",\"position\":1,\"name\":\"In\u00edcio\",\"item\":\"https:\\\/\\\/divulga.unila.edu.br\\\/gaesc\\\/\"},{\"@type\":\"ListItem\",\"position\":2,\"name\":\"SUS Inova Brasil\"}]},{\"@type\":\"WebSite\",\"@id\":\"https:\\\/\\\/divulga.unila.edu.br\\\/gaesc\\\/#website\",\"url\":\"https:\\\/\\\/divulga.unila.edu.br\\\/gaesc\\\/\",\"name\":\"GAESC\",\"description\":\"Informa\u00e7\u00f5es e Oportunidades sobre Egressos da Sa\u00fade Colectiva da Unila\",\"publisher\":{\"@id\":\"https:\\\/\\\/divulga.unila.edu.br\\\/gaesc\\\/#organization\"},\"potentialAction\":[{\"@type\":\"SearchAction\",\"target\":{\"@type\":\"EntryPoint\",\"urlTemplate\":\"https:\\\/\\\/divulga.unila.edu.br\\\/gaesc\\\/?s={search_term_string}\"},\"query-input\":{\"@type\":\"PropertyValueSpecification\",\"valueRequired\":true,\"valueName\":\"search_term_string\"}}],\"inLanguage\":\"pt-BR\"},{\"@type\":\"Organization\",\"@id\":\"https:\\\/\\\/divulga.unila.edu.br\\\/gaesc\\\/#organization\",\"name\":\"GAESC\",\"url\":\"https:\\\/\\\/divulga.unila.edu.br\\\/gaesc\\\/\",\"logo\":{\"@type\":\"ImageObject\",\"inLanguage\":\"pt-BR\",\"@id\":\"https:\\\/\\\/divulga.unila.edu.br\\\/gaesc\\\/#\\\/schema\\\/logo\\\/image\\\/\",\"url\":\"https:\\\/\\\/divulga.unila.edu.br\\\/gaesc\\\/wp-content\\\/uploads\\\/sites\\\/64\\\/2026\\\/01\\\/Logo2.jpeg\",\"contentUrl\":\"https:\\\/\\\/divulga.unila.edu.br\\\/gaesc\\\/wp-content\\\/uploads\\\/sites\\\/64\\\/2026\\\/01\\\/Logo2.jpeg\",\"width\":1536,\"height\":1024,\"caption\":\"GAESC\"},\"image\":{\"@id\":\"https:\\\/\\\/divulga.unila.edu.br\\\/gaesc\\\/#\\\/schema\\\/logo\\\/image\\\/\"}}]}<\/script>\n<!-- \/ Yoast SEO plugin. -->","yoast_head_json":{"title":"SUS Inova Brasil - GAESC","robots":{"index":"index","follow":"follow","max-snippet":"max-snippet:-1","max-image-preview":"max-image-preview:large","max-video-preview":"max-video-preview:-1"},"canonical":"https:\/\/divulga.unila.edu.br\/gaesc\/sus-inova-brasil\/","og_locale":"pt_BR","og_type":"article","og_title":"SUS Inova Brasil - GAESC","og_description":"Feira de inova\u00e7\u00e3o fortalece integra\u00e7\u00e3o entre ci\u00eancia e sa\u00fade no SUS A SUS Inova Brasil \u00e9 uma feira voltada \u00e0 ci\u00eancia, tecnologia e inova\u00e7\u00e3o em sa\u00fade, realizada no Porto Maravalley, no Rio de Janeiro\/RJ, com foco no fortalecimento do Sistema \u00danico de Sa\u00fade (SUS). Promovido em articula\u00e7\u00e3o com o Minist\u00e9rio da Sa\u00fade e parceiros institucionais, o evento re\u00fane iniciativas, projetos e experi\u00eancias inovadoras que buscam qualificar os servi\u00e7os de sa\u00fade por meio da incorpora\u00e7\u00e3o de solu\u00e7\u00f5es tecnol\u00f3gicas, pr\u00e1ticas colaborativas e produ\u00e7\u00e3o cient\u00edfica aplicada. A feira constitui um espa\u00e7o estrat\u00e9gico para a integra\u00e7\u00e3o entre diferentes atores \u2014 incluindo pesquisadores, estudantes, profissionais da sa\u00fade e gestores p\u00fablicos \u2014 promovendo o interc\u00e2mbio de conhecimentos e o desenvolvimento de propostas voltadas aos desafios contempor\u00e2neos do SUS. Nesse contexto, a SUS Inova Brasil contribui para a consolida\u00e7\u00e3o de uma cultura de inova\u00e7\u00e3o no campo da sa\u00fade coletiva, incentivando a cria\u00e7\u00e3o de redes, o fortalecimento de pol\u00edticas p\u00fablicas e a amplia\u00e7\u00e3o do acesso a tecnologias em sa\u00fade. ? Local: Maravalley \u2013 Rio de Janeiro\/RJ? Inscri\u00e7\u00f5es gratuitas at\u00e9: 16\/04\/2026 ? Mais informa\u00e7\u00f5es:https:\/\/www.even3.com.br\/sus-inova-brasil-700650\/","og_url":"https:\/\/divulga.unila.edu.br\/gaesc\/sus-inova-brasil\/","og_site_name":"GAESC","article_modified_time":"2026-04-15T22:51:50+00:00","og_image":[{"width":900,"height":506,"url":"https:\/\/divulga.unila.edu.br\/gaesc\/wp-content\/uploads\/sites\/64\/2026\/04\/Captura-de-pantalla-2026-04-15-191914-1-edited.png","type":"image\/png"}],"twitter_card":"summary_large_image","twitter_misc":{"Est. tempo de leitura":"1 minuto"},"schema":{"@context":"https:\/\/schema.org","@graph":[{"@type":"WebPage","@id":"https:\/\/divulga.unila.edu.br\/gaesc\/sus-inova-brasil\/","url":"https:\/\/divulga.unila.edu.br\/gaesc\/sus-inova-brasil\/","name":"SUS Inova Brasil - GAESC","isPartOf":{"@id":"https:\/\/divulga.unila.edu.br\/gaesc\/#website"},"primaryImageOfPage":{"@id":"https:\/\/divulga.unila.edu.br\/gaesc\/sus-inova-brasil\/#primaryimage"},"image":{"@id":"https:\/\/divulga.unila.edu.br\/gaesc\/sus-inova-brasil\/#primaryimage"},"thumbnailUrl":"https:\/\/divulga.unila.edu.br\/gaesc\/wp-content\/uploads\/sites\/64\/2026\/04\/Captura-de-pantalla-2026-04-15-191914-1-edited.png","datePublished":"2026-04-15T22:51:48+00:00","dateModified":"2026-04-15T22:51:50+00:00","breadcrumb":{"@id":"https:\/\/divulga.unila.edu.br\/gaesc\/sus-inova-brasil\/#breadcrumb"},"inLanguage":"pt-BR","potentialAction":[{"@type":"ReadAction","target":["https:\/\/divulga.unila.edu.br\/gaesc\/sus-inova-brasil\/"]}]},{"@type":"ImageObject","inLanguage":"pt-BR","@id":"https:\/\/divulga.unila.edu.br\/gaesc\/sus-inova-brasil\/#primaryimage","url":"https:\/\/divulga.unila.edu.br\/gaesc\/wp-content\/uploads\/sites\/64\/2026\/04\/Captura-de-pantalla-2026-04-15-191914-1-edited.png","contentUrl":"https:\/\/divulga.unila.edu.br\/gaesc\/wp-content\/uploads\/sites\/64\/2026\/04\/Captura-de-pantalla-2026-04-15-191914-1-edited.png","width":900,"height":506},{"@type":"BreadcrumbList","@id":"https:\/\/divulga.unila.edu.br\/gaesc\/sus-inova-brasil\/#breadcrumb","itemListElement":[{"@type":"ListItem","position":1,"name":"In\u00edcio","item":"https:\/\/divulga.unila.edu.br\/gaesc\/"},{"@type":"ListItem","position":2,"name":"SUS Inova Brasil"}]},{"@type":"WebSite","@id":"https:\/\/divulga.unila.edu.br\/gaesc\/#website","url":"https:\/\/divulga.unila.edu.br\/gaesc\/","name":"GAESC","description":"Informa\u00e7\u00f5es e Oportunidades sobre Egressos da Sa\u00fade Colectiva da Unila","publisher":{"@id":"https:\/\/divulga.unila.edu.br\/gaesc\/#organization"},"potentialAction":[{"@type":"SearchAction","target":{"@type":"EntryPoint","urlTemplate":"https:\/\/divulga.unila.edu.br\/gaesc\/?s={search_term_string}"},"query-input":{"@type":"PropertyValueSpecification","valueRequired":true,"valueName":"search_term_string"}}],"inLanguage":"pt-BR"},{"@type":"Organization","@id":"https:\/\/divulga.unila.edu.br\/gaesc\/#organization","name":"GAESC","url":"https:\/\/divulga.unila.edu.br\/gaesc\/","logo":{"@type":"ImageObject","inLanguage":"pt-BR","@id":"https:\/\/divulga.unila.edu.br\/gaesc\/#\/schema\/logo\/image\/","url":"https:\/\/divulga.unila.edu.br\/gaesc\/wp-content\/uploads\/sites\/64\/2026\/01\/Logo2.jpeg","contentUrl":"https:\/\/divulga.unila.edu.br\/gaesc\/wp-content\/uploads\/sites\/64\/2026\/01\/Logo2.jpeg","width":1536,"height":1024,"caption":"GAESC"},"image":{"@id":"https:\/\/divulga.unila.edu.br\/gaesc\/#\/schema\/logo\/image\/"}}]}},"uagb_featured_image_src":{"full":false,"thumbnail":false,"medium":false,"medium_large":false,"large":false,"1536x1536":false,"2048x2048":false,"htmega_size_585x295":false,"htmega_size_1170x536":false,"htmega_size_396x360":false,"tainacan-small":false,"tainacan-medium":false,"tainacan-medium-full":false,"tainacan-large-full":false},"uagb_author_info":{"display_name":"aua.lopez.2024","author_link":"https:\/\/divulga.unila.edu.br\/gaesc\/author\/aualopez2024\/"},"uagb_comment_info":0,"uagb_excerpt":"Feira de inova\u00e7\u00e3o fortalece integra\u00e7\u00e3o entre ci\u00eancia e sa\u00fade no SUS A SUS Inova Brasil \u00e9 uma feira voltada \u00e0 ci\u00eancia, tecnologia e inova\u00e7\u00e3o em sa\u00fade, realizada no Porto Maravalley, no Rio de Janeiro\/RJ, com foco no fortalecimento do Sistema \u00danico de Sa\u00fade (SUS). Promovido em articula\u00e7\u00e3o com o Minist\u00e9rio da Sa\u00fade e parceiros institucionais,&hellip;","_links":{"self":[{"href":"https:\/\/divulga.unila.edu.br\/gaesc\/wp-json\/wp\/v2\/pages\/1557","targetHints":{"allow":["GET"]}}],"collection":[{"href":"https:\/\/divulga.unila.edu.br\/gaesc\/wp-json\/wp\/v2\/pages"}],"about":[{"href":"https:\/\/divulga.unila.edu.br\/gaesc\/wp-json\/wp\/v2\/types\/page"}],"author":[{"embeddable":true,"href":"https:\/\/divulga.unila.edu.br\/gaesc\/wp-json\/wp\/v2\/users\/178"}],"replies":[{"embeddable":true,"href":"https:\/\/divulga.unila.edu.br\/gaesc\/wp-json\/wp\/v2\/comments?post=1557"}],"version-history":[{"count":1,"href":"https:\/\/divulga.unila.edu.br\/gaesc\/wp-json\/wp\/v2\/pages\/1557\/revisions"}],"predecessor-version":[{"id":1560,"href":"https:\/\/divulga.unila.edu.br\/gaesc\/wp-json\/wp\/v2\/pages\/1557\/revisions\/1560"}],"wp:attachment":[{"href":"https:\/\/divulga.unila.edu.br\/gaesc\/wp-json\/wp\/v2\/media?parent=1557"}],"curies":[{"name":"wp","href":"https:\/\/api.w.org\/{rel}","templated":true}]}}