{"id":5024,"date":"2023-10-14T20:45:22","date_gmt":"2023-10-14T23:45:22","guid":{"rendered":"https:\/\/divulga.unila.edu.br\/fanbio\/?page_id=5024"},"modified":"2023-10-16T14:15:32","modified_gmt":"2023-10-16T17:15:32","slug":"arco-iris","status":"publish","type":"page","link":"https:\/\/divulga.unila.edu.br\/fanbio\/arco-iris\/","title":{"rendered":"Arco-\u00edris"},"content":{"rendered":"\t\t<div data-elementor-type=\"wp-page\" data-elementor-id=\"5024\" class=\"elementor elementor-5024\">\n\t\t\t\t<div class=\"has_eae_slider elementor-element elementor-element-8f96596 e-flex e-con-boxed wpr-particle-no wpr-jarallax-no wpr-parallax-no wpr-sticky-section-no wpr-equal-height-no e-con e-parent\" data-eae-slider=\"28868\" data-id=\"8f96596\" data-element_type=\"container\" data-e-type=\"container\">\n\t\t\t\t\t<div class=\"e-con-inner\">\n\t\t<div class=\"has_eae_slider elementor-element elementor-element-6e30203 e-flex e-con-boxed wpr-particle-no wpr-jarallax-no wpr-parallax-no wpr-sticky-section-no wpr-equal-height-no e-con e-child\" data-eae-slider=\"50867\" data-id=\"6e30203\" data-element_type=\"container\" data-e-type=\"container\" data-settings=\"{&quot;background_background&quot;:&quot;classic&quot;}\">\n\t\t\t\t\t<div class=\"e-con-inner\">\n\t\t\t\t<div class=\"elementor-element elementor-element-952d300 elementor-widget elementor-widget-text-editor\" data-id=\"952d300\" data-element_type=\"widget\" data-e-type=\"widget\" data-widget_type=\"text-editor.default\">\n\t\t\t\t<div class=\"elementor-widget-container\">\n\t\t\t\t\t\t\t\t\t<h1 class=\"font-primary block-blog-header__title\" style=\"padding: 0px;margin-bottom: 12px;color: #000000;font-family: var(--font-primary);font-size: var(--21ab201a);font-weight: bold;line-height: 1.3\" data-v-dfe4e670=\"\" data-qa=\"blog-label-posttitle\"><span style=\"font-family: var(--font-primary);font-size: var(--21ab201a);text-align: var(--text-align);background-color: var(--yuki-base-100)\"><br><\/span><\/h1><h1 class=\"font-primary block-blog-header__title\" style=\"padding: 0px;margin-bottom: 12px;color: #000000;font-family: var(--font-primary);font-size: var(--21ab201a);font-weight: bold;line-height: 1.3\" data-v-dfe4e670=\"\" data-qa=\"blog-label-posttitle\"><span style=\"font-family: var(--font-primary);font-size: var(--21ab201a);text-align: var(--text-align);background-color: var(--yuki-base-100)\">A beleza est\u00e1 nos olhos de quem v\u00ea?<\/span><br><\/h1>\t\t\t\t\t\t\t\t<\/div>\n\t\t\t\t<\/div>\n\t\t\t\t<div class=\"elementor-element elementor-element-28f5b5a elementor-widget__width-initial elementor-widget-mobile__width-initial elementor-widget elementor-widget-image\" data-id=\"28f5b5a\" data-element_type=\"widget\" data-e-type=\"widget\" data-widget_type=\"image.default\">\n\t\t\t\t<div class=\"elementor-widget-container\">\n\t\t\t\t\t\t\t\t\t\t\t\t\t\t\t<img fetchpriority=\"high\" decoding=\"async\" width=\"1024\" height=\"648\" src=\"https:\/\/divulga.unila.edu.br\/fanbio\/wp-content\/uploads\/sites\/30\/2023\/10\/eye-3348431_1280-1024x648.jpg\" class=\"attachment-large size-large wp-image-4711\" alt=\"\" srcset=\"https:\/\/divulga.unila.edu.br\/fanbio\/wp-content\/uploads\/sites\/30\/2023\/10\/eye-3348431_1280-1024x648.jpg 1024w, https:\/\/divulga.unila.edu.br\/fanbio\/wp-content\/uploads\/sites\/30\/2023\/10\/eye-3348431_1280-300x190.jpg 300w, https:\/\/divulga.unila.edu.br\/fanbio\/wp-content\/uploads\/sites\/30\/2023\/10\/eye-3348431_1280-768x486.jpg 768w, https:\/\/divulga.unila.edu.br\/fanbio\/wp-content\/uploads\/sites\/30\/2023\/10\/eye-3348431_1280-205x130.jpg 205w, https:\/\/divulga.unila.edu.br\/fanbio\/wp-content\/uploads\/sites\/30\/2023\/10\/eye-3348431_1280-480x304.jpg 480w, https:\/\/divulga.unila.edu.br\/fanbio\/wp-content\/uploads\/sites\/30\/2023\/10\/eye-3348431_1280.jpg 1280w\" sizes=\"(max-width: 1024px) 100vw, 1024px\" \/>\t\t\t\t\t\t\t\t\t\t\t\t\t\t\t<\/div>\n\t\t\t\t<\/div>\n\t\t\t\t<div class=\"elementor-element elementor-element-71227d9 elementor-widget__width-initial elementor-widget-mobile__width-initial elementor-widget elementor-widget-text-editor\" data-id=\"71227d9\" data-element_type=\"widget\" data-e-type=\"widget\" data-widget_type=\"text-editor.default\">\n\t\t\t\t<div class=\"elementor-widget-container\">\n\t\t\t\t\t\t\t\t\t\n<p>A forma de ver o arco-\u00edris depende da posi\u00e7\u00e3o de cada um. Isto mesmo, duas pessoas n\u00e3o ver\u00e3o o mesmo arco-\u00edris, porque quando a luz branca do sol chega at\u00e9 pequenas gotas de \u00e1gua ela \u00e9 dispersa nas cores do arco-\u00edris e chega at\u00e9 nossos olhos. Assim, voc\u00ea vai ver um arco-\u00edris diferente da pessoa que est\u00e1 ao seu lado, porque dependendo da posi\u00e7\u00e3o, cada um recebe a luz refletida de algumas gotas. Al\u00e9m disto, as cores do arco-\u00edris s\u00e3o uma ilus\u00e3o, mas uma ilus\u00e3o de \u00f3ptica, ou seja, ilus\u00e3o dos fen\u00f4menos relacionados com a luz. Depois disto, at\u00e9 n\u00e3o parece t\u00e3o estranho acreditar na lenda dos duendes e potes de ouro, n\u00e9?<\/p>\n\t\t\t\t\t\t\t\t<\/div>\n\t\t\t\t<\/div>\n\t\t\t\t<div class=\"elementor-element elementor-element-a524a7f elementor-widget elementor-widget-button\" data-id=\"a524a7f\" data-element_type=\"widget\" data-e-type=\"widget\" data-widget_type=\"button.default\">\n\t\t\t\t<div class=\"elementor-widget-container\">\n\t\t\t\t\t\t\t\t\t<div class=\"elementor-button-wrapper\">\n\t\t\t\t\t<a class=\"elementor-button elementor-button-link elementor-size-sm\" href=\"https:\/\/clubedaevolucao.com\/a-beleza-esta-nos-olhos-de-quem-ve\">\n\t\t\t\t\t\t<span class=\"elementor-button-content-wrapper\">\n\t\t\t\t\t\t\t\t\t<span class=\"elementor-button-text\">Clique aqui para ver o texto completo<\/span>\n\t\t\t\t\t<\/span>\n\t\t\t\t\t<\/a>\n\t\t\t\t<\/div>\n\t\t\t\t\t\t\t\t<\/div>\n\t\t\t\t<\/div>\n\t\t\t\t\t<\/div>\n\t\t\t\t<\/div>\n\t\t\t\t\t<\/div>\n\t\t\t\t<\/div>\n\t\t\t\t<\/div>\n\t\t","protected":false},"excerpt":{"rendered":"<p>A beleza est\u00e1 nos olhos de quem v\u00ea? \/*! elementor &#8211; v3.16.0 &#8211; 09-10-2023 *\/ .elementor-widget-image{text-align:center}.elementor-widget-image a{display:inline-block}.elementor-widget-image a img[src$=&#8221;.svg&#8221;]{width:48px}.elementor-widget-image img{vertical-align:middle;display:inline-block} A forma de ver o arco-\u00edris depende da posi\u00e7\u00e3o de cada um. Isto mesmo, duas pessoas n\u00e3o ver\u00e3o o mesmo arco-\u00edris, porque quando a luz branca do sol chega at\u00e9 pequenas gotas de \u00e1gua ela \u00e9 dispersa nas cores do arco-\u00edris e chega at\u00e9 nossos olhos. Assim, voc\u00ea vai ver um arco-\u00edris diferente da pessoa que est\u00e1 ao seu lado, porque dependendo da posi\u00e7\u00e3o, cada um recebe a luz refletida de algumas gotas. Al\u00e9m disto, as cores do arco-\u00edris s\u00e3o uma ilus\u00e3o, mas uma ilus\u00e3o de \u00f3ptica, ou seja, ilus\u00e3o dos fen\u00f4menos relacionados com a luz. Depois disto, at\u00e9 n\u00e3o parece t\u00e3o estranho acreditar na lenda dos duendes e potes de ouro, n\u00e9? Clique aqui para ver o texto completo<\/p>\n","protected":false},"author":65,"featured_media":4711,"parent":0,"menu_order":0,"comment_status":"closed","ping_status":"closed","template":"","meta":{"_uag_custom_page_level_css":"","site-container-style":"default","site-container-layout":"default","site-sidebar-layout":"default","disable-article-header":"default","disable-site-header":"default","disable-site-footer":"default","disable-content-area-spacing":"default","_themeisle_gutenberg_block_has_review":false,"footnotes":""},"class_list":["post-5024","page","type-page","status-publish","has-post-thumbnail","hentry"],"yoast_head":"<!-- This site is optimized with the Yoast SEO plugin v27.6 - https:\/\/yoast.com\/product\/yoast-seo-wordpress\/ -->\n<title>Arco-\u00edris - Fan\u00e1ticos por Biologia<\/title>\n<meta name=\"robots\" content=\"index, follow, max-snippet:-1, max-image-preview:large, max-video-preview:-1\" \/>\n<link rel=\"canonical\" href=\"https:\/\/divulga.unila.edu.br\/fanbio\/arco-iris\/\" \/>\n<meta property=\"og:locale\" content=\"pt_BR\" \/>\n<meta property=\"og:type\" content=\"article\" \/>\n<meta property=\"og:title\" content=\"Arco-\u00edris - Fan\u00e1ticos por Biologia\" \/>\n<meta property=\"og:description\" content=\"A beleza est\u00e1 nos olhos de quem v\u00ea? \/*! elementor &#8211; v3.16.0 &#8211; 09-10-2023 *\/ .elementor-widget-image{text-align:center}.elementor-widget-image a{display:inline-block}.elementor-widget-image a img[src$=&#8221;.svg&#8221;]{width:48px}.elementor-widget-image img{vertical-align:middle;display:inline-block} A forma de ver o arco-\u00edris depende da posi\u00e7\u00e3o de cada um. Isto mesmo, duas pessoas n\u00e3o ver\u00e3o o mesmo arco-\u00edris, porque quando a luz branca do sol chega at\u00e9 pequenas gotas de \u00e1gua ela \u00e9 dispersa nas cores do arco-\u00edris e chega at\u00e9 nossos olhos. Assim, voc\u00ea vai ver um arco-\u00edris diferente da pessoa que est\u00e1 ao seu lado, porque dependendo da posi\u00e7\u00e3o, cada um recebe a luz refletida de algumas gotas. Al\u00e9m disto, as cores do arco-\u00edris s\u00e3o uma ilus\u00e3o, mas uma ilus\u00e3o de \u00f3ptica, ou seja, ilus\u00e3o dos fen\u00f4menos relacionados com a luz. Depois disto, at\u00e9 n\u00e3o parece t\u00e3o estranho acreditar na lenda dos duendes e potes de ouro, n\u00e9? Clique aqui para ver o texto completo\" \/>\n<meta property=\"og:url\" content=\"https:\/\/divulga.unila.edu.br\/fanbio\/arco-iris\/\" \/>\n<meta property=\"og:site_name\" content=\"Fan\u00e1ticos por Biologia\" \/>\n<meta property=\"article:modified_time\" content=\"2023-10-16T17:15:32+00:00\" \/>\n<meta property=\"og:image\" content=\"https:\/\/divulga.unila.edu.br\/fanbio\/wp-content\/uploads\/sites\/30\/2023\/10\/eye-3348431_1280.jpg\" \/>\n\t<meta property=\"og:image:width\" content=\"1280\" \/>\n\t<meta property=\"og:image:height\" content=\"810\" \/>\n\t<meta property=\"og:image:type\" content=\"image\/jpeg\" \/>\n<meta name=\"twitter:card\" content=\"summary_large_image\" \/>\n<meta name=\"twitter:label1\" content=\"Est. tempo de leitura\" \/>\n\t<meta name=\"twitter:data1\" content=\"1 minuto\" \/>\n<script type=\"application\/ld+json\" class=\"yoast-schema-graph\">{\"@context\":\"https:\\\/\\\/schema.org\",\"@graph\":[{\"@type\":\"WebPage\",\"@id\":\"https:\\\/\\\/divulga.unila.edu.br\\\/fanbio\\\/arco-iris\\\/\",\"url\":\"https:\\\/\\\/divulga.unila.edu.br\\\/fanbio\\\/arco-iris\\\/\",\"name\":\"Arco-\u00edris - Fan\u00e1ticos por Biologia\",\"isPartOf\":{\"@id\":\"https:\\\/\\\/divulga.unila.edu.br\\\/fanbio\\\/#website\"},\"primaryImageOfPage\":{\"@id\":\"https:\\\/\\\/divulga.unila.edu.br\\\/fanbio\\\/arco-iris\\\/#primaryimage\"},\"image\":{\"@id\":\"https:\\\/\\\/divulga.unila.edu.br\\\/fanbio\\\/arco-iris\\\/#primaryimage\"},\"thumbnailUrl\":\"https:\\\/\\\/divulga.unila.edu.br\\\/fanbio\\\/wp-content\\\/uploads\\\/sites\\\/30\\\/2023\\\/10\\\/eye-3348431_1280.jpg\",\"datePublished\":\"2023-10-14T23:45:22+00:00\",\"dateModified\":\"2023-10-16T17:15:32+00:00\",\"breadcrumb\":{\"@id\":\"https:\\\/\\\/divulga.unila.edu.br\\\/fanbio\\\/arco-iris\\\/#breadcrumb\"},\"inLanguage\":\"pt-BR\",\"potentialAction\":[{\"@type\":\"ReadAction\",\"target\":[\"https:\\\/\\\/divulga.unila.edu.br\\\/fanbio\\\/arco-iris\\\/\"]}]},{\"@type\":\"ImageObject\",\"inLanguage\":\"pt-BR\",\"@id\":\"https:\\\/\\\/divulga.unila.edu.br\\\/fanbio\\\/arco-iris\\\/#primaryimage\",\"url\":\"https:\\\/\\\/divulga.unila.edu.br\\\/fanbio\\\/wp-content\\\/uploads\\\/sites\\\/30\\\/2023\\\/10\\\/eye-3348431_1280.jpg\",\"contentUrl\":\"https:\\\/\\\/divulga.unila.edu.br\\\/fanbio\\\/wp-content\\\/uploads\\\/sites\\\/30\\\/2023\\\/10\\\/eye-3348431_1280.jpg\",\"width\":1280,\"height\":810},{\"@type\":\"BreadcrumbList\",\"@id\":\"https:\\\/\\\/divulga.unila.edu.br\\\/fanbio\\\/arco-iris\\\/#breadcrumb\",\"itemListElement\":[{\"@type\":\"ListItem\",\"position\":1,\"name\":\"In\u00edcio\",\"item\":\"https:\\\/\\\/divulga.unila.edu.br\\\/fanbio\\\/\"},{\"@type\":\"ListItem\",\"position\":2,\"name\":\"Arco-\u00edris\"}]},{\"@type\":\"WebSite\",\"@id\":\"https:\\\/\\\/divulga.unila.edu.br\\\/fanbio\\\/#website\",\"url\":\"https:\\\/\\\/divulga.unila.edu.br\\\/fanbio\\\/\",\"name\":\"Fan\u00e1ticos por Biologia\",\"description\":\"Projeto de extens\u00e3o FanBio (Fan\u00e1ticos por Biologia)\",\"publisher\":{\"@id\":\"https:\\\/\\\/divulga.unila.edu.br\\\/fanbio\\\/#organization\"},\"potentialAction\":[{\"@type\":\"SearchAction\",\"target\":{\"@type\":\"EntryPoint\",\"urlTemplate\":\"https:\\\/\\\/divulga.unila.edu.br\\\/fanbio\\\/?s={search_term_string}\"},\"query-input\":{\"@type\":\"PropertyValueSpecification\",\"valueRequired\":true,\"valueName\":\"search_term_string\"}}],\"inLanguage\":\"pt-BR\"},{\"@type\":\"Organization\",\"@id\":\"https:\\\/\\\/divulga.unila.edu.br\\\/fanbio\\\/#organization\",\"name\":\"Fan\u00e1ticos por Biologia\",\"url\":\"https:\\\/\\\/divulga.unila.edu.br\\\/fanbio\\\/\",\"logo\":{\"@type\":\"ImageObject\",\"inLanguage\":\"pt-BR\",\"@id\":\"https:\\\/\\\/divulga.unila.edu.br\\\/fanbio\\\/#\\\/schema\\\/logo\\\/image\\\/\",\"url\":\"https:\\\/\\\/divulga.unila.edu.br\\\/fanbio\\\/wp-content\\\/uploads\\\/sites\\\/30\\\/2023\\\/06\\\/fanbio-borda-branca.png\",\"contentUrl\":\"https:\\\/\\\/divulga.unila.edu.br\\\/fanbio\\\/wp-content\\\/uploads\\\/sites\\\/30\\\/2023\\\/06\\\/fanbio-borda-branca.png\",\"width\":180,\"height\":193,\"caption\":\"Fan\u00e1ticos por Biologia\"},\"image\":{\"@id\":\"https:\\\/\\\/divulga.unila.edu.br\\\/fanbio\\\/#\\\/schema\\\/logo\\\/image\\\/\"}}]}<\/script>\n<!-- \/ Yoast SEO plugin. -->","yoast_head_json":{"title":"Arco-\u00edris - Fan\u00e1ticos por Biologia","robots":{"index":"index","follow":"follow","max-snippet":"max-snippet:-1","max-image-preview":"max-image-preview:large","max-video-preview":"max-video-preview:-1"},"canonical":"https:\/\/divulga.unila.edu.br\/fanbio\/arco-iris\/","og_locale":"pt_BR","og_type":"article","og_title":"Arco-\u00edris - Fan\u00e1ticos por Biologia","og_description":"A beleza est\u00e1 nos olhos de quem v\u00ea? \/*! elementor &#8211; v3.16.0 &#8211; 09-10-2023 *\/ .elementor-widget-image{text-align:center}.elementor-widget-image a{display:inline-block}.elementor-widget-image a img[src$=&#8221;.svg&#8221;]{width:48px}.elementor-widget-image img{vertical-align:middle;display:inline-block} A forma de ver o arco-\u00edris depende da posi\u00e7\u00e3o de cada um. Isto mesmo, duas pessoas n\u00e3o ver\u00e3o o mesmo arco-\u00edris, porque quando a luz branca do sol chega at\u00e9 pequenas gotas de \u00e1gua ela \u00e9 dispersa nas cores do arco-\u00edris e chega at\u00e9 nossos olhos. Assim, voc\u00ea vai ver um arco-\u00edris diferente da pessoa que est\u00e1 ao seu lado, porque dependendo da posi\u00e7\u00e3o, cada um recebe a luz refletida de algumas gotas. Al\u00e9m disto, as cores do arco-\u00edris s\u00e3o uma ilus\u00e3o, mas uma ilus\u00e3o de \u00f3ptica, ou seja, ilus\u00e3o dos fen\u00f4menos relacionados com a luz. Depois disto, at\u00e9 n\u00e3o parece t\u00e3o estranho acreditar na lenda dos duendes e potes de ouro, n\u00e9? Clique aqui para ver o texto completo","og_url":"https:\/\/divulga.unila.edu.br\/fanbio\/arco-iris\/","og_site_name":"Fan\u00e1ticos por Biologia","article_modified_time":"2023-10-16T17:15:32+00:00","og_image":[{"width":1280,"height":810,"url":"https:\/\/divulga.unila.edu.br\/fanbio\/wp-content\/uploads\/sites\/30\/2023\/10\/eye-3348431_1280.jpg","type":"image\/jpeg"}],"twitter_card":"summary_large_image","twitter_misc":{"Est. tempo de leitura":"1 minuto"},"schema":{"@context":"https:\/\/schema.org","@graph":[{"@type":"WebPage","@id":"https:\/\/divulga.unila.edu.br\/fanbio\/arco-iris\/","url":"https:\/\/divulga.unila.edu.br\/fanbio\/arco-iris\/","name":"Arco-\u00edris - Fan\u00e1ticos por Biologia","isPartOf":{"@id":"https:\/\/divulga.unila.edu.br\/fanbio\/#website"},"primaryImageOfPage":{"@id":"https:\/\/divulga.unila.edu.br\/fanbio\/arco-iris\/#primaryimage"},"image":{"@id":"https:\/\/divulga.unila.edu.br\/fanbio\/arco-iris\/#primaryimage"},"thumbnailUrl":"https:\/\/divulga.unila.edu.br\/fanbio\/wp-content\/uploads\/sites\/30\/2023\/10\/eye-3348431_1280.jpg","datePublished":"2023-10-14T23:45:22+00:00","dateModified":"2023-10-16T17:15:32+00:00","breadcrumb":{"@id":"https:\/\/divulga.unila.edu.br\/fanbio\/arco-iris\/#breadcrumb"},"inLanguage":"pt-BR","potentialAction":[{"@type":"ReadAction","target":["https:\/\/divulga.unila.edu.br\/fanbio\/arco-iris\/"]}]},{"@type":"ImageObject","inLanguage":"pt-BR","@id":"https:\/\/divulga.unila.edu.br\/fanbio\/arco-iris\/#primaryimage","url":"https:\/\/divulga.unila.edu.br\/fanbio\/wp-content\/uploads\/sites\/30\/2023\/10\/eye-3348431_1280.jpg","contentUrl":"https:\/\/divulga.unila.edu.br\/fanbio\/wp-content\/uploads\/sites\/30\/2023\/10\/eye-3348431_1280.jpg","width":1280,"height":810},{"@type":"BreadcrumbList","@id":"https:\/\/divulga.unila.edu.br\/fanbio\/arco-iris\/#breadcrumb","itemListElement":[{"@type":"ListItem","position":1,"name":"In\u00edcio","item":"https:\/\/divulga.unila.edu.br\/fanbio\/"},{"@type":"ListItem","position":2,"name":"Arco-\u00edris"}]},{"@type":"WebSite","@id":"https:\/\/divulga.unila.edu.br\/fanbio\/#website","url":"https:\/\/divulga.unila.edu.br\/fanbio\/","name":"Fan\u00e1ticos por Biologia","description":"Projeto de extens\u00e3o FanBio (Fan\u00e1ticos por Biologia)","publisher":{"@id":"https:\/\/divulga.unila.edu.br\/fanbio\/#organization"},"potentialAction":[{"@type":"SearchAction","target":{"@type":"EntryPoint","urlTemplate":"https:\/\/divulga.unila.edu.br\/fanbio\/?s={search_term_string}"},"query-input":{"@type":"PropertyValueSpecification","valueRequired":true,"valueName":"search_term_string"}}],"inLanguage":"pt-BR"},{"@type":"Organization","@id":"https:\/\/divulga.unila.edu.br\/fanbio\/#organization","name":"Fan\u00e1ticos por Biologia","url":"https:\/\/divulga.unila.edu.br\/fanbio\/","logo":{"@type":"ImageObject","inLanguage":"pt-BR","@id":"https:\/\/divulga.unila.edu.br\/fanbio\/#\/schema\/logo\/image\/","url":"https:\/\/divulga.unila.edu.br\/fanbio\/wp-content\/uploads\/sites\/30\/2023\/06\/fanbio-borda-branca.png","contentUrl":"https:\/\/divulga.unila.edu.br\/fanbio\/wp-content\/uploads\/sites\/30\/2023\/06\/fanbio-borda-branca.png","width":180,"height":193,"caption":"Fan\u00e1ticos por Biologia"},"image":{"@id":"https:\/\/divulga.unila.edu.br\/fanbio\/#\/schema\/logo\/image\/"}}]}},"uagb_featured_image_src":{"full":["https:\/\/divulga.unila.edu.br\/fanbio\/wp-content\/uploads\/sites\/30\/2023\/10\/eye-3348431_1280.jpg",1280,810,false],"thumbnail":["https:\/\/divulga.unila.edu.br\/fanbio\/wp-content\/uploads\/sites\/30\/2023\/10\/eye-3348431_1280-150x150.jpg",150,150,true],"medium":["https:\/\/divulga.unila.edu.br\/fanbio\/wp-content\/uploads\/sites\/30\/2023\/10\/eye-3348431_1280-300x190.jpg",300,190,true],"medium_large":["https:\/\/divulga.unila.edu.br\/fanbio\/wp-content\/uploads\/sites\/30\/2023\/10\/eye-3348431_1280-768x486.jpg",768,486,true],"large":["https:\/\/divulga.unila.edu.br\/fanbio\/wp-content\/uploads\/sites\/30\/2023\/10\/eye-3348431_1280-1024x648.jpg",1024,648,true],"1536x1536":["https:\/\/divulga.unila.edu.br\/fanbio\/wp-content\/uploads\/sites\/30\/2023\/10\/eye-3348431_1280.jpg",1280,810,false],"2048x2048":["https:\/\/divulga.unila.edu.br\/fanbio\/wp-content\/uploads\/sites\/30\/2023\/10\/eye-3348431_1280.jpg",1280,810,false],"htmega_size_585x295":["https:\/\/divulga.unila.edu.br\/fanbio\/wp-content\/uploads\/sites\/30\/2023\/10\/eye-3348431_1280-585x295.jpg",585,295,true],"htmega_size_1170x536":["https:\/\/divulga.unila.edu.br\/fanbio\/wp-content\/uploads\/sites\/30\/2023\/10\/eye-3348431_1280-1170x536.jpg",1170,536,true],"htmega_size_396x360":["https:\/\/divulga.unila.edu.br\/fanbio\/wp-content\/uploads\/sites\/30\/2023\/10\/eye-3348431_1280-396x360.jpg",396,360,true],"tainacan-small":["https:\/\/divulga.unila.edu.br\/fanbio\/wp-content\/uploads\/sites\/30\/2023\/10\/eye-3348431_1280-40x40.jpg",40,40,true],"tainacan-medium":["https:\/\/divulga.unila.edu.br\/fanbio\/wp-content\/uploads\/sites\/30\/2023\/10\/eye-3348431_1280-275x275.jpg",275,275,true],"tainacan-medium-full":["https:\/\/divulga.unila.edu.br\/fanbio\/wp-content\/uploads\/sites\/30\/2023\/10\/eye-3348431_1280-205x130.jpg",205,130,true],"tainacan-large-full":["https:\/\/divulga.unila.edu.br\/fanbio\/wp-content\/uploads\/sites\/30\/2023\/10\/eye-3348431_1280-480x304.jpg",480,304,true]},"uagb_author_info":{"display_name":"giovana.vendruscolo","author_link":"https:\/\/divulga.unila.edu.br\/fanbio\/author\/giovanavendruscolo\/"},"uagb_comment_info":0,"uagb_excerpt":"A beleza est\u00e1 nos olhos de quem v\u00ea? \/*! elementor &#8211; v3.16.0 &#8211; 09-10-2023 *\/ .elementor-widget-image{text-align:center}.elementor-widget-image a{display:inline-block}.elementor-widget-image a img[src$=&#8221;.svg&#8221;]{width:48px}.elementor-widget-image img{vertical-align:middle;display:inline-block} A forma de ver o arco-\u00edris depende da posi\u00e7\u00e3o de cada um. Isto mesmo, duas pessoas n\u00e3o ver\u00e3o o mesmo arco-\u00edris, porque quando a luz branca do sol chega at\u00e9 pequenas gotas de \u00e1gua ela&hellip;","_links":{"self":[{"href":"https:\/\/divulga.unila.edu.br\/fanbio\/wp-json\/wp\/v2\/pages\/5024","targetHints":{"allow":["GET"]}}],"collection":[{"href":"https:\/\/divulga.unila.edu.br\/fanbio\/wp-json\/wp\/v2\/pages"}],"about":[{"href":"https:\/\/divulga.unila.edu.br\/fanbio\/wp-json\/wp\/v2\/types\/page"}],"author":[{"embeddable":true,"href":"https:\/\/divulga.unila.edu.br\/fanbio\/wp-json\/wp\/v2\/users\/65"}],"replies":[{"embeddable":true,"href":"https:\/\/divulga.unila.edu.br\/fanbio\/wp-json\/wp\/v2\/comments?post=5024"}],"version-history":[{"count":20,"href":"https:\/\/divulga.unila.edu.br\/fanbio\/wp-json\/wp\/v2\/pages\/5024\/revisions"}],"predecessor-version":[{"id":5265,"href":"https:\/\/divulga.unila.edu.br\/fanbio\/wp-json\/wp\/v2\/pages\/5024\/revisions\/5265"}],"wp:featuredmedia":[{"embeddable":true,"href":"https:\/\/divulga.unila.edu.br\/fanbio\/wp-json\/wp\/v2\/media\/4711"}],"wp:attachment":[{"href":"https:\/\/divulga.unila.edu.br\/fanbio\/wp-json\/wp\/v2\/media?parent=5024"}],"curies":[{"name":"wp","href":"https:\/\/api.w.org\/{rel}","templated":true}]}}