{"id":4995,"date":"2023-10-14T20:40:54","date_gmt":"2023-10-14T23:40:54","guid":{"rendered":"https:\/\/divulga.unila.edu.br\/fanbio\/?page_id=4995"},"modified":"2023-10-16T14:16:51","modified_gmt":"2023-10-16T17:16:51","slug":"darwin","status":"publish","type":"page","link":"https:\/\/divulga.unila.edu.br\/fanbio\/darwin\/","title":{"rendered":"Darwin"},"content":{"rendered":"\t\t<div data-elementor-type=\"wp-page\" data-elementor-id=\"4995\" class=\"elementor elementor-4995\">\n\t\t\t\t<div class=\"has_eae_slider elementor-element elementor-element-e061522 e-flex e-con-boxed wpr-particle-no wpr-jarallax-no wpr-parallax-no wpr-sticky-section-no e-con e-parent\" data-eae-slider=\"90489\" data-id=\"e061522\" data-element_type=\"container\" data-e-type=\"container\">\n\t\t\t\t\t<div class=\"e-con-inner\">\n\t\t<div class=\"has_eae_slider elementor-element elementor-element-a4a032b e-con-full e-flex wpr-particle-no wpr-jarallax-no wpr-parallax-no wpr-sticky-section-no e-con e-child\" data-eae-slider=\"64811\" data-id=\"a4a032b\" data-element_type=\"container\" data-e-type=\"container\" data-settings=\"{&quot;background_background&quot;:&quot;classic&quot;}\">\n\t\t\t\t<div class=\"elementor-element elementor-element-eb493aa elementor-widget elementor-widget-text-editor\" data-id=\"eb493aa\" data-element_type=\"widget\" data-e-type=\"widget\" data-widget_type=\"text-editor.default\">\n\t\t\t\t<div class=\"elementor-widget-container\">\n\t\t\t\t\t\t\t\t\t<h1 class=\"font-primary block-blog-header__title\" style=\"padding: 0px;margin-bottom: 12px;color: #000000;font-family: var(--font-primary);font-size: var(--21ab201a);font-weight: bold;line-height: 1.3\" data-v-dfe4e670=\"\" data-qa=\"blog-label-posttitle\"><br><\/h1><h1 class=\"font-primary block-blog-header__title\" style=\"padding: 0px;margin-bottom: 12px;color: #000000;font-family: var(--font-primary);font-size: var(--21ab201a);font-weight: bold;line-height: 1.3\" data-v-dfe4e670=\"\" data-qa=\"blog-label-posttitle\">Donuts fofinhos, Charles Darwin e Extin\u00e7\u00f5es<\/h1>\t\t\t\t\t\t\t\t<\/div>\n\t\t\t\t<\/div>\n\t\t\t\t<div class=\"elementor-element elementor-element-6f35344 elementor-widget__width-initial elementor-widget-mobile__width-initial elementor-widget elementor-widget-image\" data-id=\"6f35344\" data-element_type=\"widget\" data-e-type=\"widget\" data-widget_type=\"image.default\">\n\t\t\t\t<div class=\"elementor-widget-container\">\n\t\t\t\t\t\t\t\t\t\t\t\t\t\t\t<img fetchpriority=\"high\" decoding=\"async\" width=\"1024\" height=\"576\" src=\"https:\/\/divulga.unila.edu.br\/fanbio\/wp-content\/uploads\/sites\/30\/2023\/10\/donut-4475458_1280-1024x576.jpg\" class=\"attachment-large size-large wp-image-4876\" alt=\"\" srcset=\"https:\/\/divulga.unila.edu.br\/fanbio\/wp-content\/uploads\/sites\/30\/2023\/10\/donut-4475458_1280-1024x576.jpg 1024w, https:\/\/divulga.unila.edu.br\/fanbio\/wp-content\/uploads\/sites\/30\/2023\/10\/donut-4475458_1280-300x169.jpg 300w, https:\/\/divulga.unila.edu.br\/fanbio\/wp-content\/uploads\/sites\/30\/2023\/10\/donut-4475458_1280-768x432.jpg 768w, https:\/\/divulga.unila.edu.br\/fanbio\/wp-content\/uploads\/sites\/30\/2023\/10\/donut-4475458_1280-205x115.jpg 205w, https:\/\/divulga.unila.edu.br\/fanbio\/wp-content\/uploads\/sites\/30\/2023\/10\/donut-4475458_1280-480x270.jpg 480w, https:\/\/divulga.unila.edu.br\/fanbio\/wp-content\/uploads\/sites\/30\/2023\/10\/donut-4475458_1280.jpg 1280w\" sizes=\"(max-width: 1024px) 100vw, 1024px\" \/>\t\t\t\t\t\t\t\t\t\t\t\t\t\t\t<\/div>\n\t\t\t\t<\/div>\n\t\t\t\t<div class=\"elementor-element elementor-element-3a7dc97 elementor-widget__width-initial elementor-widget-tablet__width-initial elementor-widget-mobile__width-initial elementor-widget elementor-widget-text-editor\" data-id=\"3a7dc97\" data-element_type=\"widget\" data-e-type=\"widget\" data-widget_type=\"text-editor.default\">\n\t\t\t\t<div class=\"elementor-widget-container\">\n\t\t\t\t\t\t\t\t\t\n<p>Os animais que parecem donuts, os flummels, s\u00e3o os personagens principais do filme. Receberam at\u00e9 nome cient\u00edfico fict\u00edcio (<em>Flummelius hidelia<\/em>), mas com certeza n\u00e3o existem! Na hist\u00f3ria, sem querer, dois irm\u00e3os flummels viajam no tempo para o futuro e descobrem que foram extintos. Para tentar salvar sua esp\u00e9cie, surgem aventuras em v\u00e1rios per\u00edodos do tempo geol\u00f3gico, a partir de um lugar neutro, onde conhecem alguns animais de esp\u00e9cies extintas, como dod\u00f4, tigre-da-tasm\u00e2nia, macrauqu\u00eania e tricer\u00e1topo.<\/p>\n\t\t\t\t\t\t\t\t<\/div>\n\t\t\t\t<\/div>\n\t\t\t\t<div class=\"elementor-element elementor-element-f763154 elementor-align-center elementor-widget elementor-widget-button\" data-id=\"f763154\" data-element_type=\"widget\" data-e-type=\"widget\" data-widget_type=\"button.default\">\n\t\t\t\t<div class=\"elementor-widget-container\">\n\t\t\t\t\t\t\t\t\t<div class=\"elementor-button-wrapper\">\n\t\t\t\t\t<a class=\"elementor-button elementor-button-link elementor-size-sm\" href=\"https:\/\/clubedaevolucao.com\/donuts-fofinhos-charles-darwin-e-extincoes\">\n\t\t\t\t\t\t<span class=\"elementor-button-content-wrapper\">\n\t\t\t\t\t\t\t\t\t<span class=\"elementor-button-text\">Clique aqui para ver o texto completo<\/span>\n\t\t\t\t\t<\/span>\n\t\t\t\t\t<\/a>\n\t\t\t\t<\/div>\n\t\t\t\t\t\t\t\t<\/div>\n\t\t\t\t<\/div>\n\t\t\t\t<\/div>\n\t\t\t\t\t<\/div>\n\t\t\t\t<\/div>\n\t\t\t\t<\/div>\n\t\t","protected":false},"excerpt":{"rendered":"<p>Donuts fofinhos, Charles Darwin e Extin\u00e7\u00f5es \/*! elementor &#8211; v3.16.0 &#8211; 09-10-2023 *\/ .elementor-widget-image{text-align:center}.elementor-widget-image a{display:inline-block}.elementor-widget-image a img[src$=&#8221;.svg&#8221;]{width:48px}.elementor-widget-image img{vertical-align:middle;display:inline-block} Os animais que parecem donuts, os flummels, s\u00e3o os personagens principais do filme. Receberam at\u00e9 nome cient\u00edfico fict\u00edcio (Flummelius hidelia), mas com certeza n\u00e3o existem! Na hist\u00f3ria, sem querer, dois irm\u00e3os flummels viajam no tempo para o futuro e descobrem que foram extintos. Para tentar salvar sua esp\u00e9cie, surgem aventuras em v\u00e1rios per\u00edodos do tempo geol\u00f3gico, a partir de um lugar neutro, onde conhecem alguns animais de esp\u00e9cies extintas, como dod\u00f4, tigre-da-tasm\u00e2nia, macrauqu\u00eania e tricer\u00e1topo. Clique aqui para ver o texto completo<\/p>\n","protected":false},"author":65,"featured_media":4876,"parent":0,"menu_order":0,"comment_status":"closed","ping_status":"closed","template":"","meta":{"_uag_custom_page_level_css":"","site-container-style":"default","site-container-layout":"default","site-sidebar-layout":"default","disable-article-header":"default","disable-site-header":"default","disable-site-footer":"default","disable-content-area-spacing":"default","_themeisle_gutenberg_block_has_review":false,"footnotes":""},"class_list":["post-4995","page","type-page","status-publish","has-post-thumbnail","hentry"],"uagb_featured_image_src":{"full":["https:\/\/divulga.unila.edu.br\/fanbio\/wp-content\/uploads\/sites\/30\/2023\/10\/donut-4475458_1280.jpg",1280,720,false],"thumbnail":["https:\/\/divulga.unila.edu.br\/fanbio\/wp-content\/uploads\/sites\/30\/2023\/10\/donut-4475458_1280-150x150.jpg",150,150,true],"medium":["https:\/\/divulga.unila.edu.br\/fanbio\/wp-content\/uploads\/sites\/30\/2023\/10\/donut-4475458_1280-300x169.jpg",300,169,true],"medium_large":["https:\/\/divulga.unila.edu.br\/fanbio\/wp-content\/uploads\/sites\/30\/2023\/10\/donut-4475458_1280-768x432.jpg",768,432,true],"large":["https:\/\/divulga.unila.edu.br\/fanbio\/wp-content\/uploads\/sites\/30\/2023\/10\/donut-4475458_1280-1024x576.jpg",1024,576,true],"1536x1536":["https:\/\/divulga.unila.edu.br\/fanbio\/wp-content\/uploads\/sites\/30\/2023\/10\/donut-4475458_1280.jpg",1280,720,false],"2048x2048":["https:\/\/divulga.unila.edu.br\/fanbio\/wp-content\/uploads\/sites\/30\/2023\/10\/donut-4475458_1280.jpg",1280,720,false],"htmega_size_585x295":["https:\/\/divulga.unila.edu.br\/fanbio\/wp-content\/uploads\/sites\/30\/2023\/10\/donut-4475458_1280-585x295.jpg",585,295,true],"htmega_size_1170x536":["https:\/\/divulga.unila.edu.br\/fanbio\/wp-content\/uploads\/sites\/30\/2023\/10\/donut-4475458_1280-1170x536.jpg",1170,536,true],"htmega_size_396x360":["https:\/\/divulga.unila.edu.br\/fanbio\/wp-content\/uploads\/sites\/30\/2023\/10\/donut-4475458_1280-396x360.jpg",396,360,true],"tainacan-small":["https:\/\/divulga.unila.edu.br\/fanbio\/wp-content\/uploads\/sites\/30\/2023\/10\/donut-4475458_1280-40x40.jpg",40,40,true],"tainacan-medium":["https:\/\/divulga.unila.edu.br\/fanbio\/wp-content\/uploads\/sites\/30\/2023\/10\/donut-4475458_1280-275x275.jpg",275,275,true],"tainacan-medium-full":["https:\/\/divulga.unila.edu.br\/fanbio\/wp-content\/uploads\/sites\/30\/2023\/10\/donut-4475458_1280-205x115.jpg",205,115,true],"tainacan-large-full":["https:\/\/divulga.unila.edu.br\/fanbio\/wp-content\/uploads\/sites\/30\/2023\/10\/donut-4475458_1280-480x270.jpg",480,270,true],"foyer":["https:\/\/divulga.unila.edu.br\/fanbio\/wp-content\/uploads\/sites\/30\/2023\/10\/donut-4475458_1280.jpg",1280,720,false],"foyer_fhd":["https:\/\/divulga.unila.edu.br\/fanbio\/wp-content\/uploads\/sites\/30\/2023\/10\/donut-4475458_1280.jpg",1280,720,false],"foyer_fhd_square":["https:\/\/divulga.unila.edu.br\/fanbio\/wp-content\/uploads\/sites\/30\/2023\/10\/donut-4475458_1280.jpg",1280,720,false]},"uagb_author_info":{"display_name":"giovana.vendruscolo","author_link":"https:\/\/divulga.unila.edu.br\/fanbio\/author\/giovanavendruscolo\/"},"uagb_comment_info":0,"uagb_excerpt":"Donuts fofinhos, Charles Darwin e Extin\u00e7\u00f5es \/*! elementor &#8211; v3.16.0 &#8211; 09-10-2023 *\/ .elementor-widget-image{text-align:center}.elementor-widget-image a{display:inline-block}.elementor-widget-image a img[src$=&#8221;.svg&#8221;]{width:48px}.elementor-widget-image img{vertical-align:middle;display:inline-block} Os animais que parecem donuts, os flummels, s\u00e3o os personagens principais do filme. Receberam at\u00e9 nome cient\u00edfico fict\u00edcio (Flummelius hidelia), mas com certeza n\u00e3o existem! Na hist\u00f3ria, sem querer, dois irm\u00e3os flummels viajam no tempo para o&hellip;","_links":{"self":[{"href":"https:\/\/divulga.unila.edu.br\/fanbio\/wp-json\/wp\/v2\/pages\/4995","targetHints":{"allow":["GET"]}}],"collection":[{"href":"https:\/\/divulga.unila.edu.br\/fanbio\/wp-json\/wp\/v2\/pages"}],"about":[{"href":"https:\/\/divulga.unila.edu.br\/fanbio\/wp-json\/wp\/v2\/types\/page"}],"author":[{"embeddable":true,"href":"https:\/\/divulga.unila.edu.br\/fanbio\/wp-json\/wp\/v2\/users\/65"}],"replies":[{"embeddable":true,"href":"https:\/\/divulga.unila.edu.br\/fanbio\/wp-json\/wp\/v2\/comments?post=4995"}],"version-history":[{"count":5,"href":"https:\/\/divulga.unila.edu.br\/fanbio\/wp-json\/wp\/v2\/pages\/4995\/revisions"}],"predecessor-version":[{"id":5266,"href":"https:\/\/divulga.unila.edu.br\/fanbio\/wp-json\/wp\/v2\/pages\/4995\/revisions\/5266"}],"wp:featuredmedia":[{"embeddable":true,"href":"https:\/\/divulga.unila.edu.br\/fanbio\/wp-json\/wp\/v2\/media\/4876"}],"wp:attachment":[{"href":"https:\/\/divulga.unila.edu.br\/fanbio\/wp-json\/wp\/v2\/media?parent=4995"}],"curies":[{"name":"wp","href":"https:\/\/api.w.org\/{rel}","templated":true}]}}