{"id":234,"date":"2023-08-31T17:16:37","date_gmt":"2023-08-31T20:16:37","guid":{"rendered":"https:\/\/divulga.unila.edu.br\/fanbio\/?page_id=234"},"modified":"2023-10-14T20:51:07","modified_gmt":"2023-10-14T23:51:07","slug":"pagina-principal","status":"publish","type":"page","link":"https:\/\/divulga.unila.edu.br\/fanbio\/","title":{"rendered":"In\u00edcio"},"content":{"rendered":"\t\t<div data-elementor-type=\"wp-page\" data-elementor-id=\"234\" class=\"elementor elementor-234\">\n\t\t\t\t<div class=\"has_eae_slider elementor-element elementor-element-68a5ad0 e-flex e-con-boxed wpr-particle-no wpr-jarallax-no wpr-parallax-no wpr-sticky-section-no e-con e-parent\" data-eae-slider=\"98552\" data-id=\"68a5ad0\" data-element_type=\"container\" data-e-type=\"container\" data-settings=\"{&quot;background_background&quot;:&quot;classic&quot;}\">\n\t\t\t\t\t<div class=\"e-con-inner\">\n\t\t<div class=\"has_eae_slider elementor-element elementor-element-4c493d1 e-flex e-con-boxed wpr-particle-no wpr-jarallax-no wpr-parallax-no wpr-sticky-section-no e-con e-child\" data-eae-slider=\"53231\" data-id=\"4c493d1\" data-element_type=\"container\" data-e-type=\"container\">\n\t\t\t\t\t<div class=\"e-con-inner\">\n\t\t\t\t<div class=\"elementor-element elementor-element-c284e49 elementor-widget__width-initial elementor-widget-mobile__width-initial elementor-widget elementor-widget-text-editor\" data-id=\"c284e49\" data-element_type=\"widget\" data-e-type=\"widget\" data-widget_type=\"text-editor.default\">\n\t\t\t\t<div class=\"elementor-widget-container\">\n\t\t\t\t\t\t\t\t\t<p style=\"text-align: center\"><span style=\"color: #2a5e2a\"><span style=\"color: #008000\">\u00a0<\/span><\/span><\/p><p style=\"text-align: center\"><span style=\"color: #2a5e2a\"><span style=\"color: #008000\">O FanBio \u00e9 um projeto de extens\u00e3o da Universidade Federal da Integra\u00e7\u00e3o Latino-Americana (UNILA), com sede em Foz do Igua\u00e7u, Paran\u00e1, Brasil.<\/span> <\/span><\/p><p style=\"text-align: center\"><span style=\"color: #008000\">O nosso objetivo \u00e9 produzir material did\u00e1tico sobre biologia, para que voc\u00ea possa baixar gratuitamente e utilizar. Aqui voc\u00ea pode encontrar fanzines em pdf, podcasts dos fanzines, jogos e outros materiais.<\/span><\/p>\t\t\t\t\t\t\t\t<\/div>\n\t\t\t\t<\/div>\n\t\t\t\t\t<\/div>\n\t\t\t\t<\/div>\n\t\t<div class=\"has_eae_slider elementor-element elementor-element-50a3212 e-flex e-con-boxed wpr-particle-no wpr-jarallax-no wpr-parallax-no wpr-sticky-section-no e-con e-child\" data-eae-slider=\"63883\" data-id=\"50a3212\" data-element_type=\"container\" data-e-type=\"container\">\n\t\t\t\t\t<div class=\"e-con-inner\">\n\t\t\t\t<div class=\"elementor-element elementor-element-65face3 elementor-button-info elementor-align-center elementor-widget elementor-widget-button\" data-id=\"65face3\" data-element_type=\"widget\" data-e-type=\"widget\" data-widget_type=\"button.default\">\n\t\t\t\t<div class=\"elementor-widget-container\">\n\t\t\t\t\t\t\t\t\t<div class=\"elementor-button-wrapper\">\n\t\t\t\t\t<a class=\"elementor-button elementor-button-link elementor-size-sm\" href=\"https:\/\/divulga.unila.edu.br\/fanbio\/fanzines\/\" target=\"_blank\">\n\t\t\t\t\t\t<span class=\"elementor-button-content-wrapper\">\n\t\t\t\t\t\t\t\t\t<span class=\"elementor-button-text\">Clique aqui para baixar os fanzines<\/span>\n\t\t\t\t\t<\/span>\n\t\t\t\t\t<\/a>\n\t\t\t\t<\/div>\n\t\t\t\t\t\t\t\t<\/div>\n\t\t\t\t<\/div>\n\t\t\t\t\t<\/div>\n\t\t\t\t<\/div>\n\t\t<div class=\"has_eae_slider elementor-element elementor-element-2b7169a e-flex e-con-boxed wpr-particle-no wpr-jarallax-no wpr-parallax-no wpr-sticky-section-no e-con e-child\" data-eae-slider=\"83510\" data-id=\"2b7169a\" data-element_type=\"container\" data-e-type=\"container\">\n\t\t\t\t\t<div class=\"e-con-inner\">\n\t\t\t\t<div class=\"elementor-element elementor-element-32b22ab elementor-widget__width-initial elementor-widget-mobile__width-initial elementor-widget elementor-widget-image\" data-id=\"32b22ab\" data-element_type=\"widget\" data-e-type=\"widget\" data-widget_type=\"image.default\">\n\t\t\t\t<div class=\"elementor-widget-container\">\n\t\t\t\t\t\t\t\t\t\t\t\t\t\t\t<img fetchpriority=\"high\" decoding=\"async\" width=\"756\" height=\"236\" src=\"https:\/\/divulga.unila.edu.br\/fanbio\/wp-content\/uploads\/sites\/30\/2023\/08\/fundo-livros.png\" class=\"attachment-2048x2048 size-2048x2048 wp-image-123\" alt=\"\" srcset=\"https:\/\/divulga.unila.edu.br\/fanbio\/wp-content\/uploads\/sites\/30\/2023\/08\/fundo-livros.png 756w, https:\/\/divulga.unila.edu.br\/fanbio\/wp-content\/uploads\/sites\/30\/2023\/08\/fundo-livros-300x94.png 300w, https:\/\/divulga.unila.edu.br\/fanbio\/wp-content\/uploads\/sites\/30\/2023\/08\/fundo-livros-205x64.png 205w, https:\/\/divulga.unila.edu.br\/fanbio\/wp-content\/uploads\/sites\/30\/2023\/08\/fundo-livros-480x150.png 480w, https:\/\/divulga.unila.edu.br\/fanbio\/wp-content\/uploads\/sites\/30\/2023\/08\/fundo-livros-695x217.png 695w\" sizes=\"(max-width: 756px) 100vw, 756px\" \/>\t\t\t\t\t\t\t\t\t\t\t\t\t\t\t<\/div>\n\t\t\t\t<\/div>\n\t\t\t\t\t<\/div>\n\t\t\t\t<\/div>\n\t\t\t\t\t<\/div>\n\t\t\t\t<\/div>\n\t\t\t\t<\/div>\n\t\t","protected":false},"excerpt":{"rendered":"<p>\u00a0 O FanBio \u00e9 um projeto de extens\u00e3o da Universidade Federal da Integra\u00e7\u00e3o Latino-Americana (UNILA), com sede em Foz do Igua\u00e7u, Paran\u00e1, Brasil. O nosso objetivo \u00e9 produzir material did\u00e1tico sobre biologia, para que voc\u00ea possa baixar gratuitamente e utilizar. Aqui voc\u00ea pode encontrar fanzines em pdf, podcasts dos fanzines, jogos e outros materiais. Clique aqui para baixar os fanzines \/*! elementor &#8211; v3.16.0 &#8211; 09-10-2023 *\/ .elementor-widget-image{text-align:center}.elementor-widget-image a{display:inline-block}.elementor-widget-image a img[src$=&#8221;.svg&#8221;]{width:48px}.elementor-widget-image img{vertical-align:middle;display:inline-block}<\/p>\n","protected":false},"author":65,"featured_media":0,"parent":0,"menu_order":0,"comment_status":"closed","ping_status":"closed","template":"elementor_header_footer","meta":{"_uag_custom_page_level_css":"","site-container-style":"default","site-container-layout":"default","site-sidebar-layout":"default","disable-article-header":"default","disable-site-header":"default","disable-site-footer":"default","disable-content-area-spacing":"default","_themeisle_gutenberg_block_has_review":false,"footnotes":""},"class_list":["post-234","page","type-page","status-publish","hentry"],"uagb_featured_image_src":{"full":false,"thumbnail":false,"medium":false,"medium_large":false,"large":false,"1536x1536":false,"2048x2048":false,"htmega_size_585x295":false,"htmega_size_1170x536":false,"htmega_size_396x360":false,"tainacan-small":false,"tainacan-medium":false,"tainacan-medium-full":false,"tainacan-large-full":false,"foyer":false,"foyer_fhd":false,"foyer_fhd_square":false},"uagb_author_info":{"display_name":"giovana.vendruscolo","author_link":"https:\/\/divulga.unila.edu.br\/fanbio\/author\/giovanavendruscolo\/"},"uagb_comment_info":0,"uagb_excerpt":"\u00a0 O FanBio \u00e9 um projeto de extens\u00e3o da Universidade Federal da Integra\u00e7\u00e3o Latino-Americana (UNILA), com sede em Foz do Igua\u00e7u, Paran\u00e1, Brasil. O nosso objetivo \u00e9 produzir material did\u00e1tico sobre biologia, para que voc\u00ea possa baixar gratuitamente e utilizar. Aqui voc\u00ea pode encontrar fanzines em pdf, podcasts dos fanzines, jogos e outros materiais. Clique&hellip;","_links":{"self":[{"href":"https:\/\/divulga.unila.edu.br\/fanbio\/wp-json\/wp\/v2\/pages\/234","targetHints":{"allow":["GET"]}}],"collection":[{"href":"https:\/\/divulga.unila.edu.br\/fanbio\/wp-json\/wp\/v2\/pages"}],"about":[{"href":"https:\/\/divulga.unila.edu.br\/fanbio\/wp-json\/wp\/v2\/types\/page"}],"author":[{"embeddable":true,"href":"https:\/\/divulga.unila.edu.br\/fanbio\/wp-json\/wp\/v2\/users\/65"}],"replies":[{"embeddable":true,"href":"https:\/\/divulga.unila.edu.br\/fanbio\/wp-json\/wp\/v2\/comments?post=234"}],"version-history":[{"count":221,"href":"https:\/\/divulga.unila.edu.br\/fanbio\/wp-json\/wp\/v2\/pages\/234\/revisions"}],"predecessor-version":[{"id":5051,"href":"https:\/\/divulga.unila.edu.br\/fanbio\/wp-json\/wp\/v2\/pages\/234\/revisions\/5051"}],"wp:attachment":[{"href":"https:\/\/divulga.unila.edu.br\/fanbio\/wp-json\/wp\/v2\/media?parent=234"}],"curies":[{"name":"wp","href":"https:\/\/api.w.org\/{rel}","templated":true}]}}