{"id":2890,"date":"2026-02-12T16:16:29","date_gmt":"2026-02-12T19:16:29","guid":{"rendered":"https:\/\/divulga.unila.edu.br\/ecologiaesaude\/?page_id=2890"},"modified":"2026-03-23T10:28:38","modified_gmt":"2026-03-23T13:28:38","slug":"arboviroses","status":"publish","type":"page","link":"https:\/\/divulga.unila.edu.br\/ecologiaemrede\/arboviroses\/","title":{"rendered":"Arboviroses"},"content":{"rendered":"\t\t<div data-elementor-type=\"wp-page\" data-elementor-id=\"2890\" class=\"elementor elementor-2890\">\n\t\t\t\t<div class=\"has_eae_slider wpr-jarallax elementor-element elementor-element-5f76f99 e-con-full wpr-jarallax-yes e-flex wpr-particle-no wpr-parallax-no wpr-sticky-section-no wpr-equal-height-no e-con e-parent\" data-eae-slider=\"49264\" speed-data=\"1.4\" bg-image=\"https:\/\/divulga.unila.edu.br\/ecologiaesaude\/wp-content\/uploads\/sites\/66\/2026\/02\/Design-sem-nome12-scaled.png\" bg-image-mobile=\"\" scroll-effect=\"scroll\" data-id=\"5f76f99\" data-element_type=\"container\" data-e-type=\"container\">\n\t\t\t\t<div class=\"elementor-element elementor-element-9b79c70 elementor-widget elementor-widget-spacer\" data-id=\"9b79c70\" data-element_type=\"widget\" data-e-type=\"widget\" data-widget_type=\"spacer.default\">\n\t\t\t\t\t\t\t<div class=\"elementor-spacer\">\n\t\t\t<div class=\"elementor-spacer-inner\"><\/div>\n\t\t<\/div>\n\t\t\t\t\t\t<\/div>\n\t\t\t\t<div class=\"elementor-element elementor-element-3bb33c9 elementor-widget elementor-widget-heading\" data-id=\"3bb33c9\" data-element_type=\"widget\" data-e-type=\"widget\" data-widget_type=\"heading.default\">\n\t\t\t\t\t<h2 class=\"elementor-heading-title elementor-size-default\">Arboviroses<\/h2>\t\t\t\t<\/div>\n\t\t\t\t<div class=\"elementor-element elementor-element-2883e50 elementor-widget elementor-widget-spacer\" data-id=\"2883e50\" data-element_type=\"widget\" data-e-type=\"widget\" data-widget_type=\"spacer.default\">\n\t\t\t\t\t\t\t<div class=\"elementor-spacer\">\n\t\t\t<div class=\"elementor-spacer-inner\"><\/div>\n\t\t<\/div>\n\t\t\t\t\t\t<\/div>\n\t\t\t\t<\/div>\n\t\t<div class=\"has_eae_slider elementor-element elementor-element-d4e10f0 e-flex e-con-boxed wpr-particle-no wpr-jarallax-no wpr-parallax-no wpr-sticky-section-no wpr-equal-height-no e-con e-parent\" data-eae-slider=\"14109\" data-id=\"d4e10f0\" data-element_type=\"container\" data-e-type=\"container\">\n\t\t\t\t\t<div class=\"e-con-inner\">\n\t\t\t\t<div class=\"elementor-element elementor-element-4254e71 elementor-widget elementor-widget-spacer\" data-id=\"4254e71\" data-element_type=\"widget\" data-e-type=\"widget\" data-widget_type=\"spacer.default\">\n\t\t\t\t\t\t\t<div class=\"elementor-spacer\">\n\t\t\t<div class=\"elementor-spacer-inner\"><\/div>\n\t\t<\/div>\n\t\t\t\t\t\t<\/div>\n\t\t\t\t<div class=\"elementor-element elementor-element-d9bfd05 elementor-widget elementor-widget-text-editor\" data-id=\"d9bfd05\" data-element_type=\"widget\" data-e-type=\"widget\" data-widget_type=\"text-editor.default\">\n\t\t\t\t\t\t\t\t\t<p class=\"font_7 wixui-rich-text__text\"><span class=\"wixui-rich-text__text\">As arboviroses s\u00e3o doen\u00e7as que recebem esse nome por serem transmitidas por meio de artr\u00f3podes (insetos e aracn\u00eddeos) e causadas por v\u00edrus, os chamados arbov\u00edrus. Este termo adv\u00e9m da contra\u00e7\u00e3o da express\u00e3o da l\u00edngua inglesa <em>arthropod-borne<\/em> acrescida da palavra v\u00edrus.<\/span><\/p><p>\u00a0<\/p><p class=\"font_7 wixui-rich-text__text\"><span class=\"wixui-rich-text__text\">Os arbov\u00edrus possuem em sua maioria RNA como material gen\u00e9tico e constituem o maior grupo de v\u00edrus conhecido, com aproximadamente 535 tipos registrados no <em>Catalogue of Arthropod-borne and Selected Vertebrate Viruses of the World<\/em>. Desses, cerca de 100 s\u00e3o conhecidos por infectarem seres humanos.<\/span><\/p><p>\u00a0<\/p><p class=\"font_7 wixui-rich-text__text\"><span class=\"wixui-rich-text__text\">Quanto \u00e0 distribui\u00e7\u00e3o geogr\u00e1fica, observa-se que esse grupo de v\u00edrus predomina em regi\u00f5es de clima tropical, apesar de poder ser encontrado tamb\u00e9m em regi\u00f5es de clima temperado. No Brasil, os principais arbov\u00edrus conhecidos s\u00e3o os respons\u00e1veis por causar a <a class=\"wixui-rich-text__text\" href=\"https:\/\/www.ecologiaesaude.com\/post\/voc%C3%AA-realmente-sabe-tudo-sobre-a-dengue\" target=\"_self\" rel=\"noreferrer noopener\">dengue<\/a>, febre amarela, zika e chikungunya, que acometem milhares de pessoas todos os anos.<\/span><\/p>\t\t\t\t\t\t\t\t<\/div>\n\t\t\t\t\t<\/div>\n\t\t\t\t<\/div>\n\t\t<div class=\"has_eae_slider elementor-element elementor-element-afad6cd e-flex e-con-boxed wpr-particle-no wpr-jarallax-no wpr-parallax-no wpr-sticky-section-no wpr-equal-height-no e-con e-parent\" data-eae-slider=\"72871\" data-id=\"afad6cd\" data-element_type=\"container\" data-e-type=\"container\">\n\t\t\t\t\t<div class=\"e-con-inner\">\n\t\t\t\t<div class=\"elementor-element elementor-element-e14419d elementor-widget elementor-widget-spacer\" data-id=\"e14419d\" data-element_type=\"widget\" data-e-type=\"widget\" data-widget_type=\"spacer.default\">\n\t\t\t\t\t\t\t<div class=\"elementor-spacer\">\n\t\t\t<div class=\"elementor-spacer-inner\"><\/div>\n\t\t<\/div>\n\t\t\t\t\t\t<\/div>\n\t\t\t\t<div class=\"elementor-element elementor-element-e63c389 elementor-widget elementor-widget-text-editor\" data-id=\"e63c389\" data-element_type=\"widget\" data-e-type=\"widget\" data-widget_type=\"text-editor.default\">\n\t\t\t\t\t\t\t\t\t<h3 class=\"font_7 wixui-rich-text__text\"><strong><span class=\"wixui-rich-text__text\">REFER\u00caNCIAS<\/span><\/strong><\/h3><p>\u00a0<\/p><p class=\"font_7 wixui-rich-text__text\"><span class=\"wixui-rich-text__text\">LE\u00c3O, R. N. O. (orgs.).\u00a0Doen\u00e7as infecciosas e parasit\u00e1rias. Um enfoque amaz\u00f4nico. Bel\u00e9m, Cejup\/ UFPA\/ IEC, 1997, 885 pp.<\/span><\/p><p>\u00a0<\/p><p class=\"font_7 wixui-rich-text__text\"><span class=\"wixui-rich-text__text\">DONALISIO, M. R.; FREITAS, A. R. R.; ZUBEN, A. P. B. V. Arboviruses emerging in Brazil: challenges for clinic and implications for public health. Revista de Sa\u00fade p\u00fablica, 2017; 51:1-6.\u00a0<\/span><\/p>\t\t\t\t\t\t\t\t<\/div>\n\t\t\t\t\t<\/div>\n\t\t\t\t<\/div>\n\t\t\t\t<\/div>\n\t\t","protected":false},"excerpt":{"rendered":"<p>Arboviroses As arboviroses s\u00e3o doen\u00e7as que recebem esse nome por serem transmitidas por meio de artr\u00f3podes (insetos e aracn\u00eddeos) e causadas por v\u00edrus, os chamados arbov\u00edrus. Este termo adv\u00e9m da contra\u00e7\u00e3o da express\u00e3o da l\u00edngua inglesa arthropod-borne acrescida da palavra v\u00edrus. \u00a0 Os arbov\u00edrus possuem em sua maioria RNA como material gen\u00e9tico e constituem o maior grupo de v\u00edrus conhecido, com aproximadamente 535 tipos registrados no Catalogue of Arthropod-borne and Selected Vertebrate Viruses of the World. Desses, cerca de 100 s\u00e3o conhecidos por infectarem seres humanos. \u00a0 Quanto \u00e0 distribui\u00e7\u00e3o geogr\u00e1fica, observa-se que esse grupo de v\u00edrus predomina em regi\u00f5es de clima tropical, apesar de poder ser encontrado tamb\u00e9m em regi\u00f5es de clima temperado. No Brasil, os principais arbov\u00edrus conhecidos s\u00e3o os respons\u00e1veis por causar a dengue, febre amarela, zika e chikungunya, que acometem milhares de pessoas todos os anos. REFER\u00caNCIAS \u00a0 LE\u00c3O, R. N. O. (orgs.).\u00a0Doen\u00e7as infecciosas e parasit\u00e1rias. Um enfoque amaz\u00f4nico. Bel\u00e9m, Cejup\/ UFPA\/ IEC, 1997, 885 pp. \u00a0 DONALISIO, M. R.; FREITAS, A. R. R.; ZUBEN, A. P. B. V. Arboviruses emerging in Brazil: challenges for clinic and implications for public health. Revista de Sa\u00fade p\u00fablica, 2017; 51:1-6.\u00a0<\/p>\n","protected":false},"author":183,"featured_media":0,"parent":0,"menu_order":0,"comment_status":"closed","ping_status":"closed","template":"elementor_header_footer","meta":{"_uag_custom_page_level_css":"","site-container-style":"default","site-container-layout":"default","site-sidebar-layout":"default","disable-article-header":"default","disable-site-header":"default","disable-site-footer":"default","disable-content-area-spacing":"default","_themeisle_gutenberg_block_has_review":false,"footnotes":""},"class_list":["post-2890","page","type-page","status-publish","hentry"],"yoast_head":"<!-- This site is optimized with the Yoast SEO plugin v27.6 - https:\/\/yoast.com\/product\/yoast-seo-wordpress\/ -->\n<title>Arboviroses -<\/title>\n<meta name=\"robots\" content=\"index, follow, max-snippet:-1, max-image-preview:large, max-video-preview:-1\" \/>\n<link rel=\"canonical\" href=\"https:\/\/divulga.unila.edu.br\/ecologiaemrede\/arboviroses\/\" \/>\n<meta property=\"og:locale\" content=\"pt_BR\" \/>\n<meta property=\"og:type\" content=\"article\" \/>\n<meta property=\"og:title\" content=\"Arboviroses -\" \/>\n<meta property=\"og:description\" content=\"Arboviroses As arboviroses s\u00e3o doen\u00e7as que recebem esse nome por serem transmitidas por meio de artr\u00f3podes (insetos e aracn\u00eddeos) e causadas por v\u00edrus, os chamados arbov\u00edrus. Este termo adv\u00e9m da contra\u00e7\u00e3o da express\u00e3o da l\u00edngua inglesa arthropod-borne acrescida da palavra v\u00edrus. \u00a0 Os arbov\u00edrus possuem em sua maioria RNA como material gen\u00e9tico e constituem o maior grupo de v\u00edrus conhecido, com aproximadamente 535 tipos registrados no Catalogue of Arthropod-borne and Selected Vertebrate Viruses of the World. Desses, cerca de 100 s\u00e3o conhecidos por infectarem seres humanos. \u00a0 Quanto \u00e0 distribui\u00e7\u00e3o geogr\u00e1fica, observa-se que esse grupo de v\u00edrus predomina em regi\u00f5es de clima tropical, apesar de poder ser encontrado tamb\u00e9m em regi\u00f5es de clima temperado. No Brasil, os principais arbov\u00edrus conhecidos s\u00e3o os respons\u00e1veis por causar a dengue, febre amarela, zika e chikungunya, que acometem milhares de pessoas todos os anos. REFER\u00caNCIAS \u00a0 LE\u00c3O, R. N. O. (orgs.).\u00a0Doen\u00e7as infecciosas e parasit\u00e1rias. Um enfoque amaz\u00f4nico. Bel\u00e9m, Cejup\/ UFPA\/ IEC, 1997, 885 pp. \u00a0 DONALISIO, M. R.; FREITAS, A. R. R.; ZUBEN, A. P. B. V. Arboviruses emerging in Brazil: challenges for clinic and implications for public health. Revista de Sa\u00fade p\u00fablica, 2017; 51:1-6.\u00a0\" \/>\n<meta property=\"og:url\" content=\"https:\/\/divulga.unila.edu.br\/ecologiaemrede\/arboviroses\/\" \/>\n<meta property=\"article:modified_time\" content=\"2026-03-23T13:28:38+00:00\" \/>\n<meta name=\"twitter:card\" content=\"summary_large_image\" \/>\n<meta name=\"twitter:label1\" content=\"Est. tempo de leitura\" \/>\n\t<meta name=\"twitter:data1\" content=\"1 minuto\" \/>\n<script type=\"application\/ld+json\" class=\"yoast-schema-graph\">{\"@context\":\"https:\\\/\\\/schema.org\",\"@graph\":[{\"@type\":\"WebPage\",\"@id\":\"https:\\\/\\\/divulga.unila.edu.br\\\/ecologiaemrede\\\/arboviroses\\\/\",\"url\":\"https:\\\/\\\/divulga.unila.edu.br\\\/ecologiaemrede\\\/arboviroses\\\/\",\"name\":\"Arboviroses -\",\"isPartOf\":{\"@id\":\"https:\\\/\\\/divulga.unila.edu.br\\\/ecologiaemrede\\\/#website\"},\"datePublished\":\"2026-02-12T19:16:29+00:00\",\"dateModified\":\"2026-03-23T13:28:38+00:00\",\"breadcrumb\":{\"@id\":\"https:\\\/\\\/divulga.unila.edu.br\\\/ecologiaemrede\\\/arboviroses\\\/#breadcrumb\"},\"inLanguage\":\"pt-BR\",\"potentialAction\":[{\"@type\":\"ReadAction\",\"target\":[\"https:\\\/\\\/divulga.unila.edu.br\\\/ecologiaemrede\\\/arboviroses\\\/\"]}]},{\"@type\":\"BreadcrumbList\",\"@id\":\"https:\\\/\\\/divulga.unila.edu.br\\\/ecologiaemrede\\\/arboviroses\\\/#breadcrumb\",\"itemListElement\":[{\"@type\":\"ListItem\",\"position\":1,\"name\":\"In\u00edcio\",\"item\":\"https:\\\/\\\/divulga.unila.edu.br\\\/ecologiaemrede\\\/\"},{\"@type\":\"ListItem\",\"position\":2,\"name\":\"Arboviroses\"}]},{\"@type\":\"WebSite\",\"@id\":\"https:\\\/\\\/divulga.unila.edu.br\\\/ecologiaemrede\\\/#website\",\"url\":\"https:\\\/\\\/divulga.unila.edu.br\\\/ecologiaemrede\\\/\",\"name\":\"\",\"description\":\"\",\"potentialAction\":[{\"@type\":\"SearchAction\",\"target\":{\"@type\":\"EntryPoint\",\"urlTemplate\":\"https:\\\/\\\/divulga.unila.edu.br\\\/ecologiaemrede\\\/?s={search_term_string}\"},\"query-input\":{\"@type\":\"PropertyValueSpecification\",\"valueRequired\":true,\"valueName\":\"search_term_string\"}}],\"inLanguage\":\"pt-BR\"}]}<\/script>\n<!-- \/ Yoast SEO plugin. -->","yoast_head_json":{"title":"Arboviroses -","robots":{"index":"index","follow":"follow","max-snippet":"max-snippet:-1","max-image-preview":"max-image-preview:large","max-video-preview":"max-video-preview:-1"},"canonical":"https:\/\/divulga.unila.edu.br\/ecologiaemrede\/arboviroses\/","og_locale":"pt_BR","og_type":"article","og_title":"Arboviroses -","og_description":"Arboviroses As arboviroses s\u00e3o doen\u00e7as que recebem esse nome por serem transmitidas por meio de artr\u00f3podes (insetos e aracn\u00eddeos) e causadas por v\u00edrus, os chamados arbov\u00edrus. Este termo adv\u00e9m da contra\u00e7\u00e3o da express\u00e3o da l\u00edngua inglesa arthropod-borne acrescida da palavra v\u00edrus. \u00a0 Os arbov\u00edrus possuem em sua maioria RNA como material gen\u00e9tico e constituem o maior grupo de v\u00edrus conhecido, com aproximadamente 535 tipos registrados no Catalogue of Arthropod-borne and Selected Vertebrate Viruses of the World. Desses, cerca de 100 s\u00e3o conhecidos por infectarem seres humanos. \u00a0 Quanto \u00e0 distribui\u00e7\u00e3o geogr\u00e1fica, observa-se que esse grupo de v\u00edrus predomina em regi\u00f5es de clima tropical, apesar de poder ser encontrado tamb\u00e9m em regi\u00f5es de clima temperado. No Brasil, os principais arbov\u00edrus conhecidos s\u00e3o os respons\u00e1veis por causar a dengue, febre amarela, zika e chikungunya, que acometem milhares de pessoas todos os anos. REFER\u00caNCIAS \u00a0 LE\u00c3O, R. N. O. (orgs.).\u00a0Doen\u00e7as infecciosas e parasit\u00e1rias. Um enfoque amaz\u00f4nico. Bel\u00e9m, Cejup\/ UFPA\/ IEC, 1997, 885 pp. \u00a0 DONALISIO, M. R.; FREITAS, A. R. R.; ZUBEN, A. P. B. V. Arboviruses emerging in Brazil: challenges for clinic and implications for public health. Revista de Sa\u00fade p\u00fablica, 2017; 51:1-6.\u00a0","og_url":"https:\/\/divulga.unila.edu.br\/ecologiaemrede\/arboviroses\/","article_modified_time":"2026-03-23T13:28:38+00:00","twitter_card":"summary_large_image","twitter_misc":{"Est. tempo de leitura":"1 minuto"},"schema":{"@context":"https:\/\/schema.org","@graph":[{"@type":"WebPage","@id":"https:\/\/divulga.unila.edu.br\/ecologiaemrede\/arboviroses\/","url":"https:\/\/divulga.unila.edu.br\/ecologiaemrede\/arboviroses\/","name":"Arboviroses -","isPartOf":{"@id":"https:\/\/divulga.unila.edu.br\/ecologiaemrede\/#website"},"datePublished":"2026-02-12T19:16:29+00:00","dateModified":"2026-03-23T13:28:38+00:00","breadcrumb":{"@id":"https:\/\/divulga.unila.edu.br\/ecologiaemrede\/arboviroses\/#breadcrumb"},"inLanguage":"pt-BR","potentialAction":[{"@type":"ReadAction","target":["https:\/\/divulga.unila.edu.br\/ecologiaemrede\/arboviroses\/"]}]},{"@type":"BreadcrumbList","@id":"https:\/\/divulga.unila.edu.br\/ecologiaemrede\/arboviroses\/#breadcrumb","itemListElement":[{"@type":"ListItem","position":1,"name":"In\u00edcio","item":"https:\/\/divulga.unila.edu.br\/ecologiaemrede\/"},{"@type":"ListItem","position":2,"name":"Arboviroses"}]},{"@type":"WebSite","@id":"https:\/\/divulga.unila.edu.br\/ecologiaemrede\/#website","url":"https:\/\/divulga.unila.edu.br\/ecologiaemrede\/","name":"","description":"","potentialAction":[{"@type":"SearchAction","target":{"@type":"EntryPoint","urlTemplate":"https:\/\/divulga.unila.edu.br\/ecologiaemrede\/?s={search_term_string}"},"query-input":{"@type":"PropertyValueSpecification","valueRequired":true,"valueName":"search_term_string"}}],"inLanguage":"pt-BR"}]}},"uagb_featured_image_src":{"full":false,"thumbnail":false,"medium":false,"medium_large":false,"large":false,"1536x1536":false,"2048x2048":false,"htmega_size_585x295":false,"htmega_size_1170x536":false,"htmega_size_396x360":false,"tainacan-small":false,"tainacan-medium":false,"tainacan-medium-full":false,"tainacan-large-full":false},"uagb_author_info":{"display_name":"jv.santana.2019","author_link":"https:\/\/divulga.unila.edu.br\/ecologiaemrede\/author\/jvsantana2019\/"},"uagb_comment_info":0,"uagb_excerpt":"Arboviroses As arboviroses s\u00e3o doen\u00e7as que recebem esse nome por serem transmitidas por meio de artr\u00f3podes (insetos e aracn\u00eddeos) e causadas por v\u00edrus, os chamados arbov\u00edrus. Este termo adv\u00e9m da contra\u00e7\u00e3o da express\u00e3o da l\u00edngua inglesa arthropod-borne acrescida da palavra v\u00edrus. \u00a0 Os arbov\u00edrus possuem em sua maioria RNA como material gen\u00e9tico e constituem o&hellip;","_links":{"self":[{"href":"https:\/\/divulga.unila.edu.br\/ecologiaemrede\/wp-json\/wp\/v2\/pages\/2890","targetHints":{"allow":["GET"]}}],"collection":[{"href":"https:\/\/divulga.unila.edu.br\/ecologiaemrede\/wp-json\/wp\/v2\/pages"}],"about":[{"href":"https:\/\/divulga.unila.edu.br\/ecologiaemrede\/wp-json\/wp\/v2\/types\/page"}],"author":[{"embeddable":true,"href":"https:\/\/divulga.unila.edu.br\/ecologiaemrede\/wp-json\/wp\/v2\/users\/183"}],"replies":[{"embeddable":true,"href":"https:\/\/divulga.unila.edu.br\/ecologiaemrede\/wp-json\/wp\/v2\/comments?post=2890"}],"version-history":[{"count":10,"href":"https:\/\/divulga.unila.edu.br\/ecologiaemrede\/wp-json\/wp\/v2\/pages\/2890\/revisions"}],"predecessor-version":[{"id":4555,"href":"https:\/\/divulga.unila.edu.br\/ecologiaemrede\/wp-json\/wp\/v2\/pages\/2890\/revisions\/4555"}],"wp:attachment":[{"href":"https:\/\/divulga.unila.edu.br\/ecologiaemrede\/wp-json\/wp\/v2\/media?parent=2890"}],"curies":[{"name":"wp","href":"https:\/\/api.w.org\/{rel}","templated":true}]}}