{"id":485,"date":"2024-05-22T12:39:11","date_gmt":"2024-05-22T15:39:11","guid":{"rendered":"https:\/\/divulga.unila.edu.br\/ecodebates\/?page_id=485"},"modified":"2024-07-03T17:02:33","modified_gmt":"2024-07-03T20:02:33","slug":"painel-geral","status":"publish","type":"page","link":"https:\/\/divulga.unila.edu.br\/ecodebates\/painel-geral\/","title":{"rendered":"Painel geral"},"content":{"rendered":"\n<div class=\"wp-block-group is-layout-constrained wp-block-group-is-layout-constrained\">\n<div id=\"wp-block-themeisle-blocks-tabs-7dfd93f3\" class=\"wp-block-themeisle-blocks-tabs\"><div class=\"wp-block-themeisle-blocks-tabs__content\">\n<div data-title=\"Categorias\" class=\"wp-block-themeisle-blocks-tabs-item\"><div class=\"wp-block-themeisle-blocks-tabs-item__header\">Categorias<\/div><div class=\"wp-block-themeisle-blocks-tabs-item__content\">\n<ul class=\"wp-block-categories-list wp-block-categories\">\t<li class=\"cat-item cat-item-38\"><a href=\"https:\/\/divulga.unila.edu.br\/ecodebates\/category\/ciclos\/2024\/\">6\u00ba Ciclo<\/a>\n<\/li>\n\t<li class=\"cat-item cat-item-101\"><a href=\"https:\/\/divulga.unila.edu.br\/ecodebates\/category\/ciclos\/\">Edi\u00e7\u00f5es<\/a>\n<\/li>\n\t<li class=\"cat-item cat-item-1\"><a href=\"https:\/\/divulga.unila.edu.br\/ecodebates\/category\/about\/\">Sobre<\/a>\n<\/li>\n<\/ul>\n<\/div><\/div>\n\n\n\n<div data-title=\"Tags\" class=\"wp-block-themeisle-blocks-tabs-item\"><div class=\"wp-block-themeisle-blocks-tabs-item__header\">Tags<\/div><div class=\"wp-block-themeisle-blocks-tabs-item__content\">\n<p class=\"wp-block-tag-cloud\">Ainda n\u00e3o h\u00e1 conte\u00fado para mostrar aqui.<\/p>\n<\/div><\/div>\n\n\n\n<div data-title=\"Todos os posts\" class=\"wp-block-themeisle-blocks-tabs-item\"><div class=\"wp-block-themeisle-blocks-tabs-item__header\">Todos os posts<\/div><div class=\"wp-block-themeisle-blocks-tabs-item__content\">\n<div class=\"wp-block-themeisle-blocks-posts-grid\" id=\"wp-block-themeisle-blocks-posts-grid-6cad87c7\"><div class=\"is-grid o-posts-grid-columns-3\"><div class=\"o-posts-grid-post-blog o-posts-grid-post-plain\"><div class=\"o-posts-grid-post\"><div class=\"o-posts-grid-post-body is-full\"><span class=\"o-posts-grid-post-category\"><a href=\"https:\/\/divulga.unila.edu.br\/ecodebates\/category\/ciclos\/2024\/\">6\u00ba Ciclo<\/a><\/span><h4 class=\"o-posts-grid-post-title\"><a href=\"https:\/\/divulga.unila.edu.br\/ecodebates\/2024\/02\/16\/ola-mundo\/\">Bom dia Mundo!<\/a><\/h4><p class=\"o-posts-grid-post-meta\">Posted on <time datetime=\"2024-02-16T00:00:21-03:00\">16 de fevereiro de 2024<\/time> by <a href=\"https:\/\/divulga.unila.edu.br\/ecodebates\/author\/guilhermegamito2019\/\">ghs.gamito.2019<\/a><\/p><div class=\"o-posts-grid-post-description\"><p>Bem vindxs! Bienvenidxs! [PT] Esta \u00e9 a nova p\u00e1gina do projeto de extens\u00e3o, Ciclo de Debates: Controv\u2026<\/p><\/div><\/div><\/div><\/div><\/div> <\/div>\n<\/div><\/div>\n\n\n\n<div data-title=\"Galeria\" class=\"wp-block-themeisle-blocks-tabs-item\"><div class=\"wp-block-themeisle-blocks-tabs-item__header\">Galeria<\/div><div class=\"wp-block-themeisle-blocks-tabs-item__content\">\n\n<figure class=\"wp-block-gallery has-nested-images columns-default is-cropped wp-block-gallery-1 is-layout-flex wp-block-gallery-is-layout-flex\">\n\n<figure class=\"wp-block-image size-large\"><img fetchpriority=\"high\" decoding=\"async\" width=\"809\" height=\"635\" data-id=\"416\" src=\"https:\/\/divulga.unila.edu.br\/ecodebates\/wp-content\/uploads\/sites\/40\/2024\/02\/reuniao29_04.jpeg\" alt=\"\" class=\"wp-image-416\" srcset=\"https:\/\/divulga.unila.edu.br\/ecodebates\/wp-content\/uploads\/sites\/40\/2024\/02\/reuniao29_04.jpeg 809w, https:\/\/divulga.unila.edu.br\/ecodebates\/wp-content\/uploads\/sites\/40\/2024\/02\/reuniao29_04-300x235.jpeg 300w, https:\/\/divulga.unila.edu.br\/ecodebates\/wp-content\/uploads\/sites\/40\/2024\/02\/reuniao29_04-768x603.jpeg 768w, https:\/\/divulga.unila.edu.br\/ecodebates\/wp-content\/uploads\/sites\/40\/2024\/02\/reuniao29_04-205x161.jpeg 205w, https:\/\/divulga.unila.edu.br\/ecodebates\/wp-content\/uploads\/sites\/40\/2024\/02\/reuniao29_04-480x377.jpeg 480w\" sizes=\"(max-width: 809px) 100vw, 809px\" \/><\/figure>\n\n\n<figure class=\"wp-block-image size-large\"><img decoding=\"async\" width=\"750\" height=\"750\" data-id=\"429\" src=\"https:\/\/divulga.unila.edu.br\/ecodebates\/wp-content\/uploads\/sites\/40\/2024\/02\/Con3-1.jpg\" alt=\"\" class=\"wp-image-429\" srcset=\"https:\/\/divulga.unila.edu.br\/ecodebates\/wp-content\/uploads\/sites\/40\/2024\/02\/Con3-1.jpg 750w, https:\/\/divulga.unila.edu.br\/ecodebates\/wp-content\/uploads\/sites\/40\/2024\/02\/Con3-1-300x300.jpg 300w, https:\/\/divulga.unila.edu.br\/ecodebates\/wp-content\/uploads\/sites\/40\/2024\/02\/Con3-1-150x150.jpg 150w, https:\/\/divulga.unila.edu.br\/ecodebates\/wp-content\/uploads\/sites\/40\/2024\/02\/Con3-1-40x40.jpg 40w, https:\/\/divulga.unila.edu.br\/ecodebates\/wp-content\/uploads\/sites\/40\/2024\/02\/Con3-1-275x275.jpg 275w, https:\/\/divulga.unila.edu.br\/ecodebates\/wp-content\/uploads\/sites\/40\/2024\/02\/Con3-1-205x205.jpg 205w, https:\/\/divulga.unila.edu.br\/ecodebates\/wp-content\/uploads\/sites\/40\/2024\/02\/Con3-1-480x480.jpg 480w, https:\/\/divulga.unila.edu.br\/ecodebates\/wp-content\/uploads\/sites\/40\/2024\/02\/Con3-1-144x144.jpg 144w\" sizes=\"(max-width: 750px) 100vw, 750px\" \/><\/figure>\n\n\n<figure class=\"wp-block-image size-large\"><img decoding=\"async\" width=\"787\" height=\"787\" data-id=\"392\" src=\"https:\/\/divulga.unila.edu.br\/ecodebates\/wp-content\/uploads\/sites\/40\/2024\/02\/Con2-1.jpg\" alt=\"\" class=\"wp-image-392\" srcset=\"https:\/\/divulga.unila.edu.br\/ecodebates\/wp-content\/uploads\/sites\/40\/2024\/02\/Con2-1.jpg 787w, https:\/\/divulga.unila.edu.br\/ecodebates\/wp-content\/uploads\/sites\/40\/2024\/02\/Con2-1-300x300.jpg 300w, https:\/\/divulga.unila.edu.br\/ecodebates\/wp-content\/uploads\/sites\/40\/2024\/02\/Con2-1-150x150.jpg 150w, https:\/\/divulga.unila.edu.br\/ecodebates\/wp-content\/uploads\/sites\/40\/2024\/02\/Con2-1-768x768.jpg 768w, https:\/\/divulga.unila.edu.br\/ecodebates\/wp-content\/uploads\/sites\/40\/2024\/02\/Con2-1-40x40.jpg 40w, https:\/\/divulga.unila.edu.br\/ecodebates\/wp-content\/uploads\/sites\/40\/2024\/02\/Con2-1-275x275.jpg 275w, https:\/\/divulga.unila.edu.br\/ecodebates\/wp-content\/uploads\/sites\/40\/2024\/02\/Con2-1-205x205.jpg 205w, https:\/\/divulga.unila.edu.br\/ecodebates\/wp-content\/uploads\/sites\/40\/2024\/02\/Con2-1-480x480.jpg 480w, https:\/\/divulga.unila.edu.br\/ecodebates\/wp-content\/uploads\/sites\/40\/2024\/02\/Con2-1-144x144.jpg 144w\" sizes=\"(max-width: 787px) 100vw, 787px\" \/><\/figure>\n\n\n<figure class=\"wp-block-image size-large\"><img loading=\"lazy\" decoding=\"async\" width=\"1024\" height=\"576\" data-id=\"202\" src=\"https:\/\/divulga.unila.edu.br\/ecodebates\/wp-content\/uploads\/sites\/40\/2024\/03\/Con1-1-1024x576.png\" alt=\"Convite para o primeiro ciclo de 2018\" class=\"wp-image-202\" srcset=\"https:\/\/divulga.unila.edu.br\/ecodebates\/wp-content\/uploads\/sites\/40\/2024\/03\/Con1-1-1024x576.png 1024w, https:\/\/divulga.unila.edu.br\/ecodebates\/wp-content\/uploads\/sites\/40\/2024\/03\/Con1-1-300x169.png 300w, https:\/\/divulga.unila.edu.br\/ecodebates\/wp-content\/uploads\/sites\/40\/2024\/03\/Con1-1-768x432.png 768w, https:\/\/divulga.unila.edu.br\/ecodebates\/wp-content\/uploads\/sites\/40\/2024\/03\/Con1-1-1536x864.png 1536w, https:\/\/divulga.unila.edu.br\/ecodebates\/wp-content\/uploads\/sites\/40\/2024\/03\/Con1-1-205x115.png 205w, https:\/\/divulga.unila.edu.br\/ecodebates\/wp-content\/uploads\/sites\/40\/2024\/03\/Con1-1-480x270.png 480w, https:\/\/divulga.unila.edu.br\/ecodebates\/wp-content\/uploads\/sites\/40\/2024\/03\/Con1-1.png 1920w\" sizes=\"(max-width: 1024px) 100vw, 1024px\" \/><figcaption class=\"wp-element-caption\">Na primeira sexta-feira de maio de 2018, ocorreu na sala 4 do espa\u00e7o 1 do bloco 12, no Parque Tecnol\u00f3gico Itaipu, o primeiro evento do Ciclo de Debates<\/figcaption><\/figure>\n\n\n<figure class=\"wp-block-image size-large\"><img loading=\"lazy\" decoding=\"async\" width=\"576\" height=\"1024\" data-id=\"292\" src=\"https:\/\/divulga.unila.edu.br\/ecodebates\/wp-content\/uploads\/sites\/40\/2024\/02\/Con7-1-576x1024.jpg\" alt=\"Banner do 7\u00ba Ciclo de Debates\" class=\"wp-image-292\" srcset=\"https:\/\/divulga.unila.edu.br\/ecodebates\/wp-content\/uploads\/sites\/40\/2024\/02\/Con7-1-576x1024.jpg 576w, https:\/\/divulga.unila.edu.br\/ecodebates\/wp-content\/uploads\/sites\/40\/2024\/02\/Con7-1-169x300.jpg 169w, https:\/\/divulga.unila.edu.br\/ecodebates\/wp-content\/uploads\/sites\/40\/2024\/02\/Con7-1-768x1365.jpg 768w, https:\/\/divulga.unila.edu.br\/ecodebates\/wp-content\/uploads\/sites\/40\/2024\/02\/Con7-1-864x1536.jpg 864w, https:\/\/divulga.unila.edu.br\/ecodebates\/wp-content\/uploads\/sites\/40\/2024\/02\/Con7-1-205x364.jpg 205w, https:\/\/divulga.unila.edu.br\/ecodebates\/wp-content\/uploads\/sites\/40\/2024\/02\/Con7-1-480x853.jpg 480w, https:\/\/divulga.unila.edu.br\/ecodebates\/wp-content\/uploads\/sites\/40\/2024\/02\/Con7-1.jpg 900w\" sizes=\"(max-width: 576px) 100vw, 576px\" \/><figcaption class=\"wp-element-caption\">No 7\u00ba Ciclo de Debates, onde se realizou encontros no Campus da Integra\u00e7\u00e3o, discutindo sobre o tema: &#8220;o Fim do Padr\u00e3o D\u00f3lar&#8221;<\/figcaption><\/figure>\n\n\n<figure class=\"wp-block-image size-large\"><img loading=\"lazy\" decoding=\"async\" width=\"1024\" height=\"392\" data-id=\"324\" src=\"https:\/\/divulga.unila.edu.br\/ecodebates\/wp-content\/uploads\/sites\/40\/2024\/03\/Fundo_fb-1024x392.jpg\" alt=\"\" class=\"wp-image-324\" srcset=\"https:\/\/divulga.unila.edu.br\/ecodebates\/wp-content\/uploads\/sites\/40\/2024\/03\/Fundo_fb-1024x392.jpg 1024w, https:\/\/divulga.unila.edu.br\/ecodebates\/wp-content\/uploads\/sites\/40\/2024\/03\/Fundo_fb-300x115.jpg 300w, https:\/\/divulga.unila.edu.br\/ecodebates\/wp-content\/uploads\/sites\/40\/2024\/03\/Fundo_fb-768x294.jpg 768w, https:\/\/divulga.unila.edu.br\/ecodebates\/wp-content\/uploads\/sites\/40\/2024\/03\/Fundo_fb-205x78.jpg 205w, https:\/\/divulga.unila.edu.br\/ecodebates\/wp-content\/uploads\/sites\/40\/2024\/03\/Fundo_fb-480x184.jpg 480w, https:\/\/divulga.unila.edu.br\/ecodebates\/wp-content\/uploads\/sites\/40\/2024\/03\/Fundo_fb.jpg 1134w\" sizes=\"(max-width: 1024px) 100vw, 1024px\" \/><\/figure>\n\n\n<figure class=\"wp-block-image size-large\"><img loading=\"lazy\" decoding=\"async\" width=\"752\" height=\"752\" data-id=\"336\" src=\"https:\/\/divulga.unila.edu.br\/ecodebates\/wp-content\/uploads\/sites\/40\/2024\/03\/Con1-2.png\" alt=\"\" class=\"wp-image-336\" srcset=\"https:\/\/divulga.unila.edu.br\/ecodebates\/wp-content\/uploads\/sites\/40\/2024\/03\/Con1-2.png 752w, https:\/\/divulga.unila.edu.br\/ecodebates\/wp-content\/uploads\/sites\/40\/2024\/03\/Con1-2-300x300.png 300w, https:\/\/divulga.unila.edu.br\/ecodebates\/wp-content\/uploads\/sites\/40\/2024\/03\/Con1-2-150x150.png 150w, https:\/\/divulga.unila.edu.br\/ecodebates\/wp-content\/uploads\/sites\/40\/2024\/03\/Con1-2-40x40.png 40w, https:\/\/divulga.unila.edu.br\/ecodebates\/wp-content\/uploads\/sites\/40\/2024\/03\/Con1-2-275x275.png 275w, https:\/\/divulga.unila.edu.br\/ecodebates\/wp-content\/uploads\/sites\/40\/2024\/03\/Con1-2-205x205.png 205w, https:\/\/divulga.unila.edu.br\/ecodebates\/wp-content\/uploads\/sites\/40\/2024\/03\/Con1-2-480x480.png 480w, https:\/\/divulga.unila.edu.br\/ecodebates\/wp-content\/uploads\/sites\/40\/2024\/03\/Con1-2-144x144.png 144w\" sizes=\"(max-width: 752px) 100vw, 752px\" \/><\/figure>\n\n\n<figure class=\"wp-block-image size-large\"><img loading=\"lazy\" decoding=\"async\" width=\"960\" height=\"720\" data-id=\"381\" src=\"https:\/\/divulga.unila.edu.br\/ecodebates\/wp-content\/uploads\/sites\/40\/2024\/02\/Deb19-11.jpg\" alt=\"\" class=\"wp-image-381\" srcset=\"https:\/\/divulga.unila.edu.br\/ecodebates\/wp-content\/uploads\/sites\/40\/2024\/02\/Deb19-11.jpg 960w, https:\/\/divulga.unila.edu.br\/ecodebates\/wp-content\/uploads\/sites\/40\/2024\/02\/Deb19-11-300x225.jpg 300w, https:\/\/divulga.unila.edu.br\/ecodebates\/wp-content\/uploads\/sites\/40\/2024\/02\/Deb19-11-768x576.jpg 768w, https:\/\/divulga.unila.edu.br\/ecodebates\/wp-content\/uploads\/sites\/40\/2024\/02\/Deb19-11-205x154.jpg 205w, https:\/\/divulga.unila.edu.br\/ecodebates\/wp-content\/uploads\/sites\/40\/2024\/02\/Deb19-11-480x360.jpg 480w\" sizes=\"(max-width: 960px) 100vw, 960px\" \/><\/figure>\n\n\n<figure class=\"wp-block-image size-large\"><img loading=\"lazy\" decoding=\"async\" width=\"960\" height=\"720\" data-id=\"382\" src=\"https:\/\/divulga.unila.edu.br\/ecodebates\/wp-content\/uploads\/sites\/40\/2024\/02\/Deb19-1.jpg\" alt=\"\" class=\"wp-image-382\" srcset=\"https:\/\/divulga.unila.edu.br\/ecodebates\/wp-content\/uploads\/sites\/40\/2024\/02\/Deb19-1.jpg 960w, https:\/\/divulga.unila.edu.br\/ecodebates\/wp-content\/uploads\/sites\/40\/2024\/02\/Deb19-1-300x225.jpg 300w, https:\/\/divulga.unila.edu.br\/ecodebates\/wp-content\/uploads\/sites\/40\/2024\/02\/Deb19-1-768x576.jpg 768w, https:\/\/divulga.unila.edu.br\/ecodebates\/wp-content\/uploads\/sites\/40\/2024\/02\/Deb19-1-205x154.jpg 205w, https:\/\/divulga.unila.edu.br\/ecodebates\/wp-content\/uploads\/sites\/40\/2024\/02\/Deb19-1-480x360.jpg 480w\" sizes=\"(max-width: 960px) 100vw, 960px\" \/><\/figure>\n\n<\/figure>\n\n<\/div><\/div>\n<\/div><\/div>\n<\/div>\n","protected":false},"excerpt":{"rendered":"","protected":false},"author":94,"featured_media":0,"parent":0,"menu_order":0,"comment_status":"closed","ping_status":"closed","template":"","meta":{"_uag_custom_page_level_css":"","site-container-style":"default","site-container-layout":"default","site-sidebar-layout":"default","disable-article-header":"default","disable-site-header":"default","disable-site-footer":"default","disable-content-area-spacing":"default","_themeisle_gutenberg_block_has_review":false,"footnotes":""},"class_list":["post-485","page","type-page","status-publish","hentry"],"yoast_head":"<!-- This site is optimized with the Yoast SEO plugin v27.6 - https:\/\/yoast.com\/product\/yoast-seo-wordpress\/ -->\n<title>Painel geral - Ciclo de Debates: Controv\u00e9rsias na Ci\u00eancia Econ\u00f4mica<\/title>\n<meta name=\"robots\" content=\"index, follow, max-snippet:-1, max-image-preview:large, max-video-preview:-1\" \/>\n<link rel=\"canonical\" href=\"https:\/\/divulga.unila.edu.br\/ecodebates\/painel-geral\/\" \/>\n<meta property=\"og:locale\" content=\"pt_BR\" \/>\n<meta property=\"og:type\" content=\"article\" \/>\n<meta property=\"og:title\" content=\"Painel geral - Ciclo de Debates: Controv\u00e9rsias na Ci\u00eancia Econ\u00f4mica\" \/>\n<meta property=\"og:url\" content=\"https:\/\/divulga.unila.edu.br\/ecodebates\/painel-geral\/\" \/>\n<meta property=\"og:site_name\" content=\"Ciclo de Debates: Controv\u00e9rsias na Ci\u00eancia Econ\u00f4mica\" \/>\n<meta property=\"article:modified_time\" content=\"2024-07-03T20:02:33+00:00\" \/>\n<meta property=\"og:image\" content=\"https:\/\/divulga.unila.edu.br\/ecodebates\/wp-content\/uploads\/sites\/40\/2024\/02\/reuniao29_04.jpeg\" \/>\n<meta name=\"twitter:card\" content=\"summary_large_image\" \/>\n<script type=\"application\/ld+json\" class=\"yoast-schema-graph\">{\"@context\":\"https:\\\/\\\/schema.org\",\"@graph\":[{\"@type\":\"WebPage\",\"@id\":\"https:\\\/\\\/divulga.unila.edu.br\\\/ecodebates\\\/painel-geral\\\/\",\"url\":\"https:\\\/\\\/divulga.unila.edu.br\\\/ecodebates\\\/painel-geral\\\/\",\"name\":\"Painel geral - Ciclo de Debates: Controv\u00e9rsias na Ci\u00eancia Econ\u00f4mica\",\"isPartOf\":{\"@id\":\"https:\\\/\\\/divulga.unila.edu.br\\\/ecodebates\\\/#website\"},\"primaryImageOfPage\":{\"@id\":\"https:\\\/\\\/divulga.unila.edu.br\\\/ecodebates\\\/painel-geral\\\/#primaryimage\"},\"image\":{\"@id\":\"https:\\\/\\\/divulga.unila.edu.br\\\/ecodebates\\\/painel-geral\\\/#primaryimage\"},\"thumbnailUrl\":\"https:\\\/\\\/divulga.unila.edu.br\\\/ecodebates\\\/wp-content\\\/uploads\\\/sites\\\/40\\\/2024\\\/02\\\/reuniao29_04.jpeg\",\"datePublished\":\"2024-05-22T15:39:11+00:00\",\"dateModified\":\"2024-07-03T20:02:33+00:00\",\"breadcrumb\":{\"@id\":\"https:\\\/\\\/divulga.unila.edu.br\\\/ecodebates\\\/painel-geral\\\/#breadcrumb\"},\"inLanguage\":\"pt-BR\",\"potentialAction\":[{\"@type\":\"ReadAction\",\"target\":[\"https:\\\/\\\/divulga.unila.edu.br\\\/ecodebates\\\/painel-geral\\\/\"]}]},{\"@type\":\"ImageObject\",\"inLanguage\":\"pt-BR\",\"@id\":\"https:\\\/\\\/divulga.unila.edu.br\\\/ecodebates\\\/painel-geral\\\/#primaryimage\",\"url\":\"https:\\\/\\\/divulga.unila.edu.br\\\/ecodebates\\\/wp-content\\\/uploads\\\/sites\\\/40\\\/2024\\\/02\\\/reuniao29_04.jpeg\",\"contentUrl\":\"https:\\\/\\\/divulga.unila.edu.br\\\/ecodebates\\\/wp-content\\\/uploads\\\/sites\\\/40\\\/2024\\\/02\\\/reuniao29_04.jpeg\",\"width\":809,\"height\":635},{\"@type\":\"BreadcrumbList\",\"@id\":\"https:\\\/\\\/divulga.unila.edu.br\\\/ecodebates\\\/painel-geral\\\/#breadcrumb\",\"itemListElement\":[{\"@type\":\"ListItem\",\"position\":1,\"name\":\"In\u00edcio\",\"item\":\"https:\\\/\\\/divulga.unila.edu.br\\\/ecodebates\\\/\"},{\"@type\":\"ListItem\",\"position\":2,\"name\":\"Painel geral\"}]},{\"@type\":\"WebSite\",\"@id\":\"https:\\\/\\\/divulga.unila.edu.br\\\/ecodebates\\\/#website\",\"url\":\"https:\\\/\\\/divulga.unila.edu.br\\\/ecodebates\\\/\",\"name\":\"Ciclo de Debates: Controv\u00e9rsias na Ci\u00eancia Econ\u00f4mica\",\"description\":\"Site oficial para divulga\u00e7\u00e3o cient\u00edfica do projeto de extens\u00e3o\",\"potentialAction\":[{\"@type\":\"SearchAction\",\"target\":{\"@type\":\"EntryPoint\",\"urlTemplate\":\"https:\\\/\\\/divulga.unila.edu.br\\\/ecodebates\\\/?s={search_term_string}\"},\"query-input\":{\"@type\":\"PropertyValueSpecification\",\"valueRequired\":true,\"valueName\":\"search_term_string\"}}],\"inLanguage\":\"pt-BR\"}]}<\/script>\n<!-- \/ Yoast SEO plugin. -->","yoast_head_json":{"title":"Painel geral - Ciclo de Debates: Controv\u00e9rsias na Ci\u00eancia Econ\u00f4mica","robots":{"index":"index","follow":"follow","max-snippet":"max-snippet:-1","max-image-preview":"max-image-preview:large","max-video-preview":"max-video-preview:-1"},"canonical":"https:\/\/divulga.unila.edu.br\/ecodebates\/painel-geral\/","og_locale":"pt_BR","og_type":"article","og_title":"Painel geral - Ciclo de Debates: Controv\u00e9rsias na Ci\u00eancia Econ\u00f4mica","og_url":"https:\/\/divulga.unila.edu.br\/ecodebates\/painel-geral\/","og_site_name":"Ciclo de Debates: Controv\u00e9rsias na Ci\u00eancia Econ\u00f4mica","article_modified_time":"2024-07-03T20:02:33+00:00","og_image":[{"url":"https:\/\/divulga.unila.edu.br\/ecodebates\/wp-content\/uploads\/sites\/40\/2024\/02\/reuniao29_04.jpeg","type":"","width":"","height":""}],"twitter_card":"summary_large_image","schema":{"@context":"https:\/\/schema.org","@graph":[{"@type":"WebPage","@id":"https:\/\/divulga.unila.edu.br\/ecodebates\/painel-geral\/","url":"https:\/\/divulga.unila.edu.br\/ecodebates\/painel-geral\/","name":"Painel geral - Ciclo de Debates: Controv\u00e9rsias na Ci\u00eancia Econ\u00f4mica","isPartOf":{"@id":"https:\/\/divulga.unila.edu.br\/ecodebates\/#website"},"primaryImageOfPage":{"@id":"https:\/\/divulga.unila.edu.br\/ecodebates\/painel-geral\/#primaryimage"},"image":{"@id":"https:\/\/divulga.unila.edu.br\/ecodebates\/painel-geral\/#primaryimage"},"thumbnailUrl":"https:\/\/divulga.unila.edu.br\/ecodebates\/wp-content\/uploads\/sites\/40\/2024\/02\/reuniao29_04.jpeg","datePublished":"2024-05-22T15:39:11+00:00","dateModified":"2024-07-03T20:02:33+00:00","breadcrumb":{"@id":"https:\/\/divulga.unila.edu.br\/ecodebates\/painel-geral\/#breadcrumb"},"inLanguage":"pt-BR","potentialAction":[{"@type":"ReadAction","target":["https:\/\/divulga.unila.edu.br\/ecodebates\/painel-geral\/"]}]},{"@type":"ImageObject","inLanguage":"pt-BR","@id":"https:\/\/divulga.unila.edu.br\/ecodebates\/painel-geral\/#primaryimage","url":"https:\/\/divulga.unila.edu.br\/ecodebates\/wp-content\/uploads\/sites\/40\/2024\/02\/reuniao29_04.jpeg","contentUrl":"https:\/\/divulga.unila.edu.br\/ecodebates\/wp-content\/uploads\/sites\/40\/2024\/02\/reuniao29_04.jpeg","width":809,"height":635},{"@type":"BreadcrumbList","@id":"https:\/\/divulga.unila.edu.br\/ecodebates\/painel-geral\/#breadcrumb","itemListElement":[{"@type":"ListItem","position":1,"name":"In\u00edcio","item":"https:\/\/divulga.unila.edu.br\/ecodebates\/"},{"@type":"ListItem","position":2,"name":"Painel geral"}]},{"@type":"WebSite","@id":"https:\/\/divulga.unila.edu.br\/ecodebates\/#website","url":"https:\/\/divulga.unila.edu.br\/ecodebates\/","name":"Ciclo de Debates: Controv\u00e9rsias na Ci\u00eancia Econ\u00f4mica","description":"Site oficial para divulga\u00e7\u00e3o cient\u00edfica do projeto de extens\u00e3o","potentialAction":[{"@type":"SearchAction","target":{"@type":"EntryPoint","urlTemplate":"https:\/\/divulga.unila.edu.br\/ecodebates\/?s={search_term_string}"},"query-input":{"@type":"PropertyValueSpecification","valueRequired":true,"valueName":"search_term_string"}}],"inLanguage":"pt-BR"}]}},"uagb_featured_image_src":{"full":false,"thumbnail":false,"medium":false,"medium_large":false,"large":false,"1536x1536":false,"2048x2048":false,"htmega_size_585x295":false,"htmega_size_1170x536":false,"htmega_size_396x360":false,"tainacan-small":false,"tainacan-medium":false,"tainacan-medium-full":false,"tainacan-large-full":false},"uagb_author_info":{"display_name":"ghs.gamito.2019","author_link":"https:\/\/divulga.unila.edu.br\/ecodebates\/author\/guilhermegamito2019\/"},"uagb_comment_info":0,"uagb_excerpt":null,"_links":{"self":[{"href":"https:\/\/divulga.unila.edu.br\/ecodebates\/wp-json\/wp\/v2\/pages\/485","targetHints":{"allow":["GET"]}}],"collection":[{"href":"https:\/\/divulga.unila.edu.br\/ecodebates\/wp-json\/wp\/v2\/pages"}],"about":[{"href":"https:\/\/divulga.unila.edu.br\/ecodebates\/wp-json\/wp\/v2\/types\/page"}],"author":[{"embeddable":true,"href":"https:\/\/divulga.unila.edu.br\/ecodebates\/wp-json\/wp\/v2\/users\/94"}],"replies":[{"embeddable":true,"href":"https:\/\/divulga.unila.edu.br\/ecodebates\/wp-json\/wp\/v2\/comments?post=485"}],"version-history":[{"count":6,"href":"https:\/\/divulga.unila.edu.br\/ecodebates\/wp-json\/wp\/v2\/pages\/485\/revisions"}],"predecessor-version":[{"id":768,"href":"https:\/\/divulga.unila.edu.br\/ecodebates\/wp-json\/wp\/v2\/pages\/485\/revisions\/768"}],"wp:attachment":[{"href":"https:\/\/divulga.unila.edu.br\/ecodebates\/wp-json\/wp\/v2\/media?parent=485"}],"curies":[{"name":"wp","href":"https:\/\/api.w.org\/{rel}","templated":true}]}}